{"id":10544,"date":"2017-05-08T10:23:18","date_gmt":"2017-05-08T09:23:18","guid":{"rendered":"http:\/\/www.andreclaude.fr\/web\/?post_type=product&#038;p=10544"},"modified":"2026-04-01T15:29:48","modified_gmt":"2026-04-01T14:29:48","slug":"tomme-au-piment-d-espelette-les-100-grs","status":"publish","type":"product","link":"http:\/\/www.passionfruits.fr\/index.php\/produit\/tomme-au-piment-d-espelette-les-100-grs\/","title":{"rendered":"Tomme de brebis au piment d&#8217; espelette part env. 200g"},"content":{"rendered":"<p>Affin\u00e9 par les saloirs d&#8217;Espelette<\/p>\n<p>Distribu\u00e9 par<\/p>\n<p>LAVARENNE Distribution<\/p>\n<p>951 Rue de Gautray<\/p>\n<p>45590 St Cyr en Val<\/p>\n<p>&nbsp;<\/p>\n<p>&nbsp;<\/p>\n<p>&nbsp;<\/p>\n","protected":false},"excerpt":{"rendered":"<p>Cette p\u00e2te press\u00e9e non cuite a plus d&#8217;un tour dans son sac ! Sa couleur est ivoire et sa texture se rapproche d&#8217;un Saint-Nectaire. Comme le Morbier, la Tomme au Piment d&#8217;Espelette est travers\u00e9e dans le sens de la longueur par un trait de \u0085 graines de piment d&#8217;Espelette. Pas de quoi vous faire un sang d&#8217;encre, en bouche la finesse des ar\u00f4mes caprins s&#8217;\u00e9quilibre parfaitement avec la vivacit\u00e9 du piment. De surcro\u00eet, elle fond \u00e0 merveille dans une raclette, un barbecue&#8230; Bref c&#8217;est notre p\u00each\u00e9 mignon !<\/p>\n<p>Lait 100% Pays Basque.<\/p>\n<p>Fromage fermier affin\u00e9 par le saloirs d&#8217;Espelette.<\/p>\n<p>Ingr\u00e9dients : <strong>lait<\/strong> cru de brebis, sel, pr\u00e9sure, ferments.<\/p>\n<p>37.5% de mati\u00e8re grasse sur le produit fini<\/p>\n","protected":false},"featured_media":10534,"comment_status":"closed","ping_status":"closed","template":"","meta":{"spay_email":"","jetpack_publicize_message":"","jetpack_is_tweetstorm":false},"jetpack_publicize_connections":[],"jetpack_sharing_enabled":true,"jetpack-related-posts":[{"id":5996,"url":"http:\/\/www.passionfruits.fr\/index.php\/produit\/piment-espelette-poudre-le-pot\/","url_meta":{"origin":10544,"position":0},"title":"(A)  Piment d'espelette poudre le pot","date":"7 d\u00e9cembre 2015","format":false,"excerpt":"La poudre de piment d'Espelette A.O.P de l'Atelier du Piment a \u00e9t\u00e9 m\u00e9daill\u00e9e d'OR aux concours g\u00e9n\u00e9ral agricole de Paris 2012 (Salon de l'agriculture).Pot 50 g.La poudre de piment d'Espelette A.O.P parfume et rel\u00e8ve d\u00e9licatement tous vos plats, v\u00e9ritable ingr\u00e9dient incontournable de la cuisine basque. Ingr\u00e9dients : poudre piment d'Espelette\u2026","rel":"","context":"Article similaire","img":{"alt_text":"","src":"https:\/\/i2.wp.com\/www.passionfruits.fr\/wp-content\/uploads\/2015\/12\/poudre-de-piment-d-espelette.jpg?fit=600%2C600&resize=350%2C200","width":350,"height":200},"classes":[]},{"id":9857,"url":"http:\/\/www.passionfruits.fr\/index.php\/produit\/chevre-fruits-rouge-la-piece-env-100g\/","url_meta":{"origin":10544,"position":1},"title":"Ch\u00e8vre Perche blanc piment de la r\u00e9gion la pi\u00e8ce","date":"11 d\u00e9cembre 2016","format":false,"excerpt":"Le Petit Perche Piment d\u2019Espelette Fromage de ch\u00e8vre fermier au lait cru \u2013 EARL DU PETIT PERCHE (97% de lait frais, 2 % de lactos\u00e9rum issu de l\u2019exploitation, 0,8% de pr\u00e9sure, 0,1 % de sel et 0,1 % de piment), provenant de L\u2019EARL DU PETIT PERCHE, Moul\u00e9 \u00e0 la louche\u2026","rel":"","context":"Article similaire","img":{"alt_text":"","src":"https:\/\/i0.wp.com\/www.passionfruits.fr\/wp-content\/uploads\/2016\/12\/chevre-aromatise.jpg?fit=591%2C600&resize=350%2C200","width":350,"height":200},"classes":[]},{"id":10827,"url":"http:\/\/www.passionfruits.fr\/index.php\/produit\/chips-de-beauce-au-piment-d-espelette\/","url_meta":{"origin":10544,"position":2},"title":"Chips de Beauce au piment d' Espelette paquet 150g","date":"7 juillet 2017","format":false,"excerpt":"Belsia, c'est l'histoire de Cl\u00e9mence et Matthieu qui, par amour du bon et du terroir, d\u00e9cident de transformer les belles pommes de terre de l'exploitation familiale de Mathieu en chips. Ni une ni deux, la ferme de L\u00e9tourville au milieu de la plaine de Beauce (\"Belsia\" en latin), se voit\u2026","rel":"","context":"Article similaire","img":{"alt_text":"","src":"https:\/\/i0.wp.com\/www.passionfruits.fr\/wp-content\/uploads\/2017\/07\/Chips-piment.jpg?fit=600%2C600&resize=350%2C200","width":350,"height":200},"classes":[]},{"id":7886,"url":"http:\/\/www.passionfruits.fr\/index.php\/produit\/vinaigrette-au-piment-despelette-la-bouteille-de-500ml\/","url_meta":{"origin":10544,"position":3},"title":"Vinaigrette au piment d'espelette bouteille 500ml","date":"29 janvier 2016","format":false,"excerpt":"Sauce vinaigrette Jean d\u2019Audignac. Excellente vinaigrette pour assaisonner les salades et crudit\u00e9s. Ingr\u00e9dients : huile de tournesol 50%, vinaigre de vin de Bordeaux* 32.5% (dont conservateur E228* et stabilisant E414) eau, moutarde de Dijon (graines de moutarde, vinaigre d'alcool eau, sel), sel, piment d'Espelette 0.75%. * Contient des sulfites. Valeurs\u2026","rel":"","context":"Article similaire","img":{"alt_text":"","src":"https:\/\/i0.wp.com\/www.passionfruits.fr\/wp-content\/uploads\/2016\/01\/Vinaigrette-espelette.jpg?fit=598%2C600&resize=350%2C200","width":350,"height":200},"classes":[]},{"id":6157,"url":"http:\/\/www.passionfruits.fr\/index.php\/produit\/tapenade-sardinade-le-pot\/","url_meta":{"origin":10544,"position":4},"title":"Tapenade - Sardinade verrine 90g","date":"7 d\u00e9cembre 2015","format":false,"excerpt":"Souvenir d'enfance, la Sardinade et ses saveurs...Sur une bonne tartine de pain , le tout saupoudr\u00e9 de piment d'Espelette. Pr\u00eate \u00e0 \u00eatre d\u00e9gust\u00e9e ! Ingr\u00e9dients : sardines 31%, olives vertes,poivrons rouges, huile de tournesol, tomates s\u00e9ch\u00e9es 9%, c\u00e2pres, tomates pel\u00e9es, persil, ail, huile d'olive, jus de citron, concentr\u00e9, sel amidon\u2026","rel":"","context":"Article similaire","img":{"alt_text":"","src":"https:\/\/i2.wp.com\/www.passionfruits.fr\/wp-content\/uploads\/2015\/12\/sardinade.jpg?fit=458%2C458&resize=350%2C200","width":350,"height":200},"classes":[]},{"id":6158,"url":"http:\/\/www.passionfruits.fr\/index.php\/produit\/tapenade-thoionade-le-pot\/","url_meta":{"origin":10544,"position":5},"title":"Tapenade - Tho\u00efonade verrine 90g","date":"7 d\u00e9cembre 2015","format":false,"excerpt":"Subtile recette au thon associ\u00e9 au piment d'Espelette et aux tomates s\u00e9ch\u00e9es. Une recette simple et authentique. Ingr\u00e9dients : thon 28%, olives vertes,poivrons rouges, huile de tournesol, tomates s\u00e9ch\u00e9es 8%, cornichons, tomates pel\u00e9es, persil, ail, huile d'olive, jus de citron, concentr\u00e9, sel\u00a0 \u00e9paississants :amidon transform\u00e9, farine de guar ,et xanthane,\u2026","rel":"","context":"Article similaire","img":{"alt_text":"","src":"https:\/\/i2.wp.com\/www.passionfruits.fr\/wp-content\/uploads\/2015\/12\/thoionade.jpg?fit=458%2C458&resize=350%2C200","width":350,"height":200},"classes":[]}],"_links":{"self":[{"href":"http:\/\/www.passionfruits.fr\/index.php\/wp-json\/wp\/v2\/product\/10544"}],"collection":[{"href":"http:\/\/www.passionfruits.fr\/index.php\/wp-json\/wp\/v2\/product"}],"about":[{"href":"http:\/\/www.passionfruits.fr\/index.php\/wp-json\/wp\/v2\/types\/product"}],"replies":[{"embeddable":true,"href":"http:\/\/www.passionfruits.fr\/index.php\/wp-json\/wp\/v2\/comments?post=10544"}],"wp:featuredmedia":[{"embeddable":true,"href":"http:\/\/www.passionfruits.fr\/index.php\/wp-json\/wp\/v2\/media\/10534"}],"wp:attachment":[{"href":"http:\/\/www.passionfruits.fr\/index.php\/wp-json\/wp\/v2\/media?parent=10544"}],"curies":[{"name":"wp","href":"https:\/\/api.w.org\/{rel}","templated":true}]}}