{"id":11727,"date":"2018-02-15T11:41:51","date_gmt":"2018-02-15T10:41:51","guid":{"rendered":"http:\/\/www.andreclaude.fr\/web\/?post_type=product&#038;p=11727"},"modified":"2024-08-24T15:03:39","modified_gmt":"2024-08-24T14:03:39","slug":"biscotte-briochee-le-paquet-300-grs","status":"publish","type":"product","link":"http:\/\/www.passionfruits.fr\/index.php\/produit\/biscotte-briochee-le-paquet-300-grs\/","title":{"rendered":"Biscotte Brioch\u00e9e le paquet 300 grs"},"content":{"rendered":"<p>La Chanteracoise<\/p>\n<p>Le Pont<br \/>\n24190 Saint-Germain-du-Salembre<\/p>\n","protected":false},"excerpt":{"rendered":"<p>Toutes les biscotteries artisanales ont disparu au cours des d\u00e9cennies qui suivirent, laissant place aux nombreuses fabrications industrielles.<\/p>\n<p>Toutes sauf une\u2026 la derni\u00e8re biscotterie artisanale en France aujourd\u2019hui encore, \u00e0\u00a0Saint Germain du\u00a0Salembre, \u00e9labore les biscottes suivant la recette et le savoir-faire authentiques.<\/p>\n<p>Contenance : 0 cl<br \/>\nPoids net : 300 g<br \/>\nPoids net \u00e9goutt\u00e9 : 0 g<\/p>\n<p>CARACTERISTIQUES PRODUIT<br \/>\nIngr\u00e9dients : Farine de bl\u00e9 (gluten), sucre, beurre (lait), huile de coco non hydrog\u00e9n\u00e9e, oeufs, levure boulang\u00e8re, sel, malt d\u2019orge (gluten).<\/p>\n<p>Allerg\u00e8nes : GLUTEN, LAIT, OEUFS<br \/>\nTraces d&#8217;allerg\u00e8nes possibles :<br \/>\nAllerg\u00e8nes pr\u00e9sents dans l&#8217;atelier : Fruits \u00e0 coques, s\u00e9same.<\/p>\n<p>Valeurs nutritionnelles pour 100 g de produit \u00e9goutt\u00e9<\/p>\n<p>Energie 1653 kJ \/ 394 kcal<br \/>\nMati\u00e8res grasses 16 g<br \/>\ndont acides gras satur\u00e9s 12 g<br \/>\nGlucides 52 g<br \/>\nDont Sucres 6,7 g<br \/>\nFibres alimentaires 2,4 g<br \/>\nProt\u00e9ines 9,3 g<br \/>\nSel 1,2 g<\/p>\n<p>Mode d&#8217;emploi :<br \/>\nRecommandations :<br \/>\nContre indications :<br \/>\nStockage avant emploi : A conserver dans un endroit<br \/>\nfrais et sec, \u00e0 l\u2019abri de la lumi\u00e8re.<br \/>\nStockage apr\u00e8s ouverture : A consommer rapidement .<\/p>\n<p>DLUO \u00e0 fabrication : 180 jour(s)<br \/>\nDLUO garantie : 60 jour(s)<\/p>\n<p>Origine : FRANCE<br \/>\nLieu de fabrication : 24190 SAINT GERMAIN<br \/>\nDU SALEMBRE<\/p>\n<p>&nbsp;<\/p>\n","protected":false},"featured_media":11721,"comment_status":"closed","ping_status":"closed","template":"","meta":{"spay_email":"","jetpack_publicize_message":"","jetpack_is_tweetstorm":false},"jetpack_publicize_connections":[],"jetpack_sharing_enabled":true,"jetpack-related-posts":[{"id":11726,"url":"http:\/\/www.passionfruits.fr\/index.php\/produit\/biscotte-tradition-le-paquet-370-grs\/","url_meta":{"origin":11727,"position":0},"title":"Biscotte Tradition le paquet 370 grs","date":"15 f\u00e9vrier 2018","format":false,"excerpt":"Toutes les biscotteries artisanales ont disparu au cours des d\u00e9cennies qui suivirent, laissant place aux nombreuses fabrications industrielles. Toutes sauf une\u2026 la derni\u00e8re biscotterie artisanale en France aujourd\u2019hui encore, \u00e0\u00a0Saint Germain du\u00a0Salembre, \u00e9labore les biscottes suivant la recette et le savoir-faire authentiques. Contenance : 0 cl Poids net : 370\u2026","rel":"","context":"Article similaire","img":{"alt_text":"","src":"https:\/\/i2.wp.com\/www.passionfruits.fr\/wp-content\/uploads\/2018\/02\/Biscotte-tradition.jpg?fit=600%2C599&resize=350%2C200","width":350,"height":200},"classes":[]},{"id":17836,"url":"http:\/\/www.passionfruits.fr\/index.php\/produit\/biscottes-artisanales-au-chocolat-300grs\/","url_meta":{"origin":11727,"position":1},"title":"Biscottes artisanales au chocolat le paquet 300grs","date":"26 mars 2021","format":false,"excerpt":"Toutes les biscotteries artisanales ont disparu au cours des d\u00e9cennies qui suivirent, laissant place aux nombreuses fabrications industrielles. Toutes sauf une\u2026 la derni\u00e8re biscotterie artisanale en France aujourd\u2019hui encore, \u00e0\u00a0Saint Germain du\u00a0Salembre, \u00e9labore les biscottes suivant la recette et le savoir-faire authentiques. Cette recette marie le craquant de la biscotte\u2026","rel":"","context":"Article similaire","img":{"alt_text":"","src":"https:\/\/i2.wp.com\/www.passionfruits.fr\/wp-content\/uploads\/2021\/03\/biscottes_au_chocolat.jpg?fit=400%2C600&resize=350%2C200","width":350,"height":200},"classes":[]},{"id":11720,"url":"http:\/\/www.passionfruits.fr\/index.php\/produit\/biscotte-aux-7-cereales-le-paquet-370-grs\/","url_meta":{"origin":11727,"position":2},"title":"Biscotte aux 7 c\u00e9r\u00e9ales le paquet 370 grs","date":"15 f\u00e9vrier 2018","format":false,"excerpt":"Toutes les biscotteries artisanales ont disparu au cours des d\u00e9cennies qui suivirent, laissant place aux nombreuses fabrications industrielles. Toutes sauf une\u2026 la derni\u00e8re biscotterie artisanale en France aujourd\u2019hui encore, \u00e0\u00a0Saint Germain du\u00a0Salembre, \u00e9labore les biscottes suivant la recette et le savoir-faire authentiques. Ingr\u00e9dients : farine de bl\u00e9 (gluten), c\u00e9r\u00e9ales (gluten)\u2026","rel":"","context":"Article similaire","img":{"alt_text":"","src":"https:\/\/i2.wp.com\/www.passionfruits.fr\/wp-content\/uploads\/2018\/02\/Biscotte-7cereales.jpg?fit=599%2C600&resize=350%2C200","width":350,"height":200},"classes":[]},{"id":17843,"url":"http:\/\/www.passionfruits.fr\/index.php\/produit\/biscottes-artisanales-aux-fruits-300g\/","url_meta":{"origin":11727,"position":3},"title":"Biscottes artisanales aux fruits le paquet 300g","date":"26 mars 2021","format":false,"excerpt":"Toutes les biscotteries artisanales ont disparu au cours des d\u00e9cennies qui suivirent, laissant place aux nombreuses fabrications industrielles. Toutes sauf une\u2026 la derni\u00e8re biscotterie artisanale en France aujourd\u2019hui encore, \u00e0\u00a0Saint Germain du\u00a0Salembre, \u00e9labore les biscottes suivant la recette et le savoir-faire authentiques. N\u00e9e \u00e0 la fin du XVIIIe\u00a0si\u00e8cle, de l\u2019imagination\u2026","rel":"","context":"Article similaire","img":{"alt_text":"","src":"https:\/\/i0.wp.com\/www.passionfruits.fr\/wp-content\/uploads\/2021\/03\/527-1382-thickbox.jpg?fit=600%2C600&resize=350%2C200","width":350,"height":200},"classes":[]},{"id":17840,"url":"http:\/\/www.passionfruits.fr\/index.php\/produit\/biscottes-artisanales-sans-sucre-370g\/","url_meta":{"origin":11727,"position":4},"title":"Biscottes artisanales sans sucre Le paquet 370g","date":"26 mars 2021","format":false,"excerpt":"Toutes les biscotteries artisanales ont disparu au cours des d\u00e9cennies qui suivirent, laissant place aux nombreuses fabrications industrielles. Toutes sauf une\u2026 la derni\u00e8re biscotterie artisanale en France aujourd\u2019hui encore, \u00e0\u00a0Saint Germain du\u00a0Salembre, \u00e9labore les biscottes suivant la recette et le savoir-faire authentiques. N\u00e9e \u00e0 la fin du XVIIIe si\u00e8cle, de\u2026","rel":"","context":"Article similaire","img":{"alt_text":"","src":"https:\/\/i1.wp.com\/www.passionfruits.fr\/wp-content\/uploads\/2021\/03\/528-1383-thickbox.jpg?fit=600%2C600&resize=350%2C200","width":350,"height":200},"classes":[]},{"id":17757,"url":"http:\/\/www.passionfruits.fr\/index.php\/produit\/toasts-aux-7-cereales-sachet-140g\/","url_meta":{"origin":11727,"position":5},"title":"Toasts Aux 7 c\u00e9r\u00e9ales sachet 140g","date":"19 mars 2021","format":false,"excerpt":"Toutes les biscotteries artisanales ont disparu au cours des d\u00e9cennies qui suivirent, laissant place aux nombreuses fabrications industrielles. Toutes sauf une\u2026 la derni\u00e8re biscotterie artisanale en France aujourd\u2019hui encore, \u00e0\u00a0Saint Germain du\u00a0Salembre, \u00e9labore les biscottes suivant la recette et le savoir-faire authentiques. \u00a0","rel":"","context":"Article similaire","img":{"alt_text":"","src":"https:\/\/i0.wp.com\/www.passionfruits.fr\/wp-content\/uploads\/2021\/03\/toast-7cereales.jpg?fit=598%2C600&resize=350%2C200","width":350,"height":200},"classes":[]}],"_links":{"self":[{"href":"http:\/\/www.passionfruits.fr\/index.php\/wp-json\/wp\/v2\/product\/11727"}],"collection":[{"href":"http:\/\/www.passionfruits.fr\/index.php\/wp-json\/wp\/v2\/product"}],"about":[{"href":"http:\/\/www.passionfruits.fr\/index.php\/wp-json\/wp\/v2\/types\/product"}],"replies":[{"embeddable":true,"href":"http:\/\/www.passionfruits.fr\/index.php\/wp-json\/wp\/v2\/comments?post=11727"}],"wp:featuredmedia":[{"embeddable":true,"href":"http:\/\/www.passionfruits.fr\/index.php\/wp-json\/wp\/v2\/media\/11721"}],"wp:attachment":[{"href":"http:\/\/www.passionfruits.fr\/index.php\/wp-json\/wp\/v2\/media?parent=11727"}],"curies":[{"name":"wp","href":"https:\/\/api.w.org\/{rel}","templated":true}]}}