{"id":17758,"date":"2021-03-19T10:55:51","date_gmt":"2021-03-19T09:55:51","guid":{"rendered":"http:\/\/www.passionfruits.fr\/?post_type=product&#038;p=17758"},"modified":"2021-03-19T10:56:30","modified_gmt":"2021-03-19T09:56:30","slug":"flan-cacao-le-sachet-de-45g","status":"publish","type":"product","link":"http:\/\/www.passionfruits.fr\/index.php\/produit\/flan-cacao-le-sachet-de-45g\/","title":{"rendered":"Flan  Cacao le sachet de 45g"},"content":{"rendered":"<p><span class=\"st\"><em>Abbaye de la Coudre<\/em><\/span>.<\/p>\n<p>BP 10537<\/p>\n<p>53005 LAVAL<\/p>\n","protected":false},"excerpt":{"rendered":"<p>Les s\u0153urs fabriquent des pr\u00e9parations pour cr\u00e8mes desserts, \u00e0 partir d\u2019ingr\u00e9dients naturels , sans gluten et sans colorants ni conservateurs. Leur go\u00fbt est fin et d\u00e9licat.Sachet 45g.<\/p>\n<p>Ingr\u00e9dients : sucre, cacao, amidon de ma\u00efs, g\u00e9lifiant : carragh\u00e9nanes.<\/p>\n<p>Peut contenir de traces de\u00a0<strong>gluten<\/strong>\u00a0et de\u00a0<strong>fruits \u00e0 coque<\/strong>.<\/p>\n<table style=\"width: 462.967px; height: 376px;\">\n<tbody>\n<tr>\n<td style=\"width: 245px;\">Informations nutritionelles moyennes<\/td>\n<td style=\"width: 100px;\">Pour 100 g<\/p>\n<p>poudre<\/td>\n<td style=\"width: 121px;\">Pour 100g<\/p>\n<p>entremets *<\/td>\n<td style=\"width: 10px;\"><\/td>\n<\/tr>\n<tr>\n<td style=\"width: 245px;\">Valeur \u00e9nerg\u00e9tique (kj)<\/td>\n<td style=\"width: 100px; text-align: center;\">1659<\/td>\n<td style=\"width: 121px; text-align: center;\">183<\/td>\n<td style=\"width: 10px; text-align: center;\"><\/td>\n<\/tr>\n<tr>\n<td style=\"width: 245px;\">Valeur \u00e9nerg\u00e9tique (kcal)<\/td>\n<td style=\"width: 100px; text-align: center;\">392<\/td>\n<td style=\"width: 121px; text-align: center;\">43<\/td>\n<td style=\"width: 10px; text-align: center;\"><\/td>\n<\/tr>\n<tr>\n<td style=\"width: 245px;\">Mati\u00e8res grasses (g)<\/td>\n<td style=\"width: 100px; text-align: center;\">3<\/td>\n<td style=\"width: 121px; text-align: center;\">0.46<\/td>\n<td style=\"width: 10px; text-align: center;\"><\/td>\n<\/tr>\n<tr>\n<td style=\"width: 245px;\">dont acides gras satur\u00e9s (g)<\/td>\n<td style=\"width: 100px; text-align: center;\">1.87<\/td>\n<td style=\"width: 121px; text-align: center;\">0.28<\/td>\n<td style=\"width: 10px; text-align: center;\"><\/td>\n<\/tr>\n<tr>\n<td style=\"width: 245px;\">Glucides (g)<\/td>\n<td style=\"width: 100px; text-align: center;\">94.6<\/td>\n<td style=\"width: 121px; text-align: center;\">9.78<\/td>\n<td style=\"width: 10px; text-align: center;\"><\/td>\n<\/tr>\n<tr>\n<td style=\"width: 245px;\">dont sucres (g)<\/td>\n<td style=\"width: 100px; text-align: center;\">91.3<\/td>\n<td style=\"width: 121px; text-align: center;\">8.93<\/td>\n<td style=\"width: 10px; text-align: center;\"><\/td>\n<\/tr>\n<tr>\n<td style=\"width: 245px;\">Fibres alimentaires (g)<\/td>\n<td style=\"width: 100px; text-align: center;\">2.8<\/td>\n<td style=\"width: 121px; text-align: center;\">0.27<\/td>\n<td style=\"width: 10px; text-align: center;\"><\/td>\n<\/tr>\n<tr>\n<td style=\"width: 245px;\">Prot\u00e9ines (g)<\/td>\n<td style=\"width: 100px; text-align: center;\">0.1<\/td>\n<td style=\"width: 121px; text-align: center;\">0.37<\/td>\n<td style=\"width: 10px; text-align: center;\"><\/td>\n<\/tr>\n<tr>\n<td style=\"width: 245px;\">Sel (g)<\/td>\n<td style=\"width: 100px; text-align: center;\">0.64<\/td>\n<td style=\"width: 121px; text-align: center;\">0.07<\/td>\n<td style=\"width: 10px; text-align: center;\"><\/td>\n<\/tr>\n<\/tbody>\n<\/table>\n<ul>\n<li>pr\u00e9par\u00e9 avec du lait 1\/2 \u00e9cr\u00e9m\u00e9 selon les conseils de pr\u00e9paration<\/li>\n<\/ul>\n","protected":false},"featured_media":7231,"comment_status":"closed","ping_status":"closed","template":"","meta":{"spay_email":"","jetpack_publicize_message":"","jetpack_is_tweetstorm":false},"jetpack_publicize_connections":[],"jetpack_sharing_enabled":true,"jetpack-related-posts":[{"id":6172,"url":"http:\/\/www.passionfruits.fr\/index.php\/produit\/flan-noisette-le-sachet\/","url_meta":{"origin":17758,"position":0},"title":"Flan pralin\u00e9 noisette le sachet de 45g","date":"7 d\u00e9cembre 2015","format":false,"excerpt":"Abbaye de la Coudre. Les s\u0153urs fabriquent des pr\u00e9parations pour cr\u00e8mes desserts, \u00e0 partir d\u2019ingr\u00e9dients naturels , sans gluten et sans colorants ni conservateurs. Leur go\u00fbt est fin et d\u00e9licat.Sachet 45g. Ingr\u00e9dients : sucre, amidon de ma\u00efs, g\u00e9lifiant : carragh\u00e9nanes, ar\u00f4mes naturels (amande, noisette), cacao Peut contenir de traces de\u2026","rel":"","context":"Article similaire","img":{"alt_text":"","src":"https:\/\/i2.wp.com\/www.passionfruits.fr\/wp-content\/uploads\/2015\/12\/flans.jpg?fit=600%2C600&resize=350%2C200","width":350,"height":200},"classes":[]},{"id":12594,"url":"http:\/\/www.passionfruits.fr\/index.php\/produit\/flan-a-la-framboise-le-sachet-de-45g\/","url_meta":{"origin":17758,"position":1},"title":"Flan \u00e0 la Framboise le sachet de 45g","date":"29 ao\u00fbt 2018","format":false,"excerpt":"Abbaye de la Coudre. Les s\u0153urs fabriquent des pr\u00e9parations pour cr\u00e8mes desserts, \u00e0 partir d\u2019ingr\u00e9dients naturels , sans gluten et sans colorants ni conservateurs. Leur go\u00fbt est fin et d\u00e9licat.Sachet 45g. Ingr\u00e9dients : sucre, amidon de ma\u00efs, g\u00e9lifiant : carragh\u00e9nanes, ar\u00f4me naturel Peut contenir de traces de gluten et de\u2026","rel":"","context":"Article similaire","img":{"alt_text":"","src":"https:\/\/i2.wp.com\/www.passionfruits.fr\/wp-content\/uploads\/2015\/12\/flans.jpg?fit=600%2C600&resize=350%2C200","width":350,"height":200},"classes":[]},{"id":12595,"url":"http:\/\/www.passionfruits.fr\/index.php\/produit\/flan-a-la-caramel-au-beurre-sale-le-sachet-de-45g\/","url_meta":{"origin":17758,"position":2},"title":"Flan  Caramel au beurre sal\u00e9 le sachet de 45g","date":"29 ao\u00fbt 2018","format":false,"excerpt":"Les s\u0153urs fabriquent des pr\u00e9parations pour cr\u00e8mes desserts, \u00e0 partir d\u2019ingr\u00e9dients naturels , sans gluten et sans colorants ni conservateurs. Leur go\u00fbt est fin et d\u00e9licat.Sachet 45g. Ingr\u00e9dients : sucre, amidon de ma\u00efs, g\u00e9lifiant : carragh\u00e9nanes, ar\u00f4me naturel Peut contenir de traces de gluten et de fruits \u00e0 coque. Informations\u2026","rel":"","context":"Article similaire","img":{"alt_text":"","src":"https:\/\/i2.wp.com\/www.passionfruits.fr\/wp-content\/uploads\/2015\/12\/flans.jpg?fit=600%2C600&resize=350%2C200","width":350,"height":200},"classes":[]},{"id":6167,"url":"http:\/\/www.passionfruits.fr\/index.php\/produit\/flan-vanille-le-sachet\/","url_meta":{"origin":17758,"position":3},"title":"Flan \u00e0 la vanille le sachet de 45g","date":"7 d\u00e9cembre 2015","format":false,"excerpt":"Abbaye de la Coudre. Les s\u0153urs fabriquent des pr\u00e9parations pour cr\u00e8mes desserts, \u00e0 partir d\u2019ingr\u00e9dients naturels , sans gluten et sans colorants ni conservateurs. Leur go\u00fbt est fin et d\u00e9licat.Sachet 45g. Ingr\u00e9dients : sucre, amidon de ma\u00efs, g\u00e9lifiant : carragh\u00e9nanes, ar\u00f4me naturel Peut contenir de traces de gluten et de\u2026","rel":"","context":"Article similaire","img":{"alt_text":"","src":"https:\/\/i2.wp.com\/www.passionfruits.fr\/wp-content\/uploads\/2015\/12\/flans.jpg?fit=600%2C600&resize=350%2C200","width":350,"height":200},"classes":[]},{"id":6170,"url":"http:\/\/www.passionfruits.fr\/index.php\/produit\/flan-citron-le-sachet\/","url_meta":{"origin":17758,"position":4},"title":"Flan au citron le sachet de 45g","date":"7 d\u00e9cembre 2015","format":false,"excerpt":"Abbaye de la Coudre. Les s\u0153urs fabriquent des pr\u00e9parations pour cr\u00e8mes desserts, \u00e0 partir d\u2019ingr\u00e9dients naturels , sans gluten et sans colorants ni conservateurs. Leur go\u00fbt est fin et d\u00e9licat.Sachet 45g. Ingr\u00e9dients : sucre, amidon de ma\u00efs, g\u00e9lifiant : carragh\u00e9nanes, ar\u00f4me naturel Peut contenir de traces de gluten et de\u2026","rel":"","context":"Article similaire","img":{"alt_text":"","src":"https:\/\/i2.wp.com\/www.passionfruits.fr\/wp-content\/uploads\/2015\/12\/flans.jpg?fit=600%2C600&resize=350%2C200","width":350,"height":200},"classes":[]},{"id":6169,"url":"http:\/\/www.passionfruits.fr\/index.php\/produit\/flan-cafe-le-sachet\/","url_meta":{"origin":17758,"position":5},"title":"Flan au caf\u00e9 le sachet de 45 grs","date":"7 d\u00e9cembre 2015","format":false,"excerpt":"Abbaye de la Coudre. Les s\u0153urs fabriquent des pr\u00e9parations pour cr\u00e8mes desserts, \u00e0 partir d\u2019ingr\u00e9dients naturels , sans gluten et sans colorants ni conservateurs. Leur go\u00fbt est fin et d\u00e9licat.Sachet 45g. Ingr\u00e9dients : sucre, amidon de ma\u00efs, g\u00e9lifiant : carragh\u00e9nanes, caf\u00e9 (3%) Peut contenir de traces de gluten et de\u2026","rel":"","context":"Article similaire","img":{"alt_text":"","src":"https:\/\/i2.wp.com\/www.passionfruits.fr\/wp-content\/uploads\/2015\/12\/flans.jpg?fit=600%2C600&resize=350%2C200","width":350,"height":200},"classes":[]}],"_links":{"self":[{"href":"http:\/\/www.passionfruits.fr\/index.php\/wp-json\/wp\/v2\/product\/17758"}],"collection":[{"href":"http:\/\/www.passionfruits.fr\/index.php\/wp-json\/wp\/v2\/product"}],"about":[{"href":"http:\/\/www.passionfruits.fr\/index.php\/wp-json\/wp\/v2\/types\/product"}],"replies":[{"embeddable":true,"href":"http:\/\/www.passionfruits.fr\/index.php\/wp-json\/wp\/v2\/comments?post=17758"}],"wp:featuredmedia":[{"embeddable":true,"href":"http:\/\/www.passionfruits.fr\/index.php\/wp-json\/wp\/v2\/media\/7231"}],"wp:attachment":[{"href":"http:\/\/www.passionfruits.fr\/index.php\/wp-json\/wp\/v2\/media?parent=17758"}],"curies":[{"name":"wp","href":"https:\/\/api.w.org\/{rel}","templated":true}]}}

<p>Les sœurs fabriquent des préparations pour crèmes desserts, à partir d’ingrédients naturels , sans gluten et sans colorants ni conservateurs. Leur goût est fin et délicat.Sachet 45g.</p>
<p>Ingrédients : sucre, cacao, amidon de maïs, gélifiant : carraghénanes.</p>
<p>Peut contenir de traces de <strong>gluten</strong> et de <strong>fruits à coque</strong>.</p>
<table style="width: 462.967px; height: 376px;">
<tbody>
<tr>
<td style="width: 245px;">Informations nutritionelles moyennes</td>
<td style="width: 100px;">Pour 100 g</p>
<p>poudre</td>
<td style="width: 121px;">Pour 100g</p>
<p>entremets *</td>
<td style="width: 10px;"></td>
</tr>
<tr>
<td style="width: 245px;">Valeur énergétique (kj)</td>
<td style="width: 100px; text-align: center;">1659</td>
<td style="width: 121px; text-align: center;">183</td>
<td style="width: 10px; text-align: center;"></td>
</tr>
<tr>
<td style="width: 245px;">Valeur énergétique (kcal)</td>
<td style="width: 100px; text-align: center;">392</td>
<td style="width: 121px; text-align: center;">43</td>
<td style="width: 10px; text-align: center;"></td>
</tr>
<tr>
<td style="width: 245px;">Matières grasses (g)</td>
<td style="width: 100px; text-align: center;">3</td>
<td style="width: 121px; text-align: center;">0.46</td>
<td style="width: 10px; text-align: center;"></td>
</tr>
<tr>
<td style="width: 245px;">dont acides gras saturés (g)</td>
<td style="width: 100px; text-align: center;">1.87</td>
<td style="width: 121px; text-align: center;">0.28</td>
<td style="width: 10px; text-align: center;"></td>
</tr>
<tr>
<td style="width: 245px;">Glucides (g)</td>
<td style="width: 100px; text-align: center;">94.6</td>
<td style="width: 121px; text-align: center;">9.78</td>
<td style="width: 10px; text-align: center;"></td>
</tr>
<tr>
<td style="width: 245px;">dont sucres (g)</td>
<td style="width: 100px; text-align: center;">91.3</td>
<td style="width: 121px; text-align: center;">8.93</td>
<td style="width: 10px; text-align: center;"></td>
</tr>
<tr>
<td style="width: 245px;">Fibres alimentaires (g)</td>
<td style="width: 100px; text-align: center;">2.8</td>
<td style="width: 121px; text-align: center;">0.27</td>
<td style="width: 10px; text-align: center;"></td>
</tr>
<tr>
<td style="width: 245px;">Protéines (g)</td>
<td style="width: 100px; text-align: center;">0.1</td>
<td style="width: 121px; text-align: center;">0.37</td>
<td style="width: 10px; text-align: center;"></td>
</tr>
<tr>
<td style="width: 245px;">Sel (g)</td>
<td style="width: 100px; text-align: center;">0.64</td>
<td style="width: 121px; text-align: center;">0.07</td>
<td style="width: 10px; text-align: center;"></td>
</tr>
</tbody>
</table>
<ul>
<li>préparé avec du lait 1/2 écrémé selon les conseils de préparation</li>
</ul>

Flan praliné noisette le sachet de 45g

7 décembre 2015

Abbaye de la Coudre. Les sœurs fabriquent des préparations pour crèmes desserts, à partir d’ingrédients naturels , sans gluten et sans colorants ni conservateurs. Leur goût est fin et délicat.Sachet 45g. Ingrédients : sucre, amidon de maïs, gélifiant : carraghénanes, arômes naturels (amande, noisette), cacao Peut contenir de traces de…

Flan à la Framboise le sachet de 45g

29 août 2018

Abbaye de la Coudre. Les sœurs fabriquent des préparations pour crèmes desserts, à partir d’ingrédients naturels , sans gluten et sans colorants ni conservateurs. Leur goût est fin et délicat.Sachet 45g. Ingrédients : sucre, amidon de maïs, gélifiant : carraghénanes, arôme naturel Peut contenir de traces de gluten et de…

Flan  Caramel au beurre salé le sachet de 45g

Les sœurs fabriquent des préparations pour crèmes desserts, à partir d’ingrédients naturels , sans gluten et sans colorants ni conservateurs. Leur goût est fin et délicat.Sachet 45g. Ingrédients : sucre, amidon de maïs, gélifiant : carraghénanes, arôme naturel Peut contenir de traces de gluten et de fruits à coque. Informations…

Flan à la vanille le sachet de 45g

Flan au café le sachet de 45 grs

Abbaye de la Coudre. Les sœurs fabriquent des préparations pour crèmes desserts, à partir d’ingrédients naturels , sans gluten et sans colorants ni conservateurs. Leur goût est fin et délicat.Sachet 45g. Ingrédients : sucre, amidon de maïs, gélifiant : carraghénanes, café (3%) Peut contenir de traces de gluten et de…
