{"id":17777,"date":"2021-03-21T06:09:50","date_gmt":"2021-03-21T05:09:50","guid":{"rendered":"http:\/\/www.passionfruits.fr\/?post_type=product&#038;p=17777"},"modified":"2023-02-28T17:37:48","modified_gmt":"2023-02-28T16:37:48","slug":"moutarde-au-poivre-vert-le-pot-de-200g","status":"publish","type":"product","link":"http:\/\/www.passionfruits.fr\/index.php\/produit\/moutarde-au-poivre-vert-le-pot-de-200g\/","title":{"rendered":"Moutarde au poivre vert le pot de 200g"},"content":{"rendered":"","protected":false},"excerpt":{"rendered":"<p>Ingr\u00e9dients : Graine de\u00a0<strong>moutarde<\/strong>, eau, vinaigre, sel, sucre,\u00a0poivre vert\u00a07.5% conservateur :\u00a0<strong>sulfite<\/strong>, acide de sodium<\/p>\n<p>Valeurs nutritionnelles moyennes pour 100g<\/p>\n<p>Energie :\u00a0808kj\/194kcal<\/p>\n<p>Mati\u00e8res grasses\u00a013.3g dont acides gras satur\u00e9s\u00a00.8g<\/p>\n<p>Glucides\u00a09.7g dont sucres\u00a05.3g<\/p>\n<p>Fibres alimentaires\u00a01.2g<\/p>\n<p>Prot\u00e9ines\u00a08.3g<\/p>\n<p>Sel\u00a05.1g<\/p>\n<p>Distrazur 26780 Malataverne<\/p>\n","protected":false},"featured_media":17776,"comment_status":"closed","ping_status":"closed","template":"","meta":{"spay_email":"","jetpack_publicize_message":"","jetpack_is_tweetstorm":false},"jetpack_publicize_connections":[],"jetpack_sharing_enabled":true,"jetpack-related-posts":[{"id":11714,"url":"http:\/\/www.passionfruits.fr\/index.php\/produit\/sauce-bourguignonne-le-pot-de-90-grs\/","url_meta":{"origin":17777,"position":0},"title":"Sauce Bourguignonne le pot de 90 grs","date":"14 f\u00e9vrier 2018","format":false,"excerpt":"Ingr\u00e9dients : Huile de colza, double concentr\u00e9 de tomate,jaune d'oeuf, moutarde douce (eau, graines de moutarde, vinaigre, sel, sucre, huile de tournesol, \u00e9pices, colorant : caramel E150C (gluten) ar\u00f4mes (colorant E141) \u00e9chalotes r\u00e9hydrat\u00e9es, jaune d'oeuf, vinaigre, moutarde de dijon (eau graines de moutarde, vinaigre, sel, conservateur : bisulfite de sodium),\u2026","rel":"","context":"Article similaire","img":{"alt_text":"","src":"https:\/\/i1.wp.com\/www.passionfruits.fr\/wp-content\/uploads\/2018\/02\/sauce-bourguignonne.jpg?fit=600%2C600&resize=350%2C200","width":350,"height":200},"classes":[]},{"id":11092,"url":"http:\/\/www.passionfruits.fr\/index.php\/produit\/rillettes-de-thon-le-pot-de-90-grs\/","url_meta":{"origin":17777,"position":1},"title":"Rillettes de Thon au poivre le pot de 90 grs","date":"19 septembre 2017","format":false,"excerpt":"Voici un produit particuli\u00e8rement l\u00e9ger et riche en go\u00fbt, \u00e0 base de cr\u00e8me fra\u00eeche, et de chair des poissons ou crustac\u00e9s , relev\u00e9 par des oignons et du persil frais. Vous appr\u00e9cierez les Rillettes sur du bon pain de campagne en sandwich ou sur des toasts grill\u00e9s. L\u2019histoire de cette\u2026","rel":"","context":"Article similaire","img":{"alt_text":"","src":"https:\/\/i0.wp.com\/www.passionfruits.fr\/wp-content\/uploads\/2017\/09\/rillette-de-poisson.jpg?fit=600%2C600&resize=350%2C200","width":350,"height":200},"classes":[]},{"id":17781,"url":"http:\/\/www.passionfruits.fr\/index.php\/produit\/moutarde-au-miel-le-pot-de-200g\/","url_meta":{"origin":17777,"position":2},"title":"Moutarde au miel le pot de 200g","date":"21 mars 2021","format":false,"excerpt":"Ingr\u00e9dients : Graine de\u00a0moutarde, eau, vinaigre, sel, sucre,\u00a0miel\u00a010% conservateur :\u00a0sulfite, acide de sodium Valeurs nutritionnelles moyennes pour 100g Energie :\u00a0843kj\/202kcal Mati\u00e8res grasses\u00a012.1g dont acides gras satur\u00e9s\u00a00.9g Glucides\u00a013.7g dont sucres\u00a012.8g Fibres alimentaires\u00a04.1g Prot\u00e9ines\u00a07.6g Sel\u00a04.4g Distrazur 26780 Malataverne","rel":"","context":"Article similaire","img":{"alt_text":"","src":"https:\/\/i2.wp.com\/www.passionfruits.fr\/wp-content\/uploads\/2021\/03\/Moutarde563.jpg?fit=640%2C480&resize=350%2C200","width":350,"height":200},"classes":[]},{"id":17784,"url":"http:\/\/www.passionfruits.fr\/index.php\/produit\/moutarde-au-basilic-le-pot-de-200g\/","url_meta":{"origin":17777,"position":3},"title":"Moutarde au basilic le pot de 200g","date":"21 mars 2021","format":false,"excerpt":"Ingr\u00e9dients : Graine de moutarde, eau, vinaigre, sel, sucre, basilic 0.6%, conservateur : sulfite, acide de sodium Valeurs nutritionnelles moyennes pour 100g Energie : 845kj\/203kcal Mati\u00e8res grasses 14.00g dont acides gras satur\u00e9s 1.0g Glucides 9.4g dont sucres 5.2g Fibres alimentaires 1.3g Prot\u00e9ines 9.2g Sel 5.5g Distrazur 26780 Malataverne","rel":"","context":"Article similaire","img":{"alt_text":"","src":"https:\/\/i2.wp.com\/www.passionfruits.fr\/wp-content\/uploads\/2021\/03\/Moutarde563.jpg?fit=640%2C480&resize=350%2C200","width":350,"height":200},"classes":[]},{"id":17779,"url":"http:\/\/www.passionfruits.fr\/index.php\/produit\/moutarde-a-l-estragon-le-pot-de-200g\/","url_meta":{"origin":17777,"position":4},"title":"Moutarde \u00e0 l' estragon le pot de 200g","date":"21 mars 2021","format":false,"excerpt":"Ingr\u00e9dients : Graine de\u00a0moutarde, eau, vinaigre, sel, sucre,\u00a0estragon 7.5% conservateur :\u00a0sulfite, acide de sodium Valeurs nutritionnelles moyennes pour 100g Energie :\u00a0784kj\/188kcal Mati\u00e8res grasses\u00a012.1g dont acides gras satur\u00e9s\u00a00.8g Glucides 10.8g dont sucres 4,4g Fibres alimentaires\u00a01.3g Prot\u00e9ines\u00a08.4g Sel\u00a04.7g Distrazur 26780 Malataverne","rel":"","context":"Article similaire","img":{"alt_text":"","src":"https:\/\/i2.wp.com\/www.passionfruits.fr\/wp-content\/uploads\/2021\/03\/Moutarde563.jpg?fit=640%2C480&resize=350%2C200","width":350,"height":200},"classes":[]},{"id":17783,"url":"http:\/\/www.passionfruits.fr\/index.php\/produit\/moutarde-aux-herbes-de-provence-le-pot-de-200g\/","url_meta":{"origin":17777,"position":5},"title":"Moutarde aux herbes de Provence le pot de 200g","date":"21 mars 2021","format":false,"excerpt":"Ingr\u00e9dients : Graine de\u00a0moutarde, eau, vinaigre, sel, sucre,\u00a0herbes de provence (romarin, thym,\u00a0basilic, marjolaine)1% conservateur :\u00a0sulfite, acide de sodium Valeurs nutritionnelles moyennes pour 100g Energie :\u00a0734kj\/177kcal Mati\u00e8res grasses 13.3g dont acides gras satur\u00e9s\u00a00.9g Glucides\u00a010.1g dont sucres 5.3g Fibres alimentaires 1.2g Prot\u00e9ines\u00a03.5g Sel 5.1g Distrazur 26780 Malataverne","rel":"","context":"Article similaire","img":{"alt_text":"","src":"https:\/\/i2.wp.com\/www.passionfruits.fr\/wp-content\/uploads\/2021\/03\/Moutarde563.jpg?fit=640%2C480&resize=350%2C200","width":350,"height":200},"classes":[]}],"_links":{"self":[{"href":"http:\/\/www.passionfruits.fr\/index.php\/wp-json\/wp\/v2\/product\/17777"}],"collection":[{"href":"http:\/\/www.passionfruits.fr\/index.php\/wp-json\/wp\/v2\/product"}],"about":[{"href":"http:\/\/www.passionfruits.fr\/index.php\/wp-json\/wp\/v2\/types\/product"}],"replies":[{"embeddable":true,"href":"http:\/\/www.passionfruits.fr\/index.php\/wp-json\/wp\/v2\/comments?post=17777"}],"wp:featuredmedia":[{"embeddable":true,"href":"http:\/\/www.passionfruits.fr\/index.php\/wp-json\/wp\/v2\/media\/17776"}],"wp:attachment":[{"href":"http:\/\/www.passionfruits.fr\/index.php\/wp-json\/wp\/v2\/media?parent=17777"}],"curies":[{"name":"wp","href":"https:\/\/api.w.org\/{rel}","templated":true}]}}