{"id":18323,"date":"2021-09-16T15:10:31","date_gmt":"2021-09-16T14:10:31","guid":{"rendered":"http:\/\/www.passionfruits.fr\/?post_type=product&#038;p=18323"},"modified":"2023-02-17T09:59:21","modified_gmt":"2023-02-17T08:59:21","slug":"croutons-ail-et-basilic-sachet-de-150-gr","status":"publish","type":"product","link":"http:\/\/www.passionfruits.fr\/index.php\/produit\/croutons-ail-et-basilic-sachet-de-150-gr\/","title":{"rendered":"Croutons ail et basilic sachet de 150 Gr"},"content":{"rendered":"<p>Les saveurs du Clavon<\/p>\n<p><span class=\"LrzXr\">ZI des plaines, <\/span><\/p>\n<p><span class=\"LrzXr\">80 chemins des buis, <\/span><\/p>\n<p><span class=\"LrzXr\">26780 Malataverne<\/span><\/p>\n","protected":false},"excerpt":{"rendered":"<p>Ingr\u00e9dients: farine de bl\u00e9, huile d&#8217;olive extra vierge 5%, huile d&#8217;olive 5%, sel iod\u00e9, arome naturel, ail 1%, basilic 1%,levure,gluten de bl\u00e9, farine de bl\u00e9 malt\u00e9e, malt d &#8216;orge grill\u00e9 .Peut contenir des traces de soja et de lait.<\/p>\n<p>Valeurs nutritionnelles moyennes pour 100grs<\/p>\n<p>\u00e9nergies 1885kj_447kcal<\/p>\n<p>Mati\u00e8res grasses 11,9g<\/p>\n<p>dont AG satur\u00e9s 1,5g<\/p>\n<p>Glucides 71,3g<\/p>\n<p>dont sucres 3,3g<\/p>\n<p>Fibres alimentaires 3,3g<\/p>\n<p>Prot\u00e9ines 12,1g<\/p>\n<p>Sel 3,3g<\/p>\n<p>&nbsp;<\/p>\n<p>&nbsp;<\/p>\n","protected":false},"featured_media":18324,"comment_status":"closed","ping_status":"closed","template":"","meta":{"spay_email":"","jetpack_publicize_message":"","jetpack_is_tweetstorm":false},"jetpack_publicize_connections":[],"jetpack_sharing_enabled":true,"jetpack-related-posts":[{"id":9590,"url":"http:\/\/www.passionfruits.fr\/index.php\/produit\/croutons-tomate-et-basilic-sachet-150g\/","url_meta":{"origin":18323,"position":0},"title":"Croutons tomate et basilic sachet de 150g","date":"28 octobre 2016","format":false,"excerpt":"Id\u00e9ale pour accompagner vos soupes ou vos salades. Ingr\u00e9dients : farine de bl\u00e9 76%, huile v\u00e9g\u00e9tale 7%, huile d'olive extra vierge 5%, concentr\u00e9 de tomate 3%, herbes aromatiques (romarin ,persil) 2.5%, sel 2%, levure 1% , basilic 1% \u00e9pices (paprika, curry, chili)0.5% farine de c\u00e9r\u00e9ales malt\u00e9es 0.4%, lait en poudre\u2026","rel":"","context":"Article similaire","img":{"alt_text":"","src":"https:\/\/i1.wp.com\/www.passionfruits.fr\/wp-content\/uploads\/2016\/10\/croutons-tomate.jpg?fit=600%2C600&resize=350%2C200","width":350,"height":200},"classes":[]},{"id":6233,"url":"http:\/\/www.passionfruits.fr\/index.php\/produit\/b-gressins-huile-dolive\/","url_meta":{"origin":18323,"position":1},"title":"Gressins aux olives le sachet de 200g","date":"7 d\u00e9cembre 2015","format":false,"excerpt":"Les gressins se d\u00e9gustent tout simplement \u00e0 table, pour accompagner le repas ou pour remplacer le pain. Ils sont \u00e9galement appr\u00e9ci\u00e9s en ap\u00e9ritif. Ingr\u00e9dients : Farine de froment 84%, olives noires (E579) 5%, huile de palme 4%, huile d'olive vierge 2%, sel 2%,\u00a0 levure de bi\u00e8re 2%, farine de bl\u00e9\u2026","rel":"","context":"Article similaire","img":{"alt_text":"","src":"https:\/\/i0.wp.com\/www.passionfruits.fr\/wp-content\/uploads\/2015\/12\/gressin.jpg?fit=596%2C600&resize=350%2C200","width":350,"height":200},"classes":[]},{"id":6014,"url":"http:\/\/www.passionfruits.fr\/index.php\/produit\/pain-a-lail\/","url_meta":{"origin":18323,"position":2},"title":"Pain grill\u00e9 \u00e0 l'ail et au persil sachet 150g","date":"7 d\u00e9cembre 2015","format":false,"excerpt":"Id\u00e9al pour tartiner vos tapenades \u00e0 l' ap\u00e9ritif. Ingr\u00e9dients : farine de bl\u00e9, assaisonnement (huile de tournesol raffin\u00e9e (22%), \u00e0 l'ail (0.1%) et sel) huile de tournesol raffin\u00e9e (8%), levure, sel, persil (0.4%), am\u00e9liorant de panification (farine de bl\u00e9, antiagglom\u00e9rant E170i, \u00e9mulsifiant E472e, antioxydant E300 et enzymes) et sucre. Contient\u2026","rel":"","context":"Article similaire","img":{"alt_text":"","src":"https:\/\/i0.wp.com\/www.passionfruits.fr\/wp-content\/uploads\/2015\/12\/pain-a-l-ail.jpg?fit=460%2C460&resize=350%2C200","width":350,"height":200},"classes":[]},{"id":9588,"url":"http:\/\/www.passionfruits.fr\/index.php\/produit\/croutons-a-lhuile-dolive-sachet-de-150-gr\/","url_meta":{"origin":18323,"position":3},"title":"Croutons \u00e0 l'huile d'olive sachet de 150 Gr","date":"28 octobre 2016","format":false,"excerpt":"Id\u00e9ale pour accompagner vos soupes ou vos salades. Ingr\u00e9dients : farine de bl\u00e9, huile v\u00e9g\u00e9tale, huile d'olive extra vierge 5%, sel, levure, farine de c\u00e9r\u00e9ales malt\u00e9es, lait en poudre, extrait de levure, ar\u00f4me naturel. Peut contenir des traces de graines de s\u00e9same. Valeurs nutritionnelles moyennes\u00a0 pour 100 g Energie :\u2026","rel":"","context":"Article similaire","img":{"alt_text":"","src":"https:\/\/i0.wp.com\/www.passionfruits.fr\/wp-content\/uploads\/2016\/10\/croutons-huile-olive-150g.jpg?fit=600%2C600&resize=350%2C200","width":350,"height":200},"classes":[]},{"id":9242,"url":"http:\/\/www.passionfruits.fr\/index.php\/produit\/melange-sambahia-barquette-150-g-environ\/","url_meta":{"origin":18323,"position":4},"title":"M\u00e9lange sambahia barquette 150 g environ","date":"20 ao\u00fbt 2016","format":false,"excerpt":"M\u00e9lange d'arachides enrob\u00e9es et de biscuits souffl\u00e9s au riz. Conditionn\u00e9 en barquette refermable \u00e0 volont\u00e9 pour garder toute sa saveur. Ingr\u00e9dients: Riz 33%, arachides 17%, farine de bl\u00e9,sucre, huile vegetales (palm, tournesol), amidon modifi\u00e9 de ma\u00efs et de tapioca, sauce soja (eau,soja,bl\u00e9,sel), sel, assaisonnement aromtis\u00e9 (maltodextrine, sel, oignon, ail, sucre,\u2026","rel":"","context":"Article similaire","img":{"alt_text":"","src":"https:\/\/i1.wp.com\/www.passionfruits.fr\/wp-content\/uploads\/2016\/08\/Melange-sambahia.jpg?fit=600%2C600&resize=350%2C200","width":350,"height":200},"classes":[]},{"id":11701,"url":"http:\/\/www.passionfruits.fr\/index.php\/produit\/vinaigrette-au-vinaigre-de-xeres-ail-et-basilic-bouteille-500-ml\/","url_meta":{"origin":18323,"position":5},"title":"Vinaigrette au vinaigre de X\u00e9r\u00e8s, Ail et Basilic bouteille 500 ml","date":"14 f\u00e9vrier 2018","format":false,"excerpt":"Sauce vinaigrette au vinaigre de X\u00e9r\u00e8s Jean d\u2019 Audignac. Excellente vinaigrette pour assaisonner les salades et crudit\u00e9s. Ingr\u00e9dients : huile de colza 40%, vinaigre de X\u00e9r\u00e8s 15%, eau, huile d'olive 10%, pur\u00e9e de tomates, moutarde de Dijon (vinaigre d'alcool, graines de moutarde, eau, sel) , sel, ail 2%, basilic 1.5%,\u2026","rel":"","context":"Article similaire","img":{"alt_text":"","src":"https:\/\/i0.wp.com\/www.passionfruits.fr\/wp-content\/uploads\/2018\/02\/Vinaigrette-xeres.jpg?fit=600%2C600&resize=350%2C200","width":350,"height":200},"classes":[]}],"_links":{"self":[{"href":"http:\/\/www.passionfruits.fr\/index.php\/wp-json\/wp\/v2\/product\/18323"}],"collection":[{"href":"http:\/\/www.passionfruits.fr\/index.php\/wp-json\/wp\/v2\/product"}],"about":[{"href":"http:\/\/www.passionfruits.fr\/index.php\/wp-json\/wp\/v2\/types\/product"}],"replies":[{"embeddable":true,"href":"http:\/\/www.passionfruits.fr\/index.php\/wp-json\/wp\/v2\/comments?post=18323"}],"wp:featuredmedia":[{"embeddable":true,"href":"http:\/\/www.passionfruits.fr\/index.php\/wp-json\/wp\/v2\/media\/18324"}],"wp:attachment":[{"href":"http:\/\/www.passionfruits.fr\/index.php\/wp-json\/wp\/v2\/media?parent=18323"}],"curies":[{"name":"wp","href":"https:\/\/api.w.org\/{rel}","templated":true}]}}