{"id":19890,"date":"2024-03-27T06:56:56","date_gmt":"2024-03-27T05:56:56","guid":{"rendered":"http:\/\/www.passionfruits.fr\/?post_type=product&#038;p=19890"},"modified":"2026-03-27T10:31:43","modified_gmt":"2026-03-27T09:31:43","slug":"gris-dargens-souvenir-du-var-igp-var-argens-rose-75cl","status":"publish","type":"product","link":"http:\/\/www.passionfruits.fr\/index.php\/produit\/gris-dargens-souvenir-du-var-igp-var-argens-rose-75cl\/","title":{"rendered":"Gris d&#8217;Argens &#8220;Souvenir du Var&#8221; IGP Var Argens ros\u00e9 75cl"},"content":{"rendered":"<p>Promo<\/p>\n","protected":false},"excerpt":{"rendered":"<p>35.70 \u20ac le carton de 6 bouteilles soit 5.95 \u20ac la bouteille<\/p>\n<p>Ros\u00e9 fruit\u00e9, l\u00e9ger, frais gouleyant en bouche.<br \/>\nCe vin d\u00e9veloppe un nez tirant sur les ar\u00f4mes de fruits \u00e0 chair blanche, vous s\u00e9duira par sa fra\u00eecheur et sa finale toute en finesse.<\/p>\n<p class=\" text-justify\">Alcool 12.5 % Contient des sulfites.<\/p>\n<p class=\" text-justify\">La consommation de boissons alcoolis\u00e9es pendant la grossesse, m\u00eame en faible quantit\u00e9, peut avoir des cons\u00e9quences graves sur la sant\u00e9 de l\u2019enfant.<\/p>\n<p class=\" text-justify\">L ABUS D ALCOOL EST DANGEREUX POUR LA SANTE. A CONSOMMER AVEC MODERATION.<\/p>\n<p class=\" text-justify\">LA VENTE D ALCOOL EST INTERDITE AUX MINEURS.<\/p>\n<h5>ESTANDON EN PROVENCE 83175 BRIGNOLES<\/h5>\n","protected":false},"featured_media":19891,"comment_status":"closed","ping_status":"closed","template":"","meta":{"spay_email":"","jetpack_publicize_message":"","jetpack_is_tweetstorm":false},"jetpack_publicize_connections":[],"jetpack_sharing_enabled":true,"jetpack-related-posts":[{"id":5841,"url":"http:\/\/www.passionfruits.fr\/index.php\/produit\/saint-pourcain-rose-2023\/","url_meta":{"origin":19890,"position":0},"title":"Saint Pour\u00e7ain Ros\u00e9 R\u00e9serve Sp\u00e9ciale 75 cl 2023","date":"7 d\u00e9cembre 2015","format":false,"excerpt":"42 \u20ac\u00a0 le carton de 6 bouteilles soit 7 \u20ac la bouteille SAINT-POUR\u00c7AIN A.O.C. Mis en bouteille \u00e0 la propri\u00e9t\u00e9 App\u00e9tissante robe rose \u00e0 reflets saumon. Ce ros\u00e9 de pressurage direct exprime des ar\u00f4mes de bonbon anglais, de peau de poire, de kirsch et de fruits rouges. C\u2019est un vin\u2026","rel":"","context":"Article similaire","img":{"alt_text":"","src":"https:\/\/i2.wp.com\/www.passionfruits.fr\/wp-content\/uploads\/2015\/12\/789.jpg?fit=600%2C600&resize=350%2C200","width":350,"height":200},"classes":[]},{"id":5576,"url":"http:\/\/www.passionfruits.fr\/index.php\/produit\/domaine-du-tariquet-rose-2013\/","url_meta":{"origin":19890,"position":1},"title":"Domaine du Tariquet ros\u00e9 75 cl 2024","date":"7 d\u00e9cembre 2015","format":false,"excerpt":"35.40 \u20ac le carton de 6 bouteilles soit 5.90 \u20ac la bouteille \u00a0 Une robe grenadine, un nez intense et subtil, sur des notes d'\u00e9pices douces \u00e9voluant franchement vers un duo gourmand de framboise sauvages et de p\u00e9tales de fleurs. L'attaque en bouche est opulente, fra\u00eeche\u2026 Le fruit est gourmand,\u2026","rel":"","context":"Article similaire","img":{"alt_text":"","src":"https:\/\/i2.wp.com\/www.passionfruits.fr\/wp-content\/uploads\/2015\/12\/tariquet-rose.jpg?fit=600%2C600&resize=350%2C200","width":350,"height":200},"classes":[]},{"id":14544,"url":"http:\/\/www.passionfruits.fr\/index.php\/produit\/pilaho-rose-domaine-pellehaut-bouteille-75-cl\/","url_meta":{"origin":19890,"position":2},"title":"Pilaho Ros\u00e9 Domaine Pellehaut bouteille 75 cl","date":"22 octobre 2019","format":false,"excerpt":"53,70\u20ac le carton de bouteilles soit 8.95 \u20ac la bouteille \u00a0 Une mousse fine et abondante qui s'\u00e9vapore en laissant un parfum sucr\u00e9 de fraise et de cerise. Une couleur rouge, ros\u00e9 qui rappelle le sirop de grenadine, \u00e0 boire frais l'\u00e9t\u00e9. En bouche, la comparaison avec un coulis de\u2026","rel":"","context":"Article similaire","img":{"alt_text":"","src":"https:\/\/i0.wp.com\/www.passionfruits.fr\/wp-content\/uploads\/2019\/10\/pilaho-rose.jpg?fit=600%2C600&resize=350%2C200","width":350,"height":200},"classes":[]},{"id":11910,"url":"http:\/\/www.passionfruits.fr\/index.php\/produit\/gratte-cul-la-bouteille-de-50-cl\/","url_meta":{"origin":19890,"position":3},"title":"Gratte cul la bouteille de 50 cl","date":"23 mars 2018","format":false,"excerpt":"Boisson aromatis\u00e9e \u00e0 base de vin et des fruits de l'\u00e9glantier. Cet ap\u00e9ritif se sert bien frais, nature ou sur glace. Alcool 11,5%. La consommation de boissons alcoolis\u00e9es pendant la grossesse, m\u00eame en faible quantit\u00e9, peut avoir des cons\u00e9quences graves sur la sant\u00e9 de l\u2019enfant. L ABUS D ALCOOL EST\u2026","rel":"","context":"Article similaire","img":{"alt_text":"","src":"https:\/\/i1.wp.com\/www.passionfruits.fr\/wp-content\/uploads\/2017\/08\/Gratte-cul.jpg?fit=591%2C600&resize=350%2C200","width":350,"height":200},"classes":[]},{"id":6348,"url":"http:\/\/www.passionfruits.fr\/index.php\/produit\/pellehaut-rose-l-ete-gascon-la-bouteille-75-cl\/","url_meta":{"origin":19890,"position":4},"title":"Domaine Pellehaut Et\u00e9 Gascond ros\u00e9 75 cl 2024","date":"7 d\u00e9cembre 2015","format":false,"excerpt":"53.70 \u20ac le carton de 6 bouteilles soit 8,95 \u20ac la bouteille Avis des professionnels : Gilbert et Gaillard 2017 Mill\u00e9sime 2016 : Robe orang\u00e9 p\u00e2le. Nez sur les agrumes oranges, mandarines) et les petits fruits rouges, pr\u00e9sence \u00e9pic\u00e9e florale. Bouche gourmande, avec une sucrosit\u00e9 salivante qui s\\'\u00e9quilibre avec la\u2026","rel":"","context":"Article similaire","img":{"alt_text":"","src":"https:\/\/i0.wp.com\/www.passionfruits.fr\/wp-content\/uploads\/2015\/12\/pellehaut-rose.jpg?fit=600%2C600&resize=350%2C200","width":350,"height":200},"classes":[]},{"id":9562,"url":"http:\/\/www.passionfruits.fr\/index.php\/produit\/rhum-mangue-passion-bouteille-70-cl\/","url_meta":{"origin":19890,"position":5},"title":"Rhum Mangue - Passion la bouteille 70 cl","date":"25 octobre 2016","format":false,"excerpt":"Le fruit de la passion aux couleurs tropicales apporte une saveur des \u00eeles. Cette passiflore alli\u00e9e \u00e0 la mangue apporte un d\u00e9licieux m\u00e9lange de saveurs exotiques. Alcool 28,5 % La consommation de boissons alcoolis\u00e9es pendant la grossesse, m\u00eame en faible quantit\u00e9, peut avoir des cons\u00e9quences graves sur la sant\u00e9 de\u2026","rel":"","context":"Article similaire","img":{"alt_text":"","src":"https:\/\/i1.wp.com\/www.passionfruits.fr\/wp-content\/uploads\/2016\/10\/rhum-mangue-passion.jpg?fit=390%2C564&resize=350%2C200","width":350,"height":200},"classes":[]}],"_links":{"self":[{"href":"http:\/\/www.passionfruits.fr\/index.php\/wp-json\/wp\/v2\/product\/19890"}],"collection":[{"href":"http:\/\/www.passionfruits.fr\/index.php\/wp-json\/wp\/v2\/product"}],"about":[{"href":"http:\/\/www.passionfruits.fr\/index.php\/wp-json\/wp\/v2\/types\/product"}],"replies":[{"embeddable":true,"href":"http:\/\/www.passionfruits.fr\/index.php\/wp-json\/wp\/v2\/comments?post=19890"}],"wp:featuredmedia":[{"embeddable":true,"href":"http:\/\/www.passionfruits.fr\/index.php\/wp-json\/wp\/v2\/media\/19891"}],"wp:attachment":[{"href":"http:\/\/www.passionfruits.fr\/index.php\/wp-json\/wp\/v2\/media?parent=19890"}],"curies":[{"name":"wp","href":"https:\/\/api.w.org\/{rel}","templated":true}]}}