{"id":19993,"date":"2024-05-30T17:28:29","date_gmt":"2024-05-30T16:28:29","guid":{"rendered":"http:\/\/www.passionfruits.fr\/?post_type=product&#038;p=19993"},"modified":"2024-05-30T17:33:34","modified_gmt":"2024-05-30T16:33:34","slug":"mais-pop-corn-eure-et-loir-sachet-500g","status":"publish","type":"product","link":"http:\/\/www.passionfruits.fr\/index.php\/produit\/mais-pop-corn-eure-et-loir-sachet-500g\/","title":{"rendered":"Ma\u00efs pop corn Eure et Loir sachet 500g"},"content":{"rendered":"<p><span class=\"col-lg-12 col-md-12 col-sm-12 col-xs-12 col-xxs-12\">\u00a0<\/span><\/p>\n<p>&nbsp;<\/p>\n","protected":false},"excerpt":{"rendered":"<p>\u00a0 &nbsp;<\/p>\n","protected":false},"featured_media":19994,"comment_status":"closed","ping_status":"closed","template":"","meta":{"spay_email":"","jetpack_publicize_message":"","jetpack_is_tweetstorm":false},"jetpack_publicize_connections":[],"jetpack_sharing_enabled":true,"jetpack-related-posts":[{"id":19989,"url":"http:\/\/www.passionfruits.fr\/index.php\/produit\/lentille-blonde-france-eure-et-loir-sachet-500g\/","url_meta":{"origin":19993,"position":0},"title":"Lentille Blonde Eure et Loir sachet 500g","date":"30 mai 2024","format":false,"excerpt":"Origine Eure et Loir. Produit \u00e0 l\u2019ancienne, nous utilisons des vari\u00e9t\u00e9s anciennes ayant davantage de go\u00fbt. Elle compte parmi les plus anciennes et plus appr\u00e9ci\u00e9es des l\u00e9gumineuses.\u00a0 Ces produits sont cultiv\u00e9s sur une exploitation qui respecte l\u2019environnement. EURE\u00a0 ET\u00a0 LOIR Ne salez jamais l eau de cuisson, car les l\u00e9gumes\u2026","rel":"","context":"Article similaire","img":{"alt_text":"","src":"https:\/\/i0.wp.com\/www.passionfruits.fr\/wp-content\/uploads\/2015\/12\/lentille-1.jpg?fit=600%2C600&resize=350%2C200","width":350,"height":200},"classes":[]},{"id":19990,"url":"http:\/\/www.passionfruits.fr\/index.php\/produit\/haricot-coco-noir-eure-et-loir-sachet-500g\/","url_meta":{"origin":19993,"position":1},"title":"Haricot Coco Noir Eure et Loir sachet 500g","date":"30 mai 2024","format":false,"excerpt":"Ils sont la base de l\u2019un des plats fran\u00e7ais les plus connus : le fameux cassoulet ! Une saveur tr\u00e8s douce. Le haricot coco blanc est relativement peu farineux. ils peuvent \u00eatre pr\u00e9par\u00e9s de nombreuses mani\u00e8res : en salade, avec des herbes aromatiques et une bonne vinaigrette, ou m\u00eame en\u2026","rel":"","context":"Article similaire","img":{"alt_text":"","src":"https:\/\/i1.wp.com\/www.passionfruits.fr\/wp-content\/uploads\/2024\/05\/169.jpg?fit=600%2C600&resize=350%2C200","width":350,"height":200},"classes":[]},{"id":14561,"url":"http:\/\/www.passionfruits.fr\/index.php\/produit\/lentille-noire-beluga-france-sachet-500g\/","url_meta":{"origin":19993,"position":2},"title":"Lentille Beluga Eure et Loir sachet 500g","date":"25 octobre 2019","format":false,"excerpt":"La lentille noire beluga est consid\u00e9r\u00e9e comme la meilleure des lentilles gr\u00e2ce \u00e0 son go\u00fbt proche de la ch\u00e2taigne et de la noisette. Sa couleur noire lui vaut le surnom de caviar v\u00e9g\u00e9tal. Elle nous vient du Canada. Comme les autres l\u00e9gumineuses, la lentille noire est un nutriment r\u00eav\u00e9 et\u2026","rel":"","context":"Article similaire","img":{"alt_text":"","src":"https:\/\/i2.wp.com\/www.passionfruits.fr\/wp-content\/uploads\/2019\/10\/Lentilles-noires.jpg?fit=600%2C600&resize=350%2C200","width":350,"height":200},"classes":[]},{"id":10904,"url":"http:\/\/www.passionfruits.fr\/index.php\/produit\/quinoa-eure-et-loir-barq-env-300g\/","url_meta":{"origin":19993,"position":3},"title":"Quinoa Eure et Loir France Cat 1 le sachet 500grs","date":"2 ao\u00fbt 2017","format":false,"excerpt":"Le Quinoa est sans gluten Valeurs nutritionnelles moyennes pour 100g Energie : 399kcal Matieres grasses:6.3g Glucides: 69g Proteines:16.5g","rel":"","context":"Article similaire","img":{"alt_text":"","src":"https:\/\/i1.wp.com\/www.passionfruits.fr\/wp-content\/uploads\/2017\/08\/Quinoa.jpg?fit=600%2C600&resize=350%2C200","width":350,"height":200},"classes":[]},{"id":5366,"url":"http:\/\/www.passionfruits.fr\/index.php\/produit\/lentille-corail-les-500-grs\/","url_meta":{"origin":19993,"position":4},"title":"Lentille corail Eure et Loir sachet 500g","date":"7 d\u00e9cembre 2015","format":false,"excerpt":"Trempage : non. Dur\u00e9e de cuisson \u00e0 l'\u00e9bullition : 20 minutes Ingr\u00e9dients :Lentille corail, traces possibles d'arachide, fruits \u00e0 la coque, de gluten, de s\u00e9same et de sulfites. Valeurs \u00e9nerg\u00e9tiques et nutritionnelles moyennes pour 100g : \u00e9nergie: 1413kJ\/ 334kcal Mati\u00e8res grasses: 2,2g dont acides gras satur\u00e9s: <0,5g Glucides: 48g dont\u2026","rel":"","context":"Article similaire","img":{"alt_text":"","src":"https:\/\/i1.wp.com\/www.passionfruits.fr\/wp-content\/uploads\/2015\/12\/lentille-corail.jpg?fit=600%2C600&resize=350%2C200","width":350,"height":200},"classes":[]},{"id":5352,"url":"http:\/\/www.passionfruits.fr\/index.php\/produit\/haricot-rouge-les-500-grs\/","url_meta":{"origin":19993,"position":5},"title":"Haricot rouge Eure et Loir sachet 500g","date":"7 d\u00e9cembre 2015","format":false,"excerpt":"Trempage : 12h. Dur\u00e9e de cuisson \u00e0 l'\u00e9bullition : 1h30. Energie: 487kJ\/ 116kcal Mati\u00e8res grasses: 0,5g dont acides gras satures: 0,1g Glucides: 15,4g dont sucres: 0,3g Fibres Alimentaires: 7,4g Prot\u00e9ines: 8,7g Sel: 0,60g Fer: 2,94mg Vitamine B9: 130\u00b5g Haricot. Traces possibles d'arachide de fruits \u00e0 la coque, de gluten, de\u2026","rel":"","context":"Article similaire","img":{"alt_text":"","src":"https:\/\/i1.wp.com\/www.passionfruits.fr\/wp-content\/uploads\/2015\/12\/haricot-rouge.jpg?fit=550%2C442&resize=350%2C200","width":350,"height":200},"classes":[]}],"_links":{"self":[{"href":"http:\/\/www.passionfruits.fr\/index.php\/wp-json\/wp\/v2\/product\/19993"}],"collection":[{"href":"http:\/\/www.passionfruits.fr\/index.php\/wp-json\/wp\/v2\/product"}],"about":[{"href":"http:\/\/www.passionfruits.fr\/index.php\/wp-json\/wp\/v2\/types\/product"}],"replies":[{"embeddable":true,"href":"http:\/\/www.passionfruits.fr\/index.php\/wp-json\/wp\/v2\/comments?post=19993"}],"wp:featuredmedia":[{"embeddable":true,"href":"http:\/\/www.passionfruits.fr\/index.php\/wp-json\/wp\/v2\/media\/19994"}],"wp:attachment":[{"href":"http:\/\/www.passionfruits.fr\/index.php\/wp-json\/wp\/v2\/media?parent=19993"}],"curies":[{"name":"wp","href":"https:\/\/api.w.org\/{rel}","templated":true}]}}