{"id":4894,"date":"2015-12-07T11:27:14","date_gmt":"2015-12-07T10:27:14","guid":{"rendered":"http:\/\/www.andreclaude.fr\/web\/index.php\/produit\/endive-les-500grs\/"},"modified":"2025-07-31T08:50:52","modified_gmt":"2025-07-31T07:50:52","slug":"endive-promo-le-kilo","status":"publish","type":"product","link":"http:\/\/www.passionfruits.fr\/index.php\/produit\/endive-promo-le-kilo\/","title":{"rendered":"Endive France   Cat 1 les 500 grs"},"content":{"rendered":"","protected":false},"excerpt":{"rendered":"<p>Crue ou cuite, un d\u00e9lice !!!!<\/p>\n","protected":false},"featured_media":6831,"comment_status":"closed","ping_status":"closed","template":"","meta":{"spay_email":"","jetpack_publicize_message":"","jetpack_is_tweetstorm":false},"jetpack_publicize_connections":[],"jetpack_sharing_enabled":true,"jetpack-related-posts":[{"id":5289,"url":"http:\/\/www.passionfruits.fr\/index.php\/produit\/betterave-crue-nouvelle-les-500-grs\/","url_meta":{"origin":4894,"position":0},"title":"Betterave crue France Cat 1 la pi\u00e8ce env 250g","date":"7 d\u00e9cembre 2015","format":false,"excerpt":"Compte tenu du temps de cuisson assez long, on trouve souvent la racine de betterave d\u00e9j\u00e0 cuite, vendue en vrac\u00a0 ou sous vide. On peut \u00e9galement la d\u00e9guster crue, r\u00e2p\u00e9e ou en carpaccio. Elle est, le plus souvent, consomm\u00e9e en salade.","rel":"","context":"Article similaire","img":{"alt_text":"","src":"https:\/\/i2.wp.com\/www.passionfruits.fr\/wp-content\/uploads\/2015\/12\/bettravecrue.jpg?fit=600%2C600&resize=350%2C200","width":350,"height":200},"classes":[]},{"id":5074,"url":"http:\/\/www.passionfruits.fr\/index.php\/produit\/brocoli-les-500-grs\/","url_meta":{"origin":4894,"position":1},"title":"Brocoli Espagne  Cat 1 les 500g","date":"7 d\u00e9cembre 2015","format":false,"excerpt":"Les brocolis se d\u00e9gustent aussi bien chauds (en l\u00e9gumes) que froids \u00e0 la vinaigrette (en entr\u00e9e, un d\u00e9lice!!!), mais toujours cuits. Essayez avec les enfants, on ne sait jamais !","rel":"","context":"Article similaire","img":{"alt_text":"","src":"https:\/\/i2.wp.com\/www.passionfruits.fr\/wp-content\/uploads\/2015\/12\/brocoli.jpg?fit=544%2C600&resize=350%2C200","width":350,"height":200},"classes":[]},{"id":4957,"url":"http:\/\/www.passionfruits.fr\/index.php\/produit\/betterave-ronde-cuite-les-500-grs\/","url_meta":{"origin":4894,"position":2},"title":"Betterave ronde France Cat 1 la pi\u00e8ce env. 250g","date":"7 d\u00e9cembre 2015","format":false,"excerpt":"","rel":"","context":"Article similaire","img":{"alt_text":"","src":"https:\/\/i2.wp.com\/www.passionfruits.fr\/wp-content\/uploads\/2015\/12\/betterave-ronde.jpg?fit=600%2C600&resize=350%2C200","width":350,"height":200},"classes":[]},{"id":4958,"url":"http:\/\/www.passionfruits.fr\/index.php\/produit\/betterave-longue-cuite-les-500-grs\/","url_meta":{"origin":4894,"position":3},"title":"Betterave longue France Cat 1 la pi\u00e8ce env. 250g","date":"7 d\u00e9cembre 2015","format":false,"excerpt":"","rel":"","context":"Article similaire","img":{"alt_text":"","src":"https:\/\/i2.wp.com\/www.passionfruits.fr\/wp-content\/uploads\/2015\/12\/betterave-crapaudine-cuite.jpg?fit=264%2C264&resize=350%2C200","width":350,"height":200},"classes":[]},{"id":5295,"url":"http:\/\/www.passionfruits.fr\/index.php\/produit\/oignon-roscoff-les-500-grs\/","url_meta":{"origin":4894,"position":4},"title":"Oignon Roscoff  France Cat 1 les 500g","date":"7 d\u00e9cembre 2015","format":false,"excerpt":"L'oignon de Roscoff\u00a0 se caract\u00e9rise par la couleur ros\u00e9e de leur tunique et de leur chair. Cru, son odeur est fruit\u00e9e, sa texture est croquante et tr\u00e8s juteuse. Son go\u00fbt sucr\u00e9 permet son utilisation en salades. Cuit, l\u2019oignon d\u00e9veloppe son go\u00fbt sucr\u00e9 et fruit\u00e9. La texture devient fondante. Il constitue\u2026","rel":"","context":"Article similaire","img":{"alt_text":"","src":"https:\/\/i0.wp.com\/www.passionfruits.fr\/wp-content\/uploads\/2015\/12\/oignon-roscoff.jpg?fit=596%2C591&resize=350%2C200","width":350,"height":200},"classes":[]},{"id":4973,"url":"http:\/\/www.passionfruits.fr\/index.php\/produit\/chou-fleur-la-piece\/","url_meta":{"origin":4894,"position":5},"title":"Chou Fleur France Cat 1 la pi\u00e8ce","date":"7 d\u00e9cembre 2015","format":false,"excerpt":"Cru en vinaigrette ou\u00a0 cuit en gratin, un d\u00e9lice!!!\u00a0 Supporte tr\u00e8s bien la cong\u00e9lation.","rel":"","context":"Article similaire","img":{"alt_text":"","src":"https:\/\/i0.wp.com\/www.passionfruits.fr\/wp-content\/uploads\/2015\/12\/Fotolia_45974019_XS.jpg?fit=349%2C344&resize=350%2C200","width":350,"height":200},"classes":[]}],"_links":{"self":[{"href":"http:\/\/www.passionfruits.fr\/index.php\/wp-json\/wp\/v2\/product\/4894"}],"collection":[{"href":"http:\/\/www.passionfruits.fr\/index.php\/wp-json\/wp\/v2\/product"}],"about":[{"href":"http:\/\/www.passionfruits.fr\/index.php\/wp-json\/wp\/v2\/types\/product"}],"replies":[{"embeddable":true,"href":"http:\/\/www.passionfruits.fr\/index.php\/wp-json\/wp\/v2\/comments?post=4894"}],"wp:featuredmedia":[{"embeddable":true,"href":"http:\/\/www.passionfruits.fr\/index.php\/wp-json\/wp\/v2\/media\/6831"}],"wp:attachment":[{"href":"http:\/\/www.passionfruits.fr\/index.php\/wp-json\/wp\/v2\/media?parent=4894"}],"curies":[{"name":"wp","href":"https:\/\/api.w.org\/{rel}","templated":true}]}}