{"id":4988,"date":"2015-12-07T11:27:39","date_gmt":"2015-12-07T10:27:39","guid":{"rendered":"http:\/\/www.andreclaude.fr\/web\/index.php\/produit\/echalote-petite-les-250-grs\/"},"modified":"2025-09-09T07:30:33","modified_gmt":"2025-09-09T06:30:33","slug":"echalote-petite-les-250-grs","status":"publish","type":"product","link":"http:\/\/www.passionfruits.fr\/index.php\/produit\/echalote-petite-les-250-grs\/","title":{"rendered":"Echalote  France Cat 1 les 250g"},"content":{"rendered":"","protected":false},"excerpt":{"rendered":"<p>Les \u00e9chalotes sont d\u00e9licieuses cuites ou crues. Elles ont un ar\u00f4me plus fin que l&#8217;oignon.<\/p>\n","protected":false},"featured_media":7649,"comment_status":"closed","ping_status":"closed","template":"","meta":{"spay_email":"","jetpack_publicize_message":"","jetpack_is_tweetstorm":false},"jetpack_publicize_connections":[],"jetpack_sharing_enabled":true,"jetpack-related-posts":[{"id":17807,"url":"http:\/\/www.passionfruits.fr\/index.php\/produit\/echalote-cuisse-grosse-france-cat-1-les-250g\/","url_meta":{"origin":4988,"position":0},"title":"Echalote cuisse grosse France Cat 1 les 250g","date":"24 mars 2021","format":false,"excerpt":"","rel":"","context":"Article similaire","img":{"alt_text":"","src":"https:\/\/i2.wp.com\/www.passionfruits.fr\/wp-content\/uploads\/2021\/03\/echalotte-1.jpg?fit=600%2C600&resize=350%2C200","width":350,"height":200},"classes":[]},{"id":5289,"url":"http:\/\/www.passionfruits.fr\/index.php\/produit\/betterave-crue-nouvelle-les-500-grs\/","url_meta":{"origin":4988,"position":1},"title":"Betterave crue France Cat 1 la pi\u00e8ce env 250g","date":"7 d\u00e9cembre 2015","format":false,"excerpt":"Compte tenu du temps de cuisson assez long, on trouve souvent la racine de betterave d\u00e9j\u00e0 cuite, vendue en vrac\u00a0 ou sous vide. On peut \u00e9galement la d\u00e9guster crue, r\u00e2p\u00e9e ou en carpaccio. Elle est, le plus souvent, consomm\u00e9e en salade.","rel":"","context":"Article similaire","img":{"alt_text":"","src":"https:\/\/i2.wp.com\/www.passionfruits.fr\/wp-content\/uploads\/2015\/12\/bettravecrue.jpg?fit=600%2C600&resize=350%2C200","width":350,"height":200},"classes":[]},{"id":5295,"url":"http:\/\/www.passionfruits.fr\/index.php\/produit\/oignon-roscoff-les-500-grs\/","url_meta":{"origin":4988,"position":2},"title":"Oignon Roscoff  France Cat 1 les 500g","date":"7 d\u00e9cembre 2015","format":false,"excerpt":"L'oignon de Roscoff\u00a0 se caract\u00e9rise par la couleur ros\u00e9e de leur tunique et de leur chair. Cru, son odeur est fruit\u00e9e, sa texture est croquante et tr\u00e8s juteuse. Son go\u00fbt sucr\u00e9 permet son utilisation en salades. Cuit, l\u2019oignon d\u00e9veloppe son go\u00fbt sucr\u00e9 et fruit\u00e9. La texture devient fondante. Il constitue\u2026","rel":"","context":"Article similaire","img":{"alt_text":"","src":"https:\/\/i0.wp.com\/www.passionfruits.fr\/wp-content\/uploads\/2015\/12\/oignon-roscoff.jpg?fit=596%2C591&resize=350%2C200","width":350,"height":200},"classes":[]},{"id":4957,"url":"http:\/\/www.passionfruits.fr\/index.php\/produit\/betterave-ronde-cuite-les-500-grs\/","url_meta":{"origin":4988,"position":3},"title":"Betterave ronde France Cat 1 la pi\u00e8ce env. 250g","date":"7 d\u00e9cembre 2015","format":false,"excerpt":"","rel":"","context":"Article similaire","img":{"alt_text":"","src":"https:\/\/i2.wp.com\/www.passionfruits.fr\/wp-content\/uploads\/2015\/12\/betterave-ronde.jpg?fit=600%2C600&resize=350%2C200","width":350,"height":200},"classes":[]},{"id":4958,"url":"http:\/\/www.passionfruits.fr\/index.php\/produit\/betterave-longue-cuite-les-500-grs\/","url_meta":{"origin":4988,"position":4},"title":"Betterave longue France Cat 1 la pi\u00e8ce env. 250g","date":"7 d\u00e9cembre 2015","format":false,"excerpt":"","rel":"","context":"Article similaire","img":{"alt_text":"","src":"https:\/\/i2.wp.com\/www.passionfruits.fr\/wp-content\/uploads\/2015\/12\/betterave-crapaudine-cuite.jpg?fit=264%2C264&resize=350%2C200","width":350,"height":200},"classes":[]},{"id":4894,"url":"http:\/\/www.passionfruits.fr\/index.php\/produit\/endive-promo-le-kilo\/","url_meta":{"origin":4988,"position":5},"title":"Endive France   Cat 1 les 500 grs","date":"7 d\u00e9cembre 2015","format":false,"excerpt":"Crue ou cuite, un d\u00e9lice !!!!","rel":"","context":"Article similaire","img":{"alt_text":"","src":"https:\/\/i0.wp.com\/www.passionfruits.fr\/wp-content\/uploads\/2015\/12\/endive.jpg?fit=600%2C600&resize=350%2C200","width":350,"height":200},"classes":[]}],"_links":{"self":[{"href":"http:\/\/www.passionfruits.fr\/index.php\/wp-json\/wp\/v2\/product\/4988"}],"collection":[{"href":"http:\/\/www.passionfruits.fr\/index.php\/wp-json\/wp\/v2\/product"}],"about":[{"href":"http:\/\/www.passionfruits.fr\/index.php\/wp-json\/wp\/v2\/types\/product"}],"replies":[{"embeddable":true,"href":"http:\/\/www.passionfruits.fr\/index.php\/wp-json\/wp\/v2\/comments?post=4988"}],"wp:featuredmedia":[{"embeddable":true,"href":"http:\/\/www.passionfruits.fr\/index.php\/wp-json\/wp\/v2\/media\/7649"}],"wp:attachment":[{"href":"http:\/\/www.passionfruits.fr\/index.php\/wp-json\/wp\/v2\/media?parent=4988"}],"curies":[{"name":"wp","href":"https:\/\/api.w.org\/{rel}","templated":true}]}}