{"id":5399,"date":"2015-12-07T11:31:39","date_gmt":"2015-12-07T10:31:39","guid":{"rendered":"http:\/\/www.andreclaude.fr\/web\/index.php\/produit\/gewurztraminer-jean-baptiste-adam\/"},"modified":"2025-11-04T08:19:48","modified_gmt":"2025-11-04T07:19:48","slug":"gewurztraminer-jean-baptiste-adam","status":"publish","type":"product","link":"http:\/\/www.passionfruits.fr\/index.php\/produit\/gewurztraminer-jean-baptiste-adam\/","title":{"rendered":"Gewurztraminer"},"content":{"rendered":"","protected":false},"excerpt":{"rendered":"<p>Certaines caves puisent les racines de leur identit\u00e9 au plus profond de l\u2019histoire. Rares sont celles qui en plus peuvent se pr\u00e9valoir de quatre si\u00e8cles de passion et de tradition.<\/p>\n<p>\u00c9lev\u00e9s dans le respect des traditions familiales, ces vins expriment avec typicit\u00e9, la fra\u00eecheur et le fruit\u00e9 d\u00e9licat du c\u00e9page. Dans leur jeunesse, appr\u00e9ciez-les avec de la cuisine vari\u00e9e et des plats de terroir.<\/p>\n<p>Alcool 12,5 % Contient des sulfites. Adam 5 rue de l&#8217;aigle 68770 Ammerschwihr.<\/p>\n<p>La consommation de boissons alcoolis\u00e9es pendant la grossesse, m\u00eame en faible quantit\u00e9, peut avoir des cons\u00e9quences graves sur la sant\u00e9 de l\u2019enfant.<br \/>\nLA VENTE D ALCOOL EST INTERDITE AUX MINEURS.<br \/>\nL ABUS D ALCOOL EST DANGEREUX POUR LA SANTE. A CONSOMMER AVEC MODERATION.<\/p>\n","protected":false},"featured_media":14658,"comment_status":"closed","ping_status":"closed","template":"","meta":{"spay_email":"","jetpack_publicize_message":"","jetpack_is_tweetstorm":false},"jetpack_publicize_connections":[],"jetpack_sharing_enabled":true,"jetpack-related-posts":[{"id":5398,"url":"http:\/\/www.passionfruits.fr\/index.php\/produit\/riesling-jean-baptiste-adam\/","url_meta":{"origin":5399,"position":0},"title":"Riesling","date":"7 d\u00e9cembre 2015","format":false,"excerpt":"Certaines caves puisent les racines de leur identit\u00e9 au plus profond de l\u2019histoire. Rares sont celles qui en plus peuvent se pr\u00e9valoir de quatre si\u00e8cles de passion et de tradition. \u00c9lev\u00e9s dans le respect des traditions familiales, ces vins expriment avec typicit\u00e9, la fra\u00eecheur et le fruit\u00e9 d\u00e9licat du c\u00e9page.\u2026","rel":"","context":"Article similaire","img":{"alt_text":"","src":"https:\/\/i0.wp.com\/www.passionfruits.fr\/wp-content\/uploads\/2015\/12\/riesling-reserve-2015.jpg?fit=600%2C600&resize=350%2C200","width":350,"height":200},"classes":[]},{"id":5401,"url":"http:\/\/www.passionfruits.fr\/index.php\/produit\/vendanges-tardives-jean-baptiste-adam\/","url_meta":{"origin":5399,"position":1},"title":"Vendanges tardives Jean Baptiste Adam 75 cl 2011","date":"7 d\u00e9cembre 2015","format":false,"excerpt":"Vin blanc moelleux. Certaines caves puisent les racines de leur identit\u00e9 au plus profond de l\u2019histoire. Rares sont celles qui en plus peuvent se pr\u00e9valoir de quatre si\u00e8cles de passion et de tradition. \u00c9lev\u00e9s dans le respect des traditions familiales, ces vins expriment avec typicit\u00e9, la fra\u00eecheur et le fruit\u00e9\u2026","rel":"","context":"Article similaire","img":{"alt_text":"","src":"https:\/\/i0.wp.com\/www.passionfruits.fr\/wp-content\/uploads\/2015\/12\/tardive1.jpg?fit=600%2C600&resize=350%2C200","width":350,"height":200},"classes":[]},{"id":5410,"url":"http:\/\/www.passionfruits.fr\/index.php\/produit\/muscat-de-rivesaltes-bouteille-75-cl\/","url_meta":{"origin":5399,"position":2},"title":"Muscat de Rivesaltes bouteille 75 cl","date":"7 d\u00e9cembre 2015","format":false,"excerpt":"Vins Doux Naturels Tr\u00e9sors du Roussillon : Les Vins Doux Naturels sont des purs produits de tradition cr\u00e9\u00e9s en Roussillon. Ces vins g\u00e9n\u00e9reux sont \u00e9labor\u00e9s \u00e0 partir d\u2019un enc\u00e9pagement limit\u00e9 aux c\u00e9pages \u00ab nobles \u00bb : Grenache, Macabeu, Malvoisie du Roussillon et Muscats. la cave des Vignerons des C\u00f4tes d\u2019Agly\u2026","rel":"","context":"Article similaire","img":{"alt_text":"","src":"https:\/\/i0.wp.com\/www.passionfruits.fr\/wp-content\/uploads\/2015\/12\/Muscat-.jpg?fit=600%2C600&resize=350%2C200","width":350,"height":200},"classes":[]},{"id":11415,"url":"http:\/\/www.passionfruits.fr\/index.php\/produit\/champagne-bouche-pere-fils-cuvee-rosee-75-cl\/","url_meta":{"origin":5399,"position":3},"title":"Champagne Bouch\u00e9 P\u00e8re & Fils Cuv\u00e9e Ros\u00e9e 75 cl","date":"15 d\u00e9cembre 2017","format":false,"excerpt":"Cette cuv\u00e9e est compos\u00e9e de 50% Pinot Noir, 40% Chardonnay et 10% Pinot Meunier. \u2013 ros\u00e9 d\u2019assemblage \u2013 trois ann\u00e9es de vieillissement en bouteille. \u2013 ar\u00f4mes \u00e9l\u00e9gant et subtils de fruits rouges Oeil : Robe rose claire, bulles fines et d\u00e9licates. Nez : Tr\u00e8s fruit\u00e9, ar\u00f4mes de fruits rouges et\u2026","rel":"","context":"Article similaire","img":{"alt_text":"","src":"https:\/\/i0.wp.com\/www.passionfruits.fr\/wp-content\/uploads\/2017\/12\/bouche-rose1.jpg?fit=600%2C599&resize=350%2C200","width":350,"height":200},"classes":[]},{"id":11418,"url":"http:\/\/www.passionfruits.fr\/index.php\/produit\/champagne-bouche-pere-fils-cuvee-saphir-75-cl\/","url_meta":{"origin":5399,"position":4},"title":"Champagne Bouch\u00e9 P\u00e8re & Fils Cuv\u00e9e Saphir 75 cl","date":"15 d\u00e9cembre 2017","format":false,"excerpt":"Ce champagne se compose de 75% Chardonnay 20 % pinot noir et 5% Pinot Meunier. Il est issu des vieilles vignes de la Maison. \u2013 10 ans de vieillissement \u2013 Dosage 8g\/L \u2013 liqueur vieillie sous bois Oeil : Robe jaune soutenue, bulles fines, effervescence l\u00e9g\u00e8re et agr\u00e9able. Nez :\u2026","rel":"","context":"Article similaire","img":{"alt_text":"","src":"https:\/\/i1.wp.com\/www.passionfruits.fr\/wp-content\/uploads\/2017\/12\/bouche-saphir.jpg?fit=600%2C600&resize=350%2C200","width":350,"height":200},"classes":[]},{"id":12186,"url":"http:\/\/www.passionfruits.fr\/index.php\/produit\/rhum-mojito-la-bouteille-70-cl\/","url_meta":{"origin":5399,"position":5},"title":"Rhum Mojito la bouteille 70 cl","date":"15 mai 2018","format":false,"excerpt":"C\u2019est un cocktail rafra\u00eechissant qui vous fera voyager vers Cuba sur un air de salsa. Il est \u00e0 consommer frais, tel quel, avec de la glace. Pour effet encore plus \u00ab\u00a0Mojito\u00a0\u00bb : Allong\u00e9 d\u2019un trait d\u2019eau gazeuse Mettre quelques feuilles de menthe 2 pailles et d\u00e9guster\u2026 Alcool 20 % La\u2026","rel":"","context":"Article similaire","img":{"alt_text":"","src":"https:\/\/i1.wp.com\/www.passionfruits.fr\/wp-content\/uploads\/2018\/05\/citron-vert-menthe1.jpg?fit=600%2C600&resize=350%2C200","width":350,"height":200},"classes":[]}],"_links":{"self":[{"href":"http:\/\/www.passionfruits.fr\/index.php\/wp-json\/wp\/v2\/product\/5399"}],"collection":[{"href":"http:\/\/www.passionfruits.fr\/index.php\/wp-json\/wp\/v2\/product"}],"about":[{"href":"http:\/\/www.passionfruits.fr\/index.php\/wp-json\/wp\/v2\/types\/product"}],"replies":[{"embeddable":true,"href":"http:\/\/www.passionfruits.fr\/index.php\/wp-json\/wp\/v2\/comments?post=5399"}],"wp:featuredmedia":[{"embeddable":true,"href":"http:\/\/www.passionfruits.fr\/index.php\/wp-json\/wp\/v2\/media\/14658"}],"wp:attachment":[{"href":"http:\/\/www.passionfruits.fr\/index.php\/wp-json\/wp\/v2\/media?parent=5399"}],"curies":[{"name":"wp","href":"https:\/\/api.w.org\/{rel}","templated":true}]}}