{"id":5578,"date":"2015-12-07T11:33:23","date_gmt":"2015-12-07T10:33:23","guid":{"rendered":"http:\/\/www.andreclaude.fr\/web\/index.php\/produit\/domaine-du-tariquet-1eres-grives-2012\/"},"modified":"2024-12-28T09:51:02","modified_gmt":"2024-12-28T08:51:02","slug":"domaine-du-tariquet-1eres-grives-2012","status":"publish","type":"product","link":"http:\/\/www.passionfruits.fr\/index.php\/produit\/domaine-du-tariquet-1eres-grives-2012\/","title":{"rendered":"Domaine du Tariquet premi\u00e8res Grives 75 cl 2023"},"content":{"rendered":"","protected":false},"excerpt":{"rendered":"<p><span class=\"text-geneva-normal\">A l&#8217;arriv\u00e9e des premi\u00e8res grives, lors des premiers frimas de l&#8217;automne, d\u00e9bute la r\u00e9colte des c\u00e9pages tardifs. De ces grappes \u00e0 la maturit\u00e9 avanc\u00e9e encore garnie de grains gorg\u00e9s de sucre et de plaisir est issu un vin fin, \u00e9l\u00e9gant et typ\u00e9.<br \/>\nLe caract\u00e8re est exotique et gourmand. La bouche est pleine et poss\u00e8de une grande fra\u00eecheur qui dynamise l&#8217;ensemble. Moment de bonheur imm\u00e9diat, un vrai moelleux \u00e9quilibr\u00e9 laissant place \u00e0 une finale de raisin frais&#8230; <\/span>Dangereusement bon, cette cuv\u00e9e a fait la notori\u00e9t\u00e9 et le succ\u00e8s du Domaine Tariquet.\u00a0Ne pas le conna\u00eetre est un p\u00e9ch\u00e9&#8230; C&#8217;est un vin qui se glisse entre 2 sensations : celle d&#8217;une onctuosit\u00e9 enj\u00f4leuse, conjugu\u00e9e \u00e0 une profonde fra\u00eecheur. Ce duo moelleux\/fra\u00eecheur, qui fonctionne \u00e0 merveille, lui donne cette originalit\u00e9 si recherch\u00e9e. Le plaisir de se faire plaisir !<\/p>\n<p>C&#8217;est un vin qui se glisse entre deux sensations. Celle d&#8217;une onctuosit\u00e9 enj\u00f4leuse dispens\u00e9e par une force contenue. Il est re\u00e7u comme un plaisir t\u00e9m\u00e9raire, fait pour d\u00e9clencher un frisson inattendu. Il appelle imm\u00e9diatement \u00e0 reproduire cet effet de surprise, \u00e0 s&#8217;encanailler en sa compagnie. C&#8217;est un vin que l&#8217;on doit boire avec mod\u00e9ration mais en laissant sa raison entre parenth\u00e8ses.<\/p>\n<p class=\" text-justify\">Alcool 11.5 % Contient des sulfites.<\/p>\n<p class=\" text-justify\">La consommation de boissons alcoolis\u00e9es pendant la grossesse, m\u00eame en faible quantit\u00e9, peut avoir des cons\u00e9quences graves sur la sant\u00e9 de l\u2019enfant.<\/p>\n<p class=\" text-justify\">L ABUS D ALCOOL EST DANGEREUX POUR LA SANTE. A CONSOMMER AVEC MODERATION.<\/p>\n<p class=\" text-justify\">LA VENTE D ALCOOL EST INTERDITE AUX MINEURS.<\/p>\n<p>Domaine du Tariquet 32800 Eauze<\/p>\n","protected":false},"featured_media":7289,"comment_status":"closed","ping_status":"closed","template":"","meta":{"spay_email":"","jetpack_publicize_message":"","jetpack_is_tweetstorm":false},"jetpack_publicize_connections":[],"jetpack_sharing_enabled":true,"jetpack-related-posts":[{"id":5574,"url":"http:\/\/www.passionfruits.fr\/index.php\/produit\/domaine-du-tariquet-ugni-blanc-2013\/","url_meta":{"origin":5578,"position":0},"title":"Domaine du Tariquet Ugni Blanc 75 cl 2021","date":"7 d\u00e9cembre 2015","format":false,"excerpt":"35.70 \u20ac le carton de 6 bouteilles soit 5.95 \u20ac la bouteille \u00a0 Magnifique intensit\u00e9 pour ce vin sec et fruit\u00e9, tr\u00e8s ouvert sur des ar\u00f4mes floraux, d'agrumes, dot\u00e9 de belles nuances exotiques. Un vin tonique, croquant, avec beaucoup de fra\u00eecheur en bouche. C\u2019est un vin qui \u00f4te la soif.\u2026","rel":"","context":"Article similaire","img":{"alt_text":"","src":"https:\/\/i0.wp.com\/www.passionfruits.fr\/wp-content\/uploads\/2015\/12\/domaine-de-tariquet-classic-2010-ugni-blanc-colombard.jpg?fit=600%2C600&resize=350%2C200","width":350,"height":200},"classes":[]},{"id":5576,"url":"http:\/\/www.passionfruits.fr\/index.php\/produit\/domaine-du-tariquet-rose-2013\/","url_meta":{"origin":5578,"position":1},"title":"Domaine du Tariquet ros\u00e9 75 cl 2024","date":"7 d\u00e9cembre 2015","format":false,"excerpt":"35.40 \u20ac le carton de 6 bouteilles soit 5.90 \u20ac la bouteille \u00a0 Une robe grenadine, un nez intense et subtil, sur des notes d'\u00e9pices douces \u00e9voluant franchement vers un duo gourmand de framboise sauvages et de p\u00e9tales de fleurs. L'attaque en bouche est opulente, fra\u00eeche\u2026 Le fruit est gourmand,\u2026","rel":"","context":"Article similaire","img":{"alt_text":"","src":"https:\/\/i2.wp.com\/www.passionfruits.fr\/wp-content\/uploads\/2015\/12\/tariquet-rose.jpg?fit=600%2C600&resize=350%2C200","width":350,"height":200},"classes":[]},{"id":5408,"url":"http:\/\/www.passionfruits.fr\/index.php\/produit\/chateau-de-laubade-xo-elie-70-cl\/","url_meta":{"origin":5578,"position":2},"title":"Armagnac XO Ch\u00e2teau du Tariquet 70 CL","date":"7 d\u00e9cembre 2015","format":false,"excerpt":"Commentaire de d\u00e9gustation : R\u00e9f\u00e9rence internationale\u2026 XO Nez intense, confit, aux ar\u00f4mes de pain chaud avec des notes de fruits confits et de grill\u00e9. La bouche est fra\u00eeche et ronde, souple, t\u00e9moin d\u2019un subtil mariage entre le vanill\u00e9 du bois et le fruit. La finale est \u00e9panouie, elle retient des\u2026","rel":"","context":"Article similaire","img":{"alt_text":"","src":"https:\/\/i0.wp.com\/www.passionfruits.fr\/wp-content\/uploads\/2015\/12\/armagnac-xo-tariquet.jpg?fit=600%2C600&resize=350%2C200","width":350,"height":200},"classes":[]},{"id":5555,"url":"http:\/\/www.passionfruits.fr\/index.php\/produit\/aoc-quincy-2012\/","url_meta":{"origin":5578,"position":3},"title":"Quincy Eric Louis 75 cl 2023","date":"7 d\u00e9cembre 2015","format":false,"excerpt":"C\u00e9page : 100% Sauvignon Blanc Terroir :Les vignes qui vont donner naissance aux vins de Quincy sont plant\u00e9es sur une terrasse ancienne du Cher constitu\u00e9e de sables et de graves. Travail de la vigne : La vigne est l\u2019objet d\u2019observations constantes: nous limitons nos rendements, d\u00e9butons les vendanges suivant la\u2026","rel":"","context":"Article similaire","img":{"alt_text":"","src":"https:\/\/i2.wp.com\/www.passionfruits.fr\/wp-content\/uploads\/2015\/12\/quincy-ec.jpg?fit=600%2C600&resize=350%2C200","width":350,"height":200},"classes":[]},{"id":17658,"url":"http:\/\/www.passionfruits.fr\/index.php\/produit\/pure-folle-blanche-armagnac-bouteille-50cl-2020\/","url_meta":{"origin":5578,"position":4},"title":"Pure Folle Blanche Armagnac bouteille 50cl 2020","date":"8 mars 2021","format":false,"excerpt":"Armagnac Pure Folle Blanche non vieilli distill\u00e9 en 2020 46% Domaine du Tariquet 32800 Eauze La consommation de boissons alcoolis\u00e9es pendant la grossesse, m\u00eame en faible quantit\u00e9, peut avoir des cons\u00e9quences graves sur la sant\u00e9 de l\u2019enfant. L ABUS D ALCOOL EST DANGEREUX POUR LA SANTE. A CONSOMMER AVEC MODERATION.\u2026","rel":"","context":"Article similaire","img":{"alt_text":"","src":"https:\/\/i2.wp.com\/www.passionfruits.fr\/wp-content\/uploads\/2021\/03\/Blanche-Armagnac.jpg?fit=600%2C600&resize=350%2C200","width":350,"height":200},"classes":[]},{"id":5401,"url":"http:\/\/www.passionfruits.fr\/index.php\/produit\/vendanges-tardives-jean-baptiste-adam\/","url_meta":{"origin":5578,"position":5},"title":"Vendanges tardives Jean Baptiste Adam 75 cl 2011","date":"7 d\u00e9cembre 2015","format":false,"excerpt":"Vin blanc moelleux. Certaines caves puisent les racines de leur identit\u00e9 au plus profond de l\u2019histoire. Rares sont celles qui en plus peuvent se pr\u00e9valoir de quatre si\u00e8cles de passion et de tradition. \u00c9lev\u00e9s dans le respect des traditions familiales, ces vins expriment avec typicit\u00e9, la fra\u00eecheur et le fruit\u00e9\u2026","rel":"","context":"Article similaire","img":{"alt_text":"","src":"https:\/\/i0.wp.com\/www.passionfruits.fr\/wp-content\/uploads\/2015\/12\/tardive1.jpg?fit=600%2C600&resize=350%2C200","width":350,"height":200},"classes":[]}],"_links":{"self":[{"href":"http:\/\/www.passionfruits.fr\/index.php\/wp-json\/wp\/v2\/product\/5578"}],"collection":[{"href":"http:\/\/www.passionfruits.fr\/index.php\/wp-json\/wp\/v2\/product"}],"about":[{"href":"http:\/\/www.passionfruits.fr\/index.php\/wp-json\/wp\/v2\/types\/product"}],"replies":[{"embeddable":true,"href":"http:\/\/www.passionfruits.fr\/index.php\/wp-json\/wp\/v2\/comments?post=5578"}],"wp:featuredmedia":[{"embeddable":true,"href":"http:\/\/www.passionfruits.fr\/index.php\/wp-json\/wp\/v2\/media\/7289"}],"wp:attachment":[{"href":"http:\/\/www.passionfruits.fr\/index.php\/wp-json\/wp\/v2\/media?parent=5578"}],"curies":[{"name":"wp","href":"https:\/\/api.w.org\/{rel}","templated":true}]}}