{"id":5657,"date":"2015-12-07T11:34:12","date_gmt":"2015-12-07T10:34:12","guid":{"rendered":"http:\/\/www.andreclaude.fr\/web\/index.php\/produit\/creme-dessert-vanille-x4\/"},"modified":"2019-03-02T09:49:39","modified_gmt":"2019-03-02T08:49:39","slug":"creme-dessert-vanille-x4","status":"publish","type":"product","link":"http:\/\/www.passionfruits.fr\/index.php\/produit\/creme-dessert-vanille-x4\/","title":{"rendered":"Cr\u00e8me dessert vanille Elle et Vire x4"},"content":{"rendered":"<p>Elvir<\/p>\n<p>50890 Cond\u00e9 sur Vire<\/p>\n<p>France<\/p>\n","protected":false},"excerpt":{"rendered":"<p>Cr\u00e8me dessert aromatis\u00e9e saveur vanille st\u00e9r\u00e9lis\u00e9e UHT<\/p>\n<p>Id\u00e9al en dessert ou en go\u00fbter. 4 Pots de 125g. Fabriqu\u00e9 en Normandie \u00e0 Cond\u00e9-sur-Vire.<\/p>\n<p>Ingr\u00e9dients : <strong>lait<\/strong> entier, solution de lactose (<strong>lait<\/strong>), sucre, amidon modifi\u00e9, sirop de glucose, \u00e9paississant : caragh\u00e9nane, ar\u00f4me, colorant E161b, sel,<strong> oeuf<\/strong><\/p>\n<p>Valeur nutritionnelle pour 100 g<\/p>\n<p>Energie : 438kj\/104kcal<\/p>\n<p>Mati\u00e8res grasses : 2.7g dont acides gras satur\u00e9s : 1.9g<\/p>\n<p>Glucides : 17.8g dont sucres 13.5g<\/p>\n<p>Prot\u00e9ines : 2g<\/p>\n<p>Sel : 0.16g<\/p>\n<p>&nbsp;<\/p>\n","protected":false},"featured_media":7692,"comment_status":"closed","ping_status":"closed","template":"","meta":{"spay_email":"","jetpack_publicize_message":"","jetpack_is_tweetstorm":false},"jetpack_publicize_connections":[],"jetpack_sharing_enabled":true,"jetpack-related-posts":[{"id":5663,"url":"http:\/\/www.passionfruits.fr\/index.php\/produit\/creme-dessert-cafe-x-4\/","url_meta":{"origin":5657,"position":0},"title":"Cr\u00e8me dessert caf\u00e9  Elle et Vire x 4","date":"7 d\u00e9cembre 2015","format":false,"excerpt":"Cr\u00e8me dessert aromatis\u00e9e saveur caf\u00e9 st\u00e9r\u00e9lis\u00e9e UHT Id\u00e9al en dessert ou en go\u00fbter. 4 Pots de 125g. Fabriqu\u00e9 en Normandie \u00e0 Cond\u00e9-sur-Vire. Ingr\u00e9dients : lait entier, solution de lactose (lait),sucre, amidon modifi\u00e9, sirop de glucose, ar\u00f4me, \u00e9paississant : carragh\u00e9nane, colorant : E150c, sel, oeuf Valeur nutritionnelle pour 100 g Energie\u2026","rel":"","context":"Article similaire","img":{"alt_text":"","src":"https:\/\/i0.wp.com\/www.passionfruits.fr\/wp-content\/uploads\/2015\/12\/creme-dessert-cafe.jpg?fit=600%2C600&resize=350%2C200","width":350,"height":200},"classes":[]},{"id":5659,"url":"http:\/\/www.passionfruits.fr\/index.php\/produit\/creme-dessert-chocolat-x4\/","url_meta":{"origin":5657,"position":1},"title":"Cr\u00e8me dessert chocolat Elle et Vire x4","date":"7 d\u00e9cembre 2015","format":false,"excerpt":"Cr\u00e8me dessert chocolat st\u00e9r\u00e9lis\u00e9e UHT Id\u00e9al en dessert ou en go\u00fbter. 4 Pots de 125g. Fabriqu\u00e9 en Normandie \u00e0 Cond\u00e9-sur-Vire. Ingr\u00e9dients : lait entier, solution de lactose (lait),chocolat en poudre (2.8%), amidon modifi\u00e9, cacao, \u00e9paississant : carragh\u00e9nane,\u00a0 sel, oeuf, l\u00e9cithine de soja Valeur nutritionnelle pour 100 g Energie : 492kj\/117kcal\u2026","rel":"","context":"Article similaire","img":{"alt_text":"","src":"https:\/\/i1.wp.com\/www.passionfruits.fr\/wp-content\/uploads\/2015\/12\/creme-dessert-chocolat.jpg?fit=600%2C600&resize=350%2C200","width":350,"height":200},"classes":[]},{"id":5668,"url":"http:\/\/www.passionfruits.fr\/index.php\/produit\/chantilly-250-grs\/","url_meta":{"origin":5657,"position":2},"title":"Bombe Chantilly Isigny \u00e0 la vanille de Madagascar 244ml","date":"7 d\u00e9cembre 2015","format":false,"excerpt":"C'est au sein des ateliers d'Isigny Sainte-M\u00e8re que la premi\u00e8re bombe de cr\u00e8me Chantilly UHT sous pression fut mise au point, au d\u00e9but des ann\u00e9es 1970. Aujourd'hui, parfum\u00e9e \u00e0 la vanille naturelle de Madagascar, elle est la complice id\u00e9ale de tous vos desserts : glaces, g\u00e2teaux ou fruits, fraise, framboise\u2026","rel":"","context":"Article similaire","img":{"alt_text":"","src":"https:\/\/i2.wp.com\/www.passionfruits.fr\/wp-content\/uploads\/2015\/12\/chantilly-1.jpg?fit=600%2C600&resize=350%2C200","width":350,"height":200},"classes":[]},{"id":5703,"url":"http:\/\/www.passionfruits.fr\/index.php\/produit\/creme-anglaise-1-litre\/","url_meta":{"origin":5657,"position":3},"title":"Cr\u00e8me anglaise Brique de 1 litre","date":"7 d\u00e9cembre 2015","format":false,"excerpt":"La cr\u00e8me anglaise est pr\u00eate \u00e0 servir pour accompagner tous les desserts, napper ou assembler. Elle convient \u00e0 toutes les pr\u00e9parations de dessert. St\u00e9r\u00e9lis\u00e9e UHT Ingr\u00e9dients : Lait \u00e9cr\u00e9m\u00e9, sucre, cr\u00e8me 7.5%, amidon transform\u00e9, ar\u00f4me, g\u00e9lifiant; carragh\u00e9nanes, sel, colorants : caramel ordinaire et b\u00eata-carot\u00e8ne. Lait et cr\u00e8me origine France Valeurs\u2026","rel":"","context":"Article similaire","img":{"alt_text":"","src":"https:\/\/i2.wp.com\/www.passionfruits.fr\/wp-content\/uploads\/2015\/12\/creme-anglaise-uht.jpg?fit=600%2C600&resize=350%2C200","width":350,"height":200},"classes":[]},{"id":6167,"url":"http:\/\/www.passionfruits.fr\/index.php\/produit\/flan-vanille-le-sachet\/","url_meta":{"origin":5657,"position":4},"title":"Flan \u00e0 la vanille le sachet de 45g","date":"7 d\u00e9cembre 2015","format":false,"excerpt":"Abbaye de la Coudre. Les s\u0153urs fabriquent des pr\u00e9parations pour cr\u00e8mes desserts, \u00e0 partir d\u2019ingr\u00e9dients naturels , sans gluten et sans colorants ni conservateurs. Leur go\u00fbt est fin et d\u00e9licat.Sachet 45g. Ingr\u00e9dients : sucre, amidon de ma\u00efs, g\u00e9lifiant : carragh\u00e9nanes, ar\u00f4me naturel Peut contenir de traces de gluten et de\u2026","rel":"","context":"Article similaire","img":{"alt_text":"","src":"https:\/\/i2.wp.com\/www.passionfruits.fr\/wp-content\/uploads\/2015\/12\/flans.jpg?fit=600%2C600&resize=350%2C200","width":350,"height":200},"classes":[]},{"id":5823,"url":"http:\/\/www.passionfruits.fr\/index.php\/produit\/riz-rond-le-kilo\/","url_meta":{"origin":5657,"position":5},"title":"Riz Rond Italie barq env 400g","date":"7 d\u00e9cembre 2015","format":false,"excerpt":"Le riz rond pour les desserts Ce riz rond est utilis\u00e9 de pr\u00e9f\u00e9rence pour les desserts (g\u00e2teau de riz, riz au lait). Il peut \u00eatre cuit, selon l'utilisation, dans de l'eau ou dans du lait.\u00a0Le riz rond, contrairement aux riz longs qui absorbent peu d'eau, gonfle lors de la cuisson.\u2026","rel":"","context":"Article similaire","img":{"alt_text":"","src":"https:\/\/i0.wp.com\/www.passionfruits.fr\/wp-content\/uploads\/2015\/12\/riz-rond.jpg?fit=600%2C600&resize=350%2C200","width":350,"height":200},"classes":[]}],"_links":{"self":[{"href":"http:\/\/www.passionfruits.fr\/index.php\/wp-json\/wp\/v2\/product\/5657"}],"collection":[{"href":"http:\/\/www.passionfruits.fr\/index.php\/wp-json\/wp\/v2\/product"}],"about":[{"href":"http:\/\/www.passionfruits.fr\/index.php\/wp-json\/wp\/v2\/types\/product"}],"replies":[{"embeddable":true,"href":"http:\/\/www.passionfruits.fr\/index.php\/wp-json\/wp\/v2\/comments?post=5657"}],"wp:featuredmedia":[{"embeddable":true,"href":"http:\/\/www.passionfruits.fr\/index.php\/wp-json\/wp\/v2\/media\/7692"}],"wp:attachment":[{"href":"http:\/\/www.passionfruits.fr\/index.php\/wp-json\/wp\/v2\/media?parent=5657"}],"curies":[{"name":"wp","href":"https:\/\/api.w.org\/{rel}","templated":true}]}}