{"id":5760,"date":"2015-12-07T11:35:11","date_gmt":"2015-12-07T10:35:11","guid":{"rendered":"http:\/\/www.andreclaude.fr\/web\/index.php\/produit\/brie-au-poivre-part-env-200-grs\/"},"modified":"2023-01-10T10:34:01","modified_gmt":"2023-01-10T09:34:01","slug":"brie-au-poivre-part-env-200-grs","status":"publish","type":"product","link":"http:\/\/www.passionfruits.fr\/index.php\/produit\/brie-au-poivre-part-env-200-grs\/","title":{"rendered":"Brie au poivre part environ 200 grs"},"content":{"rendered":"<div class=\"rte\">\u00a0Fabriqu\u00e9 par la fromagerie Henri Hutin 55320 DIEUE sur MEUSE<\/div>\n","protected":false},"excerpt":{"rendered":"<p>Sa texture est proche du brie mais l\u00e9g\u00e8rement plus ferme. Par contre son go\u00fbt est vraiment parfum\u00e9 dut \u00e0 son affinage. Sa cro\u00fbte contient le poivre ce qui lui rend un parfum irr\u00e9sistible pour les amateurs de poivre.<\/p>\n<p>Ingr\u00e9dients : <strong>lait<\/strong> de vache pasteuris\u00e9 ( origine UE ), poivre 2.5%, sel, <strong>ferments lactiques<\/strong> et d&#8217;affinage, pr\u00e9sure animale<\/p>\n<p>Valeurs nutritionnelles moyennes pour 100g<\/p>\n<p>Energie : 1490kj\/360kcal<\/p>\n<p>Mati\u00e8res grasses : 32g dont acides gras satur\u00e9s 22g<\/p>\n<p>Glucides : 1g dont sucres 1g<\/p>\n<p>Prot\u00e9ines : 17g<\/p>\n<p>Sel : 1.6g<\/p>\n<p>&nbsp;<\/p>\n<p>&nbsp;<\/p>\n","protected":false},"featured_media":7698,"comment_status":"closed","ping_status":"closed","template":"","meta":{"spay_email":"","jetpack_publicize_message":"","jetpack_is_tweetstorm":false},"jetpack_publicize_connections":[],"jetpack_sharing_enabled":true,"jetpack-related-posts":[{"id":10682,"url":"http:\/\/www.passionfruits.fr\/index.php\/produit\/neuville-au-poivre-la-piece-240-g\/","url_meta":{"origin":5760,"position":0},"title":"Neuville au poivre  la pi\u00e8ce 240 g","date":"6 juin 2017","format":false,"excerpt":"Le Neuville est un fromage \u00e0 p\u00e2te molle, au lait de vache pasteuris\u00e9. Sa mati\u00e8re grasse sur extrait sec est de 40 %, son poids de 240 g, Au cours de son affinage en cave, il d\u00e9veloppe une p\u00e2te homog\u00e8ne, cr\u00e9meuse \u00e0 souhait.","rel":"","context":"Article similaire","img":{"alt_text":"","src":"https:\/\/i2.wp.com\/www.passionfruits.fr\/wp-content\/uploads\/2017\/06\/Neuvillepoivre.jpg?fit=593%2C591&resize=350%2C200","width":350,"height":200},"classes":[]},{"id":9859,"url":"http:\/\/www.passionfruits.fr\/index.php\/produit\/chevre-poivre-noir-la-piece-env-100g\/","url_meta":{"origin":5760,"position":1},"title":"Ch\u00e8vre Perche blanc Poivre de la r\u00e9gion la pi\u00e8ce","date":"11 d\u00e9cembre 2016","format":false,"excerpt":"id\u00e9al pour d\u00e9corer votre plateau de fromages. FROMAGES M\u00c9DAILL\u00c9S Le 21 juin 2017, concours r\u00e9gional de fromages au ch\u00e2teau de Selles-Sur-Cher. 7 m\u00e9dailles re\u00e7ues pour 7 fromages pr\u00e9sent\u00e9s. Le Tr\u00e8ffle m\u00e9daille d'argent. La Pyramide m\u00e9daille d'argent ex-aequo. Le Petit Perche au poivre m\u00e9daille de bronze. Le Petit Perche persillade m\u00e9daille\u2026","rel":"","context":"Article similaire","img":{"alt_text":"","src":"https:\/\/i0.wp.com\/www.passionfruits.fr\/wp-content\/uploads\/2016\/12\/chevre-aromatise.jpg?fit=591%2C600&resize=350%2C200","width":350,"height":200},"classes":[]},{"id":17777,"url":"http:\/\/www.passionfruits.fr\/index.php\/produit\/moutarde-au-poivre-vert-le-pot-de-200g\/","url_meta":{"origin":5760,"position":2},"title":"Moutarde au poivre vert le pot de 200g","date":"21 mars 2021","format":false,"excerpt":"Ingr\u00e9dients : Graine de\u00a0moutarde, eau, vinaigre, sel, sucre,\u00a0poivre vert\u00a07.5% conservateur :\u00a0sulfite, acide de sodium Valeurs nutritionnelles moyennes pour 100g Energie :\u00a0808kj\/194kcal Mati\u00e8res grasses\u00a013.3g dont acides gras satur\u00e9s\u00a00.8g Glucides\u00a09.7g dont sucres\u00a05.3g Fibres alimentaires\u00a01.2g Prot\u00e9ines\u00a08.3g Sel\u00a05.1g Distrazur 26780 Malataverne","rel":"","context":"Article similaire","img":{"alt_text":"","src":"https:\/\/i2.wp.com\/www.passionfruits.fr\/wp-content\/uploads\/2021\/03\/Moutarde563.jpg?fit=640%2C480&resize=350%2C200","width":350,"height":200},"classes":[]},{"id":7899,"url":"http:\/\/www.passionfruits.fr\/index.php\/produit\/recharge-poivres-melange-4-baies-120g\/","url_meta":{"origin":5760,"position":3},"title":"Recharge 4 poivres m\u00e9lange et baies 120g","date":"29 janvier 2016","format":false,"excerpt":"Composition : poivre noir, poivre blanc, poivre vert, baies roses\u00a0 Procure un go\u00fbt chaleureux, aromatique et piquant.\u00a0Son utilisation est incontournable pour relever le go\u00fbt des aliments. \u00a0","rel":"","context":"Article similaire","img":{"alt_text":"","src":"https:\/\/i0.wp.com\/www.passionfruits.fr\/wp-content\/uploads\/2016\/01\/recharge-poivre.jpg?fit=600%2C600&resize=350%2C200","width":350,"height":200},"classes":[]},{"id":11522,"url":"http:\/\/www.passionfruits.fr\/index.php\/produit\/chevre-perche-cendre-de-la-region-la-piece\/","url_meta":{"origin":5760,"position":4},"title":"Ch\u00e8vre Perche cendr\u00e9 de la r\u00e9gion la pi\u00e8ce","date":"10 janvier 2018","format":false,"excerpt":"Petit Perche cendr\u00e9 Fromage de ch\u00e8vre fermier au lait cru \u2013 EARL DU PETIT PERCHE (97% de lait frais, 2% de lactos\u00e9rum issu de l\u2019exploitation,\u00a00,8% de pr\u00e9sure et 0,2 % de sel), provenant de L\u2019EARL DU PETIT PERCHE, Moul\u00e9 \u00e0 la louche Frais, Affin\u00e9 ou Sec Sel naturel noir Mati\u00e8re\u2026","rel":"","context":"Article similaire","img":{"alt_text":"","src":"https:\/\/i0.wp.com\/www.passionfruits.fr\/wp-content\/uploads\/2018\/01\/chevre-rond-cendre.jpg?fit=600%2C600&resize=350%2C200","width":350,"height":200},"classes":[]},{"id":6482,"url":"http:\/\/www.passionfruits.fr\/index.php\/produit\/petit-perche-blanc-la-piece\/","url_meta":{"origin":5760,"position":5},"title":"Ch\u00e8vre Perche blanc de la r\u00e9gion la pi\u00e8ce","date":"7 d\u00e9cembre 2015","format":false,"excerpt":"Le Petit Perche nature Fromage de ch\u00e8vre fermier au lait cru \u2013 EARL DU PETIT PERCHE (97% de lait frais, 2% de lactos\u00e9rum issu de l\u2019exploitation,\u00a00,8% de pr\u00e9sure et 0,2 % de sel), provenant de L\u2019EARL DU PETIT PERCHE, Moul\u00e9 \u00e0 la louche Frais, Affin\u00e9 ou Sec Sel naturel blanc\u2026","rel":"","context":"Article similaire","img":{"alt_text":"","src":"https:\/\/i2.wp.com\/www.passionfruits.fr\/wp-content\/uploads\/2015\/12\/chevre-frais.jpg?fit=600%2C600&resize=350%2C200","width":350,"height":200},"classes":[]}],"_links":{"self":[{"href":"http:\/\/www.passionfruits.fr\/index.php\/wp-json\/wp\/v2\/product\/5760"}],"collection":[{"href":"http:\/\/www.passionfruits.fr\/index.php\/wp-json\/wp\/v2\/product"}],"about":[{"href":"http:\/\/www.passionfruits.fr\/index.php\/wp-json\/wp\/v2\/types\/product"}],"replies":[{"embeddable":true,"href":"http:\/\/www.passionfruits.fr\/index.php\/wp-json\/wp\/v2\/comments?post=5760"}],"wp:featuredmedia":[{"embeddable":true,"href":"http:\/\/www.passionfruits.fr\/index.php\/wp-json\/wp\/v2\/media\/7698"}],"wp:attachment":[{"href":"http:\/\/www.passionfruits.fr\/index.php\/wp-json\/wp\/v2\/media?parent=5760"}],"curies":[{"name":"wp","href":"https:\/\/api.w.org\/{rel}","templated":true}]}}