{"id":5762,"date":"2015-12-07T11:35:11","date_gmt":"2015-12-07T10:35:11","guid":{"rendered":"http:\/\/www.andreclaude.fr\/web\/index.php\/produit\/crottin-lencloitre-demi-sec\/"},"modified":"2020-05-12T08:59:49","modified_gmt":"2020-05-12T07:59:49","slug":"crottin-lencloitre-demi-sec","status":"publish","type":"product","link":"http:\/\/www.passionfruits.fr\/index.php\/produit\/crottin-lencloitre-demi-sec\/","title":{"rendered":"Crottin demi-sec la pi\u00e8ce"},"content":{"rendered":"<p>EARL des Geni\u00e8vres<\/p>\n<p>18250 La Chapelotte<\/p>\n","protected":false},"excerpt":{"rendered":"<p>Fromage de ch\u00e8vre au <strong>lait<\/strong> cru<\/p>\n<p>19.5% MG<\/p>\n<p>Ingr\u00e9dients : <strong>Lait<\/strong> cru de ch\u00e8vre, sel, pr\u00e9sure<\/p>\n<p>&nbsp;<\/p>\n","protected":false},"featured_media":5763,"comment_status":"closed","ping_status":"closed","template":"","meta":{"spay_email":"","jetpack_publicize_message":"","jetpack_is_tweetstorm":false},"jetpack_publicize_connections":[],"jetpack_sharing_enabled":true,"jetpack-related-posts":[{"id":6492,"url":"http:\/\/www.passionfruits.fr\/index.php\/produit\/chevre-trefle-de-la-region-la-piece\/","url_meta":{"origin":5762,"position":0},"title":"Ch\u00e8vre Tr\u00e9fle de la r\u00e9gion la pi\u00e8ce","date":"7 d\u00e9cembre 2015","format":false,"excerpt":"Le Tr\u00e8fle CCP Fromage de ch\u00e8vre fermier au lait cru \u2013 CCP (certification de conformit\u00e9 de produit) \u00a0EARL DU PETIT PERCHE (97% de lait frais, 2% de lactos\u00e9rum issu de l\u2019exploitation,\u00a00,8% de pr\u00e9sure et 0,2 % de sel), provenant de L\u2019EARL DU PETIT PERCHE, Moul\u00e9 \u00e0 la louche Affin\u00e9 ou\u2026","rel":"","context":"Article similaire","img":{"alt_text":"","src":"https:\/\/i1.wp.com\/www.passionfruits.fr\/wp-content\/uploads\/2015\/12\/fromage-trefle.jpg?fit=597%2C596&resize=350%2C200","width":350,"height":200},"classes":[]},{"id":18236,"url":"http:\/\/www.passionfruits.fr\/index.php\/produit\/chevre-pyramide-de-la-region-la-piece\/","url_meta":{"origin":5762,"position":1},"title":"Ch\u00e8vre Pyramide de la r\u00e9gion la  pi\u00e8ce","date":"17 ao\u00fbt 2021","format":false,"excerpt":"ingr\u00e9diends :\u00a0Lait cru, sel, ferments, pr\u00e9sure, charbon v\u00e9g\u00e9tal, Moul\u00e9 \u00e0 la louche.","rel":"","context":"Article similaire","img":{"alt_text":"","src":"https:\/\/i1.wp.com\/www.passionfruits.fr\/wp-content\/uploads\/2015\/12\/fromage-pyramide.jpg?fit=598%2C599&resize=350%2C200","width":350,"height":200},"classes":[]},{"id":11522,"url":"http:\/\/www.passionfruits.fr\/index.php\/produit\/chevre-perche-cendre-de-la-region-la-piece\/","url_meta":{"origin":5762,"position":2},"title":"Ch\u00e8vre Perche cendr\u00e9 de la r\u00e9gion la pi\u00e8ce","date":"10 janvier 2018","format":false,"excerpt":"Petit Perche cendr\u00e9 Fromage de ch\u00e8vre fermier au lait cru \u2013 EARL DU PETIT PERCHE (97% de lait frais, 2% de lactos\u00e9rum issu de l\u2019exploitation,\u00a00,8% de pr\u00e9sure et 0,2 % de sel), provenant de L\u2019EARL DU PETIT PERCHE, Moul\u00e9 \u00e0 la louche Frais, Affin\u00e9 ou Sec Sel naturel noir Mati\u00e8re\u2026","rel":"","context":"Article similaire","img":{"alt_text":"","src":"https:\/\/i0.wp.com\/www.passionfruits.fr\/wp-content\/uploads\/2018\/01\/chevre-rond-cendre.jpg?fit=600%2C600&resize=350%2C200","width":350,"height":200},"classes":[]},{"id":5732,"url":"http:\/\/www.passionfruits.fr\/index.php\/produit\/saint-felicien\/","url_meta":{"origin":5762,"position":3},"title":"Saint Marcelin la pi\u00e8ce de 80 grs","date":"7 d\u00e9cembre 2015","format":false,"excerpt":"Fromage au lait cru de vache, il propose une cro\u00fbte fine\u00a0et fleurie de couleur blanche renfermant une p\u00e2te molle et cr\u00e9meuse de couleur ivoire. D\u2019un go\u00fbt\u00a0l\u00e9g\u00e8rement\u00a0acide aux ar\u00f4mes de noisette \u00a0accompagn\u00e9 d\u2019un parfum bois\u00e9. Originaire du Rh\u00f4ne-Alpes. Autrefois fabriqu\u00e9 \u00e0 partir de lait de ch\u00e8vre, il est aujourd\u2019hui exclusivement fabriqu\u00e9\u2026","rel":"","context":"Article similaire","img":{"alt_text":"","src":"https:\/\/i0.wp.com\/www.passionfruits.fr\/wp-content\/uploads\/2015\/12\/st-marcelin-gc.jpg?fit=600%2C551&resize=350%2C200","width":350,"height":200},"classes":[]},{"id":6482,"url":"http:\/\/www.passionfruits.fr\/index.php\/produit\/petit-perche-blanc-la-piece\/","url_meta":{"origin":5762,"position":4},"title":"Ch\u00e8vre Perche blanc de la r\u00e9gion la pi\u00e8ce","date":"7 d\u00e9cembre 2015","format":false,"excerpt":"Le Petit Perche nature Fromage de ch\u00e8vre fermier au lait cru \u2013 EARL DU PETIT PERCHE (97% de lait frais, 2% de lactos\u00e9rum issu de l\u2019exploitation,\u00a00,8% de pr\u00e9sure et 0,2 % de sel), provenant de L\u2019EARL DU PETIT PERCHE, Moul\u00e9 \u00e0 la louche Frais, Affin\u00e9 ou Sec Sel naturel blanc\u2026","rel":"","context":"Article similaire","img":{"alt_text":"","src":"https:\/\/i2.wp.com\/www.passionfruits.fr\/wp-content\/uploads\/2015\/12\/chevre-frais.jpg?fit=600%2C600&resize=350%2C200","width":350,"height":200},"classes":[]},{"id":6486,"url":"http:\/\/www.passionfruits.fr\/index.php\/produit\/pave-de-chevre-cendre-de-la-region-la-piece\/","url_meta":{"origin":5762,"position":5},"title":"Ch\u00e8vre pav\u00e9 de la r\u00e9gion la pi\u00e8ce","date":"7 d\u00e9cembre 2015","format":false,"excerpt":"Le Pav\u00e9 du Perche. Fromage de ch\u00e8vre fermier au lait cru. FROMAGES M\u00c9DAILL\u00c9S Le 21 juin 2017, concours r\u00e9gional de fromages au ch\u00e2teau de Selles-Sur-Cher. 7 m\u00e9dailles re\u00e7ues pour 7 fromages pr\u00e9sent\u00e9s. Le Tr\u00e8ffle m\u00e9daille d'argent. La Pyramide m\u00e9daille d'argent ex-aequo. Le Petit Perche au poivre m\u00e9daille de bronze. Le\u2026","rel":"","context":"Article similaire","img":{"alt_text":"","src":"https:\/\/i1.wp.com\/www.passionfruits.fr\/wp-content\/uploads\/2015\/12\/fromage-pave.jpg?fit=595%2C598&resize=350%2C200","width":350,"height":200},"classes":[]}],"_links":{"self":[{"href":"http:\/\/www.passionfruits.fr\/index.php\/wp-json\/wp\/v2\/product\/5762"}],"collection":[{"href":"http:\/\/www.passionfruits.fr\/index.php\/wp-json\/wp\/v2\/product"}],"about":[{"href":"http:\/\/www.passionfruits.fr\/index.php\/wp-json\/wp\/v2\/types\/product"}],"replies":[{"embeddable":true,"href":"http:\/\/www.passionfruits.fr\/index.php\/wp-json\/wp\/v2\/comments?post=5762"}],"wp:featuredmedia":[{"embeddable":true,"href":"http:\/\/www.passionfruits.fr\/index.php\/wp-json\/wp\/v2\/media\/5763"}],"wp:attachment":[{"href":"http:\/\/www.passionfruits.fr\/index.php\/wp-json\/wp\/v2\/media?parent=5762"}],"curies":[{"name":"wp","href":"https:\/\/api.w.org\/{rel}","templated":true}]}}