{"id":5768,"date":"2015-12-07T11:35:11","date_gmt":"2015-12-07T10:35:11","guid":{"rendered":"http:\/\/www.andreclaude.fr\/web\/index.php\/produit\/roquefort-papillon-noir-petite-part-env-150-grs\/"},"modified":"2022-09-06T16:16:43","modified_gmt":"2022-09-06T15:16:43","slug":"roquefort-papillon-noir-petite-part-env-150-grs","status":"publish","type":"product","link":"http:\/\/www.passionfruits.fr\/index.php\/produit\/roquefort-papillon-noir-petite-part-env-150-grs\/","title":{"rendered":"Roquefort Papillon part env. 200g"},"content":{"rendered":"<p>Fromagerie Papillon<\/p>\n<p>12250 ROQUEFORT SUR SOULZON<\/p>\n","protected":false},"excerpt":{"rendered":"<p>Fromage au <strong>lait<\/strong> de brebis. Ce Roquefort PAPILLON d\u2019exception se distingue d\u2019abord par sa p\u00e2te blanche et ce bleu intense qui veine g\u00e9n\u00e9reusement ses larges et nombreuses cavit\u00e9s. \u2028En bouche, sa texture onctueuse et souple, d\u00e9veloppe un fondant d\u00e9licieux qui s\u2019accompagne d\u2019un go\u00fbt typ\u00e9, \u00e9quilibr\u00e9 et long en bouche.<\/p>\n<p>Ingr\u00e9dients : <strong>lait<\/strong> cru et entier de brebis, sel, pr\u00e9sure, <strong>ferments lactiques<\/strong> et d&#8217;affinage.<\/p>\n<p>Valeurs nutritionnelles moyennes pour 100g<\/p>\n<p>Energie : 1572kj\/379kcal<\/p>\n<p>Mati\u00e8res grasses : 32g dont acides gras satur\u00e9s 20g<\/p>\n<p>Glucides : 1.8g dont sucres 0g<\/p>\n<p>Prot\u00e9ines : 21g<\/p>\n<p>Sel : 3.6g<\/p>\n","protected":false},"featured_media":5769,"comment_status":"closed","ping_status":"closed","template":"","meta":{"spay_email":"","jetpack_publicize_message":"","jetpack_is_tweetstorm":false},"jetpack_publicize_connections":[],"jetpack_sharing_enabled":true,"jetpack-related-posts":[{"id":19897,"url":"http:\/\/www.passionfruits.fr\/index.php\/produit\/chips-de-beauce-au-roquefort-sachet-150grs\/","url_meta":{"origin":5768,"position":0},"title":"Chips de Beauce Au Roquefort sachet 150grs","date":"27 mars 2024","format":false,"excerpt":"Belsia, c\u2019est l\u2019histoire de Cl\u00e9mence et Matthieu qui, par amour du bon et du terroir, d\u00e9cident de transformer les belles pommes de terre de l\u2019exploitation familiale de Mathieu en chips. Ni une ni deux, la ferme de L\u00e9tourville au milieu de la plaine de Beauce (\u00ab\u00a0Belsia\u00a0\u00bb en latin), se voit\u2026","rel":"","context":"Article similaire","img":{"alt_text":"","src":"https:\/\/i2.wp.com\/www.passionfruits.fr\/wp-content\/uploads\/2024\/03\/aa.jpg?fit=600%2C600&resize=350%2C200","width":350,"height":200},"classes":[]},{"id":10579,"url":"http:\/\/www.passionfruits.fr\/index.php\/produit\/fromage-de-brebis-des-pyrenees-les-100g\/","url_meta":{"origin":5768,"position":1},"title":"Fromage de brebis des Pyr\u00e9n\u00e9es part env. 200g","date":"12 mai 2017","format":false,"excerpt":"C'est le fromage qui repr\u00e9sente le mieux le pays Basque. C'est une tomme avec une cro\u00fbte un peu \u00e9paisse de couleur gris\u00e2tre \u00e0 jaune orang\u00e9. Sa p\u00e2te est blanche de consistance ferme . Ingr\u00e9dients : lait pasteuris\u00e9 de brebis (origine UE) sel, pr\u00e9sure, ferments lactiques, colorants de cro\u00fbte :E153, E160b,\u2026","rel":"","context":"Article similaire","img":{"alt_text":"","src":"https:\/\/i2.wp.com\/www.passionfruits.fr\/wp-content\/uploads\/2017\/05\/fromage-des-pyrenees.jpg?fit=300%2C300&resize=350%2C200","width":350,"height":200},"classes":[]},{"id":5654,"url":"http:\/\/www.passionfruits.fr\/index.php\/produit\/tomme-corse-part-env-200-grs\/","url_meta":{"origin":5768,"position":2},"title":"Tomme Corse part environ 200g","date":"7 d\u00e9cembre 2015","format":false,"excerpt":"Cette tomme de brebis est fabriqu\u00e9e de mani\u00e8re traditionnelle en Corse. Sa p\u00e2te a de doux parfums de noisette ainsi qu\u2019un subtil go\u00fbt de lait brebis.Elle s\u2019accompagne \u00e0 merveille de confiture de figues ou de cerises noires. Ingr\u00e9dients :\u00a0lait de brebis pasteuris\u00e9, sel, pr\u00e9sure et ferments. \u00a0 Valeurs nutritionnelles moyennes\u2026","rel":"","context":"Article similaire","img":{"alt_text":"","src":"https:\/\/i0.wp.com\/www.passionfruits.fr\/wp-content\/uploads\/2015\/12\/tomme-corse.jpg?fit=600%2C598&resize=350%2C200","width":350,"height":200},"classes":[]},{"id":10544,"url":"http:\/\/www.passionfruits.fr\/index.php\/produit\/tomme-au-piment-d-espelette-les-100-grs\/","url_meta":{"origin":5768,"position":3},"title":"Tomme de brebis au piment d' espelette part env. 200g","date":"8 mai 2017","format":false,"excerpt":"Cette p\u00e2te press\u00e9e non cuite a plus d'un tour dans son sac ! Sa couleur est ivoire et sa texture se rapproche d'un Saint-Nectaire. Comme le Morbier, la Tomme au Piment d'Espelette est travers\u00e9e dans le sens de la longueur par un trait de \u0085 graines de piment d'Espelette. Pas\u2026","rel":"","context":"Article similaire","img":{"alt_text":"","src":"https:\/\/i2.wp.com\/www.passionfruits.fr\/wp-content\/uploads\/2017\/05\/tomme-au-piment-d-espelette.jpg?fit=600%2C595&resize=350%2C200","width":350,"height":200},"classes":[]},{"id":17682,"url":"http:\/\/www.passionfruits.fr\/index.php\/produit\/tomme-de-chevre-la-part-env-200g\/","url_meta":{"origin":5768,"position":4},"title":"Tomme de ch\u00e8vre la part env. 200g","date":"12 mars 2021","format":false,"excerpt":"La Fromagerie de Maul\u00e9on Dans les Pyr\u00e9n\u00e9es-Atlantiques, au c\u0153ur de la Soule, la Fromagerie de Maul\u00e9on sublime le lait de ch\u00e8vre. C\u2019est en transposant leur savoir-faire ancien et reconnu dans les p\u00e2tes press\u00e9es de brebis, embl\u00e9matiques des montagnes du Pays Basque et du B\u00e9arn, que les ma\u00eetres-fromagers de Maul\u00e9on cr\u00e9ent\u2026","rel":"","context":"Article similaire","img":{"alt_text":"","src":"https:\/\/i2.wp.com\/www.passionfruits.fr\/wp-content\/uploads\/2021\/03\/Tomme-chevre.jpg?fit=600%2C600&resize=350%2C200","width":350,"height":200},"classes":[]},{"id":6195,"url":"http:\/\/www.passionfruits.fr\/index.php\/produit\/pate-alsacienne-papillons-le-paquet-250g\/","url_meta":{"origin":5768,"position":5},"title":"P\u00e2te Alsacienne \u2013 papillons le paquet 250g","date":"7 d\u00e9cembre 2015","format":false,"excerpt":"CARACTERISTIQUES PRODUIT Ingr\u00e9dients : - PATES D'ALSACE 7 OEUFS FRAIS AU KILO DE SEMOULE DE BLE DUR - - - - - - - - - - - - - - - - - - - INGREDIENTS : Semoule de bl\u00e9 dur de qualit\u00e9 sup\u00e9rieure, oeufs frais (30 %). Allerg\u00e8nes\u2026","rel":"","context":"Article similaire","img":{"alt_text":"","src":"https:\/\/i1.wp.com\/www.passionfruits.fr\/wp-content\/uploads\/2015\/12\/papillon.jpg?fit=598%2C600&resize=350%2C200","width":350,"height":200},"classes":[]}],"_links":{"self":[{"href":"http:\/\/www.passionfruits.fr\/index.php\/wp-json\/wp\/v2\/product\/5768"}],"collection":[{"href":"http:\/\/www.passionfruits.fr\/index.php\/wp-json\/wp\/v2\/product"}],"about":[{"href":"http:\/\/www.passionfruits.fr\/index.php\/wp-json\/wp\/v2\/types\/product"}],"replies":[{"embeddable":true,"href":"http:\/\/www.passionfruits.fr\/index.php\/wp-json\/wp\/v2\/comments?post=5768"}],"wp:featuredmedia":[{"embeddable":true,"href":"http:\/\/www.passionfruits.fr\/index.php\/wp-json\/wp\/v2\/media\/5769"}],"wp:attachment":[{"href":"http:\/\/www.passionfruits.fr\/index.php\/wp-json\/wp\/v2\/media?parent=5768"}],"curies":[{"name":"wp","href":"https:\/\/api.w.org\/{rel}","templated":true}]}}

<p>Fromage au <strong>lait</strong> de brebis. Ce Roquefort PAPILLON d’exception se distingue d’abord par sa pâte blanche et ce bleu intense qui veine généreusement ses larges et nombreuses cavités.  En bouche, sa texture onctueuse et souple, développe un fondant délicieux qui s’accompagne d’un goût typé, équilibré et long en bouche.</p>
<p>Ingrédients : <strong>lait</strong> cru et entier de brebis, sel, présure, <strong>ferments lactiques</strong> et d&#8217;affinage.</p>
<p>Valeurs nutritionnelles moyennes pour 100g</p>
<p>Energie : 1572kj/379kcal</p>
<p>Matières grasses : 32g dont acides gras saturés 20g</p>
<p>Glucides : 1.8g dont sucres 0g</p>
<p>Protéines : 21g</p>
<p>Sel : 3.6g</p>

Belsia, c’est l’histoire de Clémence et Matthieu qui, par amour du bon et du terroir, décident de transformer les belles pommes de terre de l’exploitation familiale de Mathieu en chips. Ni une ni deux, la ferme de Létourville au milieu de la plaine de Beauce (« Belsia » en latin), se voit…

Fromage de brebis des Pyrénées part env. 200g

C'est le fromage qui représente le mieux le pays Basque. C'est une tomme avec une croûte un peu épaisse de couleur grisâtre à jaune orangé. Sa pâte est blanche de consistance ferme . Ingrédients : lait pasteurisé de brebis (origine UE) sel, présure, ferments lactiques, colorants de croûte :E153, E160b,…

7 décembre 2015

Cette tomme de brebis est fabriquée de manière traditionnelle en Corse. Sa pâte a de doux parfums de noisette ainsi qu’un subtil goût de lait brebis.Elle s’accompagne à merveille de confiture de figues ou de cerises noires. Ingrédients : lait de brebis pasteurisé, sel, présure et ferments.   Valeurs nutritionnelles moyennes…

Cette pâte pressée non cuite a plus d'un tour dans son sac ! Sa couleur est ivoire et sa texture se rapproche d'un Saint-Nectaire. Comme le Morbier, la Tomme au Piment d'Espelette est traversée dans le sens de la longueur par un trait de  graines de piment d'Espelette. Pas…

Tomme de chèvre la part env. 200g

La Fromagerie de Mauléon Dans les Pyrénées-Atlantiques, au cœur de la Soule, la Fromagerie de Mauléon sublime le lait de chèvre. C’est en transposant leur savoir-faire ancien et reconnu dans les pâtes pressées de brebis, emblématiques des montagnes du Pays Basque et du Béarn, que les maîtres-fromagers de Mauléon créent…

Pâte Alsacienne – papillons le paquet 250g

CARACTERISTIQUES PRODUIT Ingrédients : - PATES D'ALSACE 7 OEUFS FRAIS AU KILO DE SEMOULE DE BLE DUR - - - - - - - - - - - - - - - - - - - INGREDIENTS : Semoule de blé dur de qualité supérieure, oeufs frais (30 %). Allergènes…
