{"id":6016,"date":"2015-12-07T11:36:58","date_gmt":"2015-12-07T10:36:58","guid":{"rendered":"http:\/\/www.andreclaude.fr\/web\/index.php\/produit\/tomate-sechee-le-pot\/"},"modified":"2021-04-13T08:42:10","modified_gmt":"2021-04-13T07:42:10","slug":"tomate-sechee-le-pot","status":"publish","type":"product","link":"http:\/\/www.passionfruits.fr\/index.php\/produit\/tomate-sechee-le-pot\/","title":{"rendered":"Tomate s\u00e9ch\u00e9e Italienne le pot de 280 g"},"content":{"rendered":"<p>Maison CASTELLINO<\/p>\n<p>Distribu\u00e9 par<\/p>\n<p>DISTRAZUR<\/p>\n<p><span class=\"LrzXr\">ZI des plaines,<\/span><\/p>\n<p><span class=\"LrzXr\"> 80 chemins des buis,<\/span><\/p>\n<p><span class=\"LrzXr\"> 26780 Malataverne<\/span><\/p>\n","protected":false},"excerpt":{"rendered":"<p>Des tomates s\u00e9ch\u00e9es dans la plus pure tradition italienne. En ap\u00e9ritif ou pour accompagner tous vos plats et surtout toutes les salades. La tomate s\u00e9ch\u00e9e pour personnaliser vos recettes (ap\u00e9ritifs d\u00eenatoires, cakes sal\u00e9s, quiches, etc&#8230;).<\/p>\n<p>Ingr\u00e9dients : tomates s\u00e9ch\u00e9es 64%, huile de tournesol, vinaigre de vin blanc, c\u00e2pres, sel, \u00e9pices 1%, correcteur d&#8217;acidit\u00e9 : acide citrique, antioxydant : acide ascorbique (vitamine C).<\/p>\n<p>Valeurs nutritionnelles moyennes pour 100g<\/p>\n<p>Energie : 1030kj\/246 kcal<\/p>\n<p>Mati\u00e8res grasses : 13.7g dont acides gras satur\u00e9s : 2g<\/p>\n<p>Glucides : 22.8g dont 17.1g<\/p>\n<p>Prot\u00e9ines : 5g<\/p>\n<p>Fibres : 5.7g<\/p>\n<p>Sel : 3.5g<\/p>\n<p>&nbsp;<\/p>\n","protected":false},"featured_media":10715,"comment_status":"closed","ping_status":"closed","template":"","meta":{"spay_email":"","jetpack_publicize_message":"","jetpack_is_tweetstorm":false},"jetpack_publicize_connections":[],"jetpack_sharing_enabled":true,"jetpack-related-posts":[{"id":6162,"url":"http:\/\/www.passionfruits.fr\/index.php\/produit\/tapenade-tomates-sechees-le-pot\/","url_meta":{"origin":6016,"position":0},"title":"Tapenade - Tomates s\u00e9ch\u00e9es verrine 90g","date":"7 d\u00e9cembre 2015","format":false,"excerpt":"Le D\u00e9lice de tomates s\u00e9ch\u00e9es est caract\u00e9ris\u00e9\u00a0par une robe sombre et un moelleux flatteur en bouche. Ingr\u00e9dients : tomates s\u00e9ch\u00e9es 45%, huile de tournesol, tomates pel\u00e9es, huile d'olive, eau, ail, mozzarella, poivre. Sans conservateur, sans OGM Valeurs nutritionnelles moyennes pour 100 g Energie : 2015kj\/487kcal Mati\u00e8res grasses : 43.2 g\u2026","rel":"","context":"Article similaire","img":{"alt_text":"","src":"https:\/\/i1.wp.com\/www.passionfruits.fr\/wp-content\/uploads\/2015\/12\/delice-de-tomates-sechees.jpg?fit=458%2C458&resize=350%2C200","width":350,"height":200},"classes":[]},{"id":6440,"url":"http:\/\/www.passionfruits.fr\/index.php\/produit\/tapenade-chevre-et-tomate-le-pot\/","url_meta":{"origin":6016,"position":1},"title":"Tapenade - Ch\u00e8vre et tomate verrine 90g","date":"7 d\u00e9cembre 2015","format":false,"excerpt":"Une alliance d\u00e9licate entre l'onctuosit\u00e9 cr\u00e9meuse du ch\u00e8vre et la saveur raffin\u00e9e de la tomate s\u00e9ch\u00e9e. Comblera le plus avis\u00e9 des gastronomes. Ingr\u00e9dients : fromage blanc, fromage de ch\u00e8vre 22% tomates s\u00e9ch\u00e9es 16%, tomates pel\u00e9es concass\u00e9es, ail, sel, origan, amidon transform\u00e9, poivre blanc. Sans conservateur, sans OGM Valeurs nutritionnelles moyennes\u2026","rel":"","context":"Article similaire","img":{"alt_text":"","src":"https:\/\/i2.wp.com\/www.passionfruits.fr\/wp-content\/uploads\/2015\/12\/delice-de-chevre.jpg?fit=458%2C458&resize=350%2C200","width":350,"height":200},"classes":[]},{"id":6158,"url":"http:\/\/www.passionfruits.fr\/index.php\/produit\/tapenade-thoionade-le-pot\/","url_meta":{"origin":6016,"position":2},"title":"Tapenade - Tho\u00efonade verrine 90g","date":"7 d\u00e9cembre 2015","format":false,"excerpt":"Subtile recette au thon associ\u00e9 au piment d'Espelette et aux tomates s\u00e9ch\u00e9es. Une recette simple et authentique. Ingr\u00e9dients : thon 28%, olives vertes,poivrons rouges, huile de tournesol, tomates s\u00e9ch\u00e9es 8%, cornichons, tomates pel\u00e9es, persil, ail, huile d'olive, jus de citron, concentr\u00e9, sel\u00a0 \u00e9paississants :amidon transform\u00e9, farine de guar ,et xanthane,\u2026","rel":"","context":"Article similaire","img":{"alt_text":"","src":"https:\/\/i2.wp.com\/www.passionfruits.fr\/wp-content\/uploads\/2015\/12\/thoionade.jpg?fit=458%2C458&resize=350%2C200","width":350,"height":200},"classes":[]},{"id":6157,"url":"http:\/\/www.passionfruits.fr\/index.php\/produit\/tapenade-sardinade-le-pot\/","url_meta":{"origin":6016,"position":3},"title":"Tapenade - Sardinade verrine 90g","date":"7 d\u00e9cembre 2015","format":false,"excerpt":"Souvenir d'enfance, la Sardinade et ses saveurs...Sur une bonne tartine de pain , le tout saupoudr\u00e9 de piment d'Espelette. Pr\u00eate \u00e0 \u00eatre d\u00e9gust\u00e9e ! Ingr\u00e9dients : sardines 31%, olives vertes,poivrons rouges, huile de tournesol, tomates s\u00e9ch\u00e9es 9%, c\u00e2pres, tomates pel\u00e9es, persil, ail, huile d'olive, jus de citron, concentr\u00e9, sel amidon\u2026","rel":"","context":"Article similaire","img":{"alt_text":"","src":"https:\/\/i2.wp.com\/www.passionfruits.fr\/wp-content\/uploads\/2015\/12\/sardinade.jpg?fit=458%2C458&resize=350%2C200","width":350,"height":200},"classes":[]},{"id":18130,"url":"http:\/\/www.passionfruits.fr\/index.php\/produit\/girolles-sechees-30grs\/","url_meta":{"origin":6016,"position":4},"title":"Girolles s\u00e9ch\u00e9es 30grs","date":"22 juin 2021","format":false,"excerpt":"Pr\u00e9paration: R\u00e9hydrater 30mm dans l\u2019eau bouillante. Cuire comme des champignons frais. Ingr\u00e9dients : Girolles s\u00e9ch\u00e9es Sans OGM, sans ingr\u00e9dients ionis\u00e9s, sans allerg\u00e8nes. Valeurs nutritionnelles moyennes pour 100grs : -Energie: 1111kj\/267 kcal -Mati\u00e8res grasses 5g dont acides gras satur\u00e9s 1g -Glucides 17.6g dont sucres 11g , prot\u00e9ines 19g , fibres 38g\u2026","rel":"","context":"Article similaire","img":{"alt_text":"","src":"https:\/\/i1.wp.com\/www.passionfruits.fr\/wp-content\/uploads\/2021\/06\/champignons_s_ch_s_-_girolles_copier_copier_.jpg?fit=600%2C600&resize=350%2C200","width":350,"height":200},"classes":[]},{"id":5148,"url":"http:\/\/www.passionfruits.fr\/index.php\/produit\/tomate-cerise-les-250grs\/","url_meta":{"origin":6016,"position":5},"title":"Tomate cerise Maroc  Cat 1  soit 2,95 les  250g","date":"7 d\u00e9cembre 2015","format":false,"excerpt":"Avec sa petite taille, la tomate cerise se fait souvent picorer \u00e0 l'ap\u00e9ritif. Mais elle se d\u00e9guste \u00e9galement dans de nombreuses recettes faciles, au bon go\u00fbt de l'\u00e9t\u00e9. Caram\u00e9lis\u00e9es et roul\u00e9es dans des graines de s\u00e9same ou de pavot, la tomate cerise devient \"d'amour\", comme les pommes de la f\u00eate\u2026","rel":"","context":"Article similaire","img":{"alt_text":"","src":"https:\/\/i1.wp.com\/www.passionfruits.fr\/wp-content\/uploads\/2015\/12\/tomatecerise.jpg?fit=399%2C301&resize=350%2C200","width":350,"height":200},"classes":[]}],"_links":{"self":[{"href":"http:\/\/www.passionfruits.fr\/index.php\/wp-json\/wp\/v2\/product\/6016"}],"collection":[{"href":"http:\/\/www.passionfruits.fr\/index.php\/wp-json\/wp\/v2\/product"}],"about":[{"href":"http:\/\/www.passionfruits.fr\/index.php\/wp-json\/wp\/v2\/types\/product"}],"replies":[{"embeddable":true,"href":"http:\/\/www.passionfruits.fr\/index.php\/wp-json\/wp\/v2\/comments?post=6016"}],"wp:featuredmedia":[{"embeddable":true,"href":"http:\/\/www.passionfruits.fr\/index.php\/wp-json\/wp\/v2\/media\/10715"}],"wp:attachment":[{"href":"http:\/\/www.passionfruits.fr\/index.php\/wp-json\/wp\/v2\/media?parent=6016"}],"curies":[{"name":"wp","href":"https:\/\/api.w.org\/{rel}","templated":true}]}}