{"id":6146,"date":"2015-12-07T11:37:48","date_gmt":"2015-12-07T10:37:48","guid":{"rendered":"http:\/\/www.andreclaude.fr\/web\/index.php\/produit\/epice-gingembre-moulu-le-pot\/"},"modified":"2025-02-13T15:39:51","modified_gmt":"2025-02-13T14:39:51","slug":"epice-gingembre-moulu-le-pot","status":"publish","type":"product","link":"http:\/\/www.passionfruits.fr\/index.php\/produit\/epice-gingembre-moulu-le-pot\/","title":{"rendered":"Gingembre moulu le pot"},"content":{"rendered":"<p>Distribu\u00e9 par<\/p>\n<p>Agidra<\/p>\n<p>BP 156<\/p>\n<p>69801 SAINT PRIEST<\/p>\n","protected":false},"excerpt":{"rendered":"<p>Ingr\u00e9dients : gingembre<\/p>\n<p>Traces possibles de c\u00e9leri, gluten, moutarde et s\u00e9same<\/p>\n","protected":false},"featured_media":7241,"comment_status":"closed","ping_status":"closed","template":"","meta":{"spay_email":"","jetpack_publicize_message":"","jetpack_is_tweetstorm":false},"jetpack_publicize_connections":[],"jetpack_sharing_enabled":true,"jetpack-related-posts":[{"id":5235,"url":"http:\/\/www.passionfruits.fr\/index.php\/produit\/gingembre-les-100-grs\/","url_meta":{"origin":6146,"position":0},"title":"Gingembre cat 1 Br\u00e9sil  les 100g","date":"7 d\u00e9cembre 2015","format":false,"excerpt":"Comment le consommer\u00a0? D\u2019abord en infusion. mais aussi en l\u2019int\u00e9grant \u00e0 certains plats en guise d\u2019\u00e9pice (sous forme de poudre) ou frais (r\u00e2p\u00e9) en condiment pour donner plus de saveur au met pr\u00e9par\u00e9. Il s\u2019int\u00e8gre tr\u00e8s bien dans les p\u00e2tisseries (pain d\u2019\u00e9pices, sabl\u00e9s) mais aussi les potages ou encore les\u2026","rel":"","context":"Article similaire","img":{"alt_text":"","src":"https:\/\/i2.wp.com\/www.passionfruits.fr\/wp-content\/uploads\/2015\/12\/gingembr.jpg?fit=600%2C600&resize=350%2C200","width":350,"height":200},"classes":[]},{"id":18741,"url":"http:\/\/www.passionfruits.fr\/index.php\/produit\/coffret-degustation-rhum-arrange-5-b-x-5-cl\/","url_meta":{"origin":6146,"position":1},"title":"Coffret D\u00e9gustation Rhum Arrang\u00e9 5 B. x 5 cl","date":"9 avril 2022","format":false,"excerpt":"Coffret D\u00e9gustation Rhum Arrang\u00e9 5 B. x 5 cl Ananas, Mangue passion, Shrubb, Gingembre citron vert et Duo de Vanilles Alcool entre 17 et 34\u00a0 % selon les vari\u00e9t\u00e9es La consommation de boissons alcoolis\u00e9es pendant la grossesse, m\u00eame en faible quantit\u00e9, peut avoir des cons\u00e9quences graves sur la sant\u00e9 de\u2026","rel":"","context":"Article similaire","img":{"alt_text":"","src":"https:\/\/i2.wp.com\/www.passionfruits.fr\/wp-content\/uploads\/2022\/04\/84130.jpg?fit=600%2C600&resize=350%2C200","width":350,"height":200},"classes":[]},{"id":9242,"url":"http:\/\/www.passionfruits.fr\/index.php\/produit\/melange-sambahia-barquette-150-g-environ\/","url_meta":{"origin":6146,"position":2},"title":"M\u00e9lange sambahia barquette 150 g environ","date":"20 ao\u00fbt 2016","format":false,"excerpt":"M\u00e9lange d'arachides enrob\u00e9es et de biscuits souffl\u00e9s au riz. Conditionn\u00e9 en barquette refermable \u00e0 volont\u00e9 pour garder toute sa saveur. Ingr\u00e9dients: Riz 33%, arachides 17%, farine de bl\u00e9,sucre, huile vegetales (palm, tournesol), amidon modifi\u00e9 de ma\u00efs et de tapioca, sauce soja (eau,soja,bl\u00e9,sel), sel, assaisonnement aromtis\u00e9 (maltodextrine, sel, oignon, ail, sucre,\u2026","rel":"","context":"Article similaire","img":{"alt_text":"","src":"https:\/\/i1.wp.com\/www.passionfruits.fr\/wp-content\/uploads\/2016\/08\/Melange-sambahia.jpg?fit=600%2C600&resize=350%2C200","width":350,"height":200},"classes":[]},{"id":17066,"url":"http:\/\/www.passionfruits.fr\/index.php\/produit\/whisky-francais-bellevoye-triple-malt-finition-sauterne-70-cl-blanc\/","url_meta":{"origin":6146,"position":3},"title":"Whisky Fran\u00e7ais Bellevoye Triple Malt finition sauterne 70 cl blanc","date":"11 d\u00e9cembre 2020","format":false,"excerpt":"Whisky Fran\u00e7ais Bellevoye 40\u00b0Triple Malt finition sauterne Avec \u00e9tui 70 cl Whisky triple malt, non\u00a0tourb\u00e9.\u200b Fini dans nos chais charentais en barriques de grands crus de Sauternes. \u00c9levage Primaire : trois \u00e0 huit ans en barriques de ch\u00eane. Secondaire : \u200bsix mois post-assemblage en barriques de grands crus de Sauternes.\u2026","rel":"","context":"Article similaire","img":{"alt_text":"","src":"https:\/\/i1.wp.com\/www.passionfruits.fr\/wp-content\/uploads\/2020\/12\/whiskyblanc.jpg?fit=300%2C300&resize=350%2C200","width":350,"height":200},"classes":[]}],"_links":{"self":[{"href":"http:\/\/www.passionfruits.fr\/index.php\/wp-json\/wp\/v2\/product\/6146"}],"collection":[{"href":"http:\/\/www.passionfruits.fr\/index.php\/wp-json\/wp\/v2\/product"}],"about":[{"href":"http:\/\/www.passionfruits.fr\/index.php\/wp-json\/wp\/v2\/types\/product"}],"replies":[{"embeddable":true,"href":"http:\/\/www.passionfruits.fr\/index.php\/wp-json\/wp\/v2\/comments?post=6146"}],"wp:featuredmedia":[{"embeddable":true,"href":"http:\/\/www.passionfruits.fr\/index.php\/wp-json\/wp\/v2\/media\/7241"}],"wp:attachment":[{"href":"http:\/\/www.passionfruits.fr\/index.php\/wp-json\/wp\/v2\/media?parent=6146"}],"curies":[{"name":"wp","href":"https:\/\/api.w.org\/{rel}","templated":true}]}}