{"id":6402,"date":"2015-12-07T11:42:17","date_gmt":"2015-12-07T10:42:17","guid":{"rendered":"http:\/\/www.andreclaude.fr\/web\/index.php\/produit\/g-corbeille-6-a-8-personnes\/"},"modified":"2022-12-24T15:30:06","modified_gmt":"2022-12-24T14:30:06","slug":"g-corbeille-6-a-8-personnes","status":"publish","type":"product","link":"http:\/\/www.passionfruits.fr\/index.php\/produit\/g-corbeille-6-a-8-personnes\/","title":{"rendered":"Corbeille de fruits"},"content":{"rendered":"","protected":false},"excerpt":{"rendered":"<p>Nous s\u00e9lectionnons chaque jour les meilleurs fruits en provenance des plus beaux terroirs de France mais aussi des 4 coins du monde pour la gamme exotique. Nos crit\u00e8res de choix: Go\u00fbt, fra\u00eecheur, pr\u00e9sentation et origine des fruits. Nous composons votre corbeille de fa\u00e7on artisanale en disposant les fruits \u00e0 la main, avec le plus grand soin, en jouant sur les couleurs et les formes pour une composition harmonieuse.<\/p>\n","protected":false},"featured_media":6396,"comment_status":"closed","ping_status":"closed","template":"","meta":{"spay_email":"","jetpack_publicize_message":"","jetpack_is_tweetstorm":false},"jetpack_publicize_connections":[],"jetpack_sharing_enabled":true,"jetpack-related-posts":[{"id":6407,"url":"http:\/\/www.passionfruits.fr\/index.php\/produit\/l-corbeille-8-a-12-personnes\/","url_meta":{"origin":6402,"position":0},"title":"Corbeille de fruits","date":"7 d\u00e9cembre 2015","format":false,"excerpt":"Nous s\u00e9lectionnons chaque jour les meilleurs fruits en provenance des plus beaux terroirs de France mais aussi des 4 coins du monde pour la gamme exotique. Nos crit\u00e8res de choix: Go\u00fbt, fra\u00eecheur, pr\u00e9sentation et origine des fruits. Nous composons votre corbeille de fa\u00e7on artisanale en disposant les fruits \u00e0 la\u2026","rel":"","context":"Article similaire","img":{"alt_text":"","src":"https:\/\/i0.wp.com\/www.passionfruits.fr\/wp-content\/uploads\/2015\/12\/corbeille-de-fruits.png?fit=500%2C253&resize=350%2C200","width":350,"height":200},"classes":[]},{"id":6408,"url":"http:\/\/www.passionfruits.fr\/index.php\/produit\/m-corbeille-12-a-20-personnes\/","url_meta":{"origin":6402,"position":1},"title":"Corbeille de fruits","date":"7 d\u00e9cembre 2015","format":false,"excerpt":"Nous s\u00e9lectionnons chaque jour les meilleurs fruits en provenance des plus beaux terroirs de France mais aussi des 4 coins du monde pour la gamme exotique. Nos crit\u00e8res de choix: Go\u00fbt, fra\u00eecheur, pr\u00e9sentation et origine des fruits. Nous composons votre corbeille de fa\u00e7on artisanale en disposant les fruits \u00e0 la\u2026","rel":"","context":"Article similaire","img":{"alt_text":"","src":"https:\/\/i0.wp.com\/www.passionfruits.fr\/wp-content\/uploads\/2015\/12\/corbeille-de-fruits.png?fit=500%2C253&resize=350%2C200","width":350,"height":200},"classes":[]},{"id":6410,"url":"http:\/\/www.passionfruits.fr\/index.php\/produit\/o-corbeille-12-a-20-personnes\/","url_meta":{"origin":6402,"position":2},"title":"Corbeille de fruits","date":"7 d\u00e9cembre 2015","format":false,"excerpt":"Nous s\u00e9lectionnons chaque jour les meilleurs fruits en provenance des plus beaux terroirs de France mais aussi des 4 coins du monde pour la gamme exotique. Nos crit\u00e8res de choix: Go\u00fbt, fra\u00eecheur, pr\u00e9sentation et origine des fruits. Nous composons votre corbeille de fa\u00e7on artisanale en disposant les fruits \u00e0 la\u2026","rel":"","context":"Article similaire","img":{"alt_text":"","src":"https:\/\/i0.wp.com\/www.passionfruits.fr\/wp-content\/uploads\/2015\/12\/corbeille-de-fruits.png?fit=500%2C253&resize=350%2C200","width":350,"height":200},"classes":[]},{"id":6448,"url":"http:\/\/www.passionfruits.fr\/index.php\/produit\/1-corbeille-de-fruits-secs\/","url_meta":{"origin":6402,"position":3},"title":"Corbeille de fruits secs le panier","date":"7 d\u00e9cembre 2015","format":false,"excerpt":"Composition de fruits secs extras panier de un kilo Pruneaux de France, abricots et figues de Turquie et dattes d'Alg\u00e9rie , pour le plaisir des papilles.","rel":"","context":"Article similaire","img":{"alt_text":"","src":"https:\/\/i0.wp.com\/www.passionfruits.fr\/wp-content\/uploads\/2015\/12\/fruit-sec1.jpg?fit=602%2C602&resize=350%2C200","width":350,"height":200},"classes":[]},{"id":5105,"url":"http:\/\/www.passionfruits.fr\/index.php\/produit\/grenade-la-piece\/","url_meta":{"origin":6402,"position":4},"title":"Grenade Turquie Cat 1 la pi\u00e8ce","date":"7 d\u00e9cembre 2015","format":false,"excerpt":"La pi\u00e8ce environ 500 grammes. La grenade se consomme le plus souvent en sirop. Crue, on en consomme les graines acidul\u00e9es telles quelles, dans les salades de l\u00e9gumes ou de fruits, en d\u00e9coration ou accompagnement, en sorbet\u2026 Cuite, on la pr\u00e9pare en sauce.","rel":"","context":"Article similaire","img":{"alt_text":"","src":"https:\/\/i1.wp.com\/www.passionfruits.fr\/wp-content\/uploads\/2015\/12\/Fotolia_42989981_XS.jpg?fit=402%2C299&resize=350%2C200","width":350,"height":200},"classes":[]},{"id":5196,"url":"http:\/\/www.passionfruits.fr\/index.php\/produit\/fruit-de-la-passion-les-100grs\/","url_meta":{"origin":6402,"position":5},"title":"Fruit de la passion Vietnam Cat 1 les 100g","date":"7 d\u00e9cembre 2015","format":false,"excerpt":"Origine Zimbabou\u00e9","rel":"","context":"Article similaire","img":{"alt_text":"","src":"https:\/\/i0.wp.com\/www.passionfruits.fr\/wp-content\/uploads\/2015\/12\/Fotolia_37968786_XS.jpg?fit=312%2C384&resize=350%2C200","width":350,"height":200},"classes":[]}],"_links":{"self":[{"href":"http:\/\/www.passionfruits.fr\/index.php\/wp-json\/wp\/v2\/product\/6402"}],"collection":[{"href":"http:\/\/www.passionfruits.fr\/index.php\/wp-json\/wp\/v2\/product"}],"about":[{"href":"http:\/\/www.passionfruits.fr\/index.php\/wp-json\/wp\/v2\/types\/product"}],"replies":[{"embeddable":true,"href":"http:\/\/www.passionfruits.fr\/index.php\/wp-json\/wp\/v2\/comments?post=6402"}],"wp:featuredmedia":[{"embeddable":true,"href":"http:\/\/www.passionfruits.fr\/index.php\/wp-json\/wp\/v2\/media\/6396"}],"wp:attachment":[{"href":"http:\/\/www.passionfruits.fr\/index.php\/wp-json\/wp\/v2\/media?parent=6402"}],"curies":[{"name":"wp","href":"https:\/\/api.w.org\/{rel}","templated":true}]}}