{"id":10680,"date":"2017-06-06T15:36:57","date_gmt":"2017-06-06T14:36:57","guid":{"rendered":"http:\/\/www.andreclaude.fr\/web\/?post_type=product&#038;p=10680"},"modified":"2025-02-15T08:25:03","modified_gmt":"2025-02-15T07:25:03","slug":"neuville-cendre-la-piece-240-g","status":"publish","type":"product","link":"https:\/\/www.passionfruits.fr\/index.php\/produit\/neuville-cendre-la-piece-240-g\/","title":{"rendered":"Neuville Cendr\u00e9 la pi\u00e8ce 240 grs"},"content":{"rendered":"<p>Laiterie de Montoire sur le Loir<\/p>\n<p>41800 Montoire sue le Loir<\/p>\n","protected":false},"excerpt":{"rendered":"<p><span style=\"font-family: Arial,Helvetica,sans-serif;\">Le Neuville est un fromage \u00e0 p\u00e2te molle, au <strong>lait<\/strong> de vache pasteuris\u00e9.<strong>Lait<\/strong> origine France<br \/>\n<\/span><\/p>\n<p><span style=\"font-family: Arial,Helvetica,sans-serif;\">Son poids est\u00a0 de 240 g.<br \/>\nAu cours de son affinage en cave, il d\u00e9veloppe une p\u00e2te homog\u00e8ne, cr\u00e9meuse \u00e0 souhait. <\/span><\/p>\n<p>Ingr\u00e9dients : fromage, colorant, charbon v\u00e9g\u00e9tal<\/p>\n<p>Valeurs nutritionnelles moyennes pour 100g<\/p>\n<p>Energie : 1068kj\/257kcal<\/p>\n<p>Mati\u00e8res grasses : 205.5g dont acides gars satur\u00e9s : 14.1g<\/p>\n<p>Glucides : 2.2g dont sucres 2.2g<\/p>\n<p>Prot\u00e9ines : 16g<\/p>\n<p>Sel : 1.36g<\/p>\n<p>&nbsp;<\/p>\n","protected":false},"featured_media":10676,"comment_status":"closed","ping_status":"closed","template":"","meta":{"spay_email":"","jetpack_publicize_message":"","jetpack_is_tweetstorm":false},"jetpack_publicize_connections":[],"jetpack_sharing_enabled":true,"jetpack-related-posts":[{"id":10681,"url":"https:\/\/www.passionfruits.fr\/index.php\/produit\/neuville-aux-herbes-la-piece-240-g\/","url_meta":{"origin":10680,"position":0},"title":"Neuville aux herbes la pi\u00e8ce 240 g","date":"6 juin 2017","format":false,"excerpt":"Le Neuville est un fromage \u00e0 p\u00e2te molle, au lait de vache pasteuris\u00e9. Sa mati\u00e8re grasse sur extrait sec est de 22%, son poids de 240 g, Au cours de son affinage en cave, il d\u00e9veloppe une p\u00e2te homog\u00e8ne, cr\u00e9meuse \u00e0 souhait. Ingr\u00e9dients : fromage, persil ciboulette Lait origine France\u2026","rel":"","context":"Article similaire","img":{"alt_text":"","src":"https:\/\/i1.wp.com\/www.passionfruits.fr\/wp-content\/uploads\/2017\/06\/Neuvilleherbes.jpg?fit=597%2C590&ssl=1&resize=350%2C200","width":350,"height":200},"classes":[]},{"id":5675,"url":"https:\/\/www.passionfruits.fr\/index.php\/produit\/petit-troo\/","url_meta":{"origin":10680,"position":1},"title":"Petit Tr\u00f4o la pi\u00e8ce environ 150g","date":"7 d\u00e9cembre 2015","format":false,"excerpt":"Laiterie de 41 800 Montoire sur Loir ( Loir et cher). Le Petit Tr\u00f4o est un fromage au lait de vache pasteuris\u00e9, \u00e0 p\u00e2te ferme et douce de saveur, rev\u00eatu d\u2019 une cro\u00fbte l\u00e9g\u00e8rement fleurie jaune cr\u00e8me \u00e0 blanc cass\u00e9. Valeurs nutritionnelles moyennes pour 100g Energie : 1174kj\/283kcal Mati\u00e8res grasses\u2026","rel":"","context":"Article similaire","img":{"alt_text":"","src":"https:\/\/i0.wp.com\/www.passionfruits.fr\/wp-content\/uploads\/2015\/12\/petit-troo.jpg?fit=600%2C598&ssl=1&resize=350%2C200","width":350,"height":200},"classes":[]},{"id":5748,"url":"https:\/\/www.passionfruits.fr\/index.php\/produit\/fromage-blanc-faisselle-artisanale-pot-de-250-grs\/","url_meta":{"origin":10680,"position":2},"title":"Faisselle Artisanale - pot 250 grs","date":"7 d\u00e9cembre 2015","format":false,"excerpt":"Laiterie de 41 800 Montoire sur Loir ( Loir et cher). Faisselle est une appellation g\u00e9n\u00e9rique fran\u00e7aise d\u00e9signant du fromage frais de lait cru qui prend son nom du moule \u00e0 fromage dans lequel il s'\u00e9goutte\u00a0: la faisselle. Ingr\u00e9dients : lait de vache pasteuris\u00e9 Valeurs nutritionnelles moyennes pour 100g Energie\u2026","rel":"","context":"Article similaire","img":{"alt_text":"","src":"https:\/\/i0.wp.com\/www.passionfruits.fr\/wp-content\/uploads\/2015\/12\/faisselle.png?fit=600%2C600&ssl=1&resize=350%2C200","width":350,"height":200},"classes":[]},{"id":5980,"url":"https:\/\/www.passionfruits.fr\/index.php\/produit\/fromage-blanc-faisselle-artisanale-pot-de-400-grs\/","url_meta":{"origin":10680,"position":3},"title":"Faisselle Artisanale - pot 500 grs","date":"7 d\u00e9cembre 2015","format":false,"excerpt":"Le Petit Tr\u00f4o . Faisselle est une appellation g\u00e9n\u00e9rique fran\u00e7aise d\u00e9signant du fromage frais de lait cru qui prend son nom du moule \u00e0 fromage dans lequel il s'\u00e9goutte\u00a0: la faisselle. Ingr\u00e9dients : lait de vache pasteuris\u00e9 Valeurs nutritionnelles moyennes pour 100g Energie : 422kj\/202kcal Mati\u00e8res grasses : 7g dont\u2026","rel":"","context":"Article similaire","img":{"alt_text":"","src":"https:\/\/i0.wp.com\/www.passionfruits.fr\/wp-content\/uploads\/2015\/12\/faisselle.png?fit=600%2C600&ssl=1&resize=350%2C200","width":350,"height":200},"classes":[]},{"id":5982,"url":"https:\/\/www.passionfruits.fr\/index.php\/produit\/fromage-blanc-faisselle-artisanale-pot-de-1-kg\/","url_meta":{"origin":10680,"position":4},"title":"Faisselle Artisanale - pot de 1 kg","date":"7 d\u00e9cembre 2015","format":false,"excerpt":"Laiterie de 41 800 Montoire sur Loir ( Loir et cher). Le Petit Tr\u00f4o . Faisselle est une appellation g\u00e9n\u00e9rique fran\u00e7aise d\u00e9signant du fromage frais de lait cru qui prend son nom du moule \u00e0 fromage dans lequel il s'\u00e9goutte\u00a0: la faisselle. Ingr\u00e9dients : lait de vache pasteuris\u00e9 Valeurs nutritionnelles\u2026","rel":"","context":"Article similaire","img":{"alt_text":"","src":"https:\/\/i0.wp.com\/www.passionfruits.fr\/wp-content\/uploads\/2015\/12\/faisselle.png?fit=600%2C600&ssl=1&resize=350%2C200","width":350,"height":200},"classes":[]},{"id":6006,"url":"https:\/\/www.passionfruits.fr\/index.php\/produit\/fromage-blanc-battu-artisanale-pot-de-500-grs\/","url_meta":{"origin":10680,"position":5},"title":"Fromage Blanc battu Artisanal - pot 500 grs","date":"7 d\u00e9cembre 2015","format":false,"excerpt":"\u00a0Le fromage blanc battu est obtenu apr\u00e8s lissage du caill\u00e9 \u00e9goutt\u00e9 en moule. Ce proc\u00e9d\u00e9 lui conf\u00e8re une parfaite onctuosit\u00e9. Ingr\u00e9dients : lait de vache pasteuris\u00e9 Valeurs nutritionnelles moyennes pour 100g Energie : 422kj\/101kcal Mati\u00e8res grasses : 7g dont acides gras satur\u00e9s : 5.3g Glucides : 4.1g dont sucres 1.6g\u2026","rel":"","context":"Article similaire","img":{"alt_text":"","src":"https:\/\/i2.wp.com\/www.passionfruits.fr\/wp-content\/uploads\/2015\/12\/verse-room.jpg?fit=611%2C305&ssl=1&resize=350%2C200","width":350,"height":200},"classes":[]}],"_links":{"self":[{"href":"https:\/\/www.passionfruits.fr\/index.php\/wp-json\/wp\/v2\/product\/10680"}],"collection":[{"href":"https:\/\/www.passionfruits.fr\/index.php\/wp-json\/wp\/v2\/product"}],"about":[{"href":"https:\/\/www.passionfruits.fr\/index.php\/wp-json\/wp\/v2\/types\/product"}],"replies":[{"embeddable":true,"href":"https:\/\/www.passionfruits.fr\/index.php\/wp-json\/wp\/v2\/comments?post=10680"}],"wp:featuredmedia":[{"embeddable":true,"href":"https:\/\/www.passionfruits.fr\/index.php\/wp-json\/wp\/v2\/media\/10676"}],"wp:attachment":[{"href":"https:\/\/www.passionfruits.fr\/index.php\/wp-json\/wp\/v2\/media?parent=10680"}],"curies":[{"name":"wp","href":"https:\/\/api.w.org\/{rel}","templated":true}]}}