{"id":10965,"date":"2017-08-24T11:06:59","date_gmt":"2017-08-24T10:06:59","guid":{"rendered":"http:\/\/www.andreclaude.fr\/web\/?post_type=product&#038;p=10965"},"modified":"2022-11-25T17:54:37","modified_gmt":"2022-11-25T16:54:37","slug":"soupe-de-poisson-a-la-setoise-la-bouteille-de-1-litre","status":"publish","type":"product","link":"https:\/\/www.passionfruits.fr\/index.php\/produit\/soupe-de-poisson-a-la-setoise-la-bouteille-de-1-litre\/","title":{"rendered":"Soupe de poisson \u00e0 la S\u00e9toise la bouteille de 1 litre"},"content":{"rendered":"<p>Distrazur<\/p>\n<p>26780 Malataverne<\/p>\n<p>&nbsp;<\/p>\n","protected":false},"excerpt":{"rendered":"<p>Soupe contenant 30 % de poisson.<\/p>\n<p>Ingr\u00e9dients :<\/p>\n<p>Eau, <strong>poissons 30%, <\/strong>concentr\u00e9 de tomate, vin blanc, huile d&#8217;olive vierge extra, \u00e9pices, plantes aromatiques, sel, \u00e9paississant : gomme de xanthane, colorant : ol\u00e9or\u00e9sine de paprika.<\/p>\n<p>Valeurs nutritionnelles moyennes pour 100 g<\/p>\n<p>Energie : 155kj\/37kcal<\/p>\n<p>Mati\u00e8res grasses : 1.1g dont acides gras satur\u00e9s : 0.3g<\/p>\n<p>Glucides : 1.2g dont sucres 0.5g<\/p>\n<p>Fibres alimentaires : 0.7g<\/p>\n<p>Prot\u00e9ines : 5.2g<\/p>\n<p>Sel 1g<\/p>\n<p>&nbsp;<\/p>\n","protected":false},"featured_media":10966,"comment_status":"closed","ping_status":"closed","template":"","meta":{"spay_email":"","jetpack_publicize_message":"","jetpack_is_tweetstorm":false},"jetpack_publicize_connections":[],"jetpack_sharing_enabled":true,"jetpack-related-posts":[{"id":10975,"url":"https:\/\/www.passionfruits.fr\/index.php\/produit\/rouille-le-pot-de-90g\/","url_meta":{"origin":10965,"position":0},"title":"Rouille le pot de 90g","date":"25 ao\u00fbt 2017","format":false,"excerpt":"Quelquefois appel\u00e9e mayonnaise proven\u00e7ale, la rouille est servie avec la bouillabaisse, ou la soupe de poissons \u00e0 la s\u00e9toise, et accompagne les plats de poisson, les crustac\u00e9s et les poulpes. Ingr\u00e9dients : huile de tournesol, lait, m\u00e9lange d'\u00e9pices (piment doux, ail semoule, sel, chapelure (gluten) poivre, piment fort, moutarde) Jaune\u2026","rel":"","context":"Article similaire","img":{"alt_text":"","src":"https:\/\/i2.wp.com\/www.passionfruits.fr\/wp-content\/uploads\/2017\/08\/rouille.jpg?fit=448%2C600&ssl=1&resize=350%2C200","width":350,"height":200},"classes":[]},{"id":11087,"url":"https:\/\/www.passionfruits.fr\/index.php\/produit\/rillettes-de-dorade-a-la-creole-le-pot-de-90-grs\/","url_meta":{"origin":10965,"position":1},"title":"Rillettes de Dorade \u00e0 la Cr\u00e9ole le pot de 90 grs","date":"19 septembre 2017","format":false,"excerpt":"Voici un produit particuli\u00e8rement l\u00e9ger et riche en go\u00fbt, \u00e0 base de cr\u00e8me fra\u00eeche, et de chair des poissons ou crustac\u00e9s , relev\u00e9 par des oignons et du persil frais. Vous appr\u00e9cierez les Rillettes sur du bon pain de campagne en sandwich ou sur des toasts grill\u00e9s. L\u2019histoire de cette\u2026","rel":"","context":"Article similaire","img":{"alt_text":"","src":"https:\/\/i0.wp.com\/www.passionfruits.fr\/wp-content\/uploads\/2017\/09\/rillette-de-poisson.jpg?fit=600%2C600&ssl=1&resize=350%2C200","width":350,"height":200},"classes":[]},{"id":5909,"url":"https:\/\/www.passionfruits.fr\/index.php\/produit\/sauce-tomate-grand-mere\/","url_meta":{"origin":10965,"position":2},"title":"Sauce Tomate Grand M\u00e8re le pot de 350g","date":"7 d\u00e9cembre 2015","format":false,"excerpt":"Id\u00e9ale pour accompagner vos plats de p\u00e2tes, de riz,poissons, ou encore pour vous assurer la r\u00e9ussite de vos sauces tomates ! \u00a0 CARACTERISTIQUES PRODUIT Ingr\u00e9dients : Tomates 90%, l\u00e9gumes en proportions variables 7% ( oignon, carotte, c\u00e9leri), huile de tournesol, sel, r\u00e9gulateur d'acidit\u00e9 : acide citrique. Allerg\u00e8nes : Traces d'allerg\u00e8nes\u2026","rel":"","context":"Article similaire","img":{"alt_text":"","src":"https:\/\/i2.wp.com\/www.passionfruits.fr\/wp-content\/uploads\/2015\/12\/sauce.jpg?fit=598%2C600&ssl=1&resize=350%2C200","width":350,"height":200},"classes":[]},{"id":11090,"url":"https:\/\/www.passionfruits.fr\/index.php\/produit\/rillettes-de-sardine-le-pot-de-90-grs\/","url_meta":{"origin":10965,"position":3},"title":"Rillettes de Sardine le pot de 90 grs","date":"19 septembre 2017","format":false,"excerpt":"Voici un produit particuli\u00e8rement l\u00e9ger et riche en go\u00fbt, \u00e0 base de cr\u00e8me fra\u00eeche, et de chair des poissons ou crustac\u00e9s , relev\u00e9 par des oignons et du persil frais. Vous appr\u00e9cierez les Rillettes sur du bon pain de campagne en sandwich ou sur des toasts grill\u00e9s. L\u2019histoire de cette\u2026","rel":"","context":"Article similaire","img":{"alt_text":"","src":"https:\/\/i0.wp.com\/www.passionfruits.fr\/wp-content\/uploads\/2017\/09\/rillette-de-poisson.jpg?fit=600%2C600&ssl=1&resize=350%2C200","width":350,"height":200},"classes":[]},{"id":5929,"url":"https:\/\/www.passionfruits.fr\/index.php\/produit\/crouton-le-sachet\/","url_meta":{"origin":10965,"position":4},"title":"Crouton nature le sachet de 100g","date":"7 d\u00e9cembre 2015","format":false,"excerpt":"Id\u00e9ale pour accompagner vos soupes ou vos salades. Ingr\u00e9dients : farine de bl\u00e9, huile de tournesol, levure, sel, lactose, prot\u00e9ines de lait. Valeurs nutritionnelles moyennes pour 100g Energie : 2097kj\/501kcal Mati\u00e8res grasses : 26g dont acides gras satur\u00e9s : 2.9g Glucides : 57.1g dont sucres 3.4g Prot\u00e9ines : 8.3g Sel\u2026","rel":"","context":"Article similaire","img":{"alt_text":"","src":"https:\/\/i0.wp.com\/www.passionfruits.fr\/wp-content\/uploads\/2015\/12\/crouton-nature.jpg?fit=600%2C588&ssl=1&resize=350%2C200","width":350,"height":200},"classes":[]},{"id":11089,"url":"https:\/\/www.passionfruits.fr\/index.php\/produit\/rillettes-de-maquereau-le-pot-de-90-grs\/","url_meta":{"origin":10965,"position":5},"title":"Rillettes de Maquereau le pot de 90 grs","date":"19 septembre 2017","format":false,"excerpt":"Voici un produit particuli\u00e8rement l\u00e9ger et riche en go\u00fbt, \u00e0 base de cr\u00e8me fra\u00eeche, et de chair des poissons ou crustac\u00e9s , relev\u00e9 par des oignons et du persil frais. Vous appr\u00e9cierez les Rillettes sur du bon pain de campagne en sandwich ou sur des toasts grill\u00e9s. L\u2019histoire de cette\u2026","rel":"","context":"Article similaire","img":{"alt_text":"","src":"https:\/\/i0.wp.com\/www.passionfruits.fr\/wp-content\/uploads\/2017\/09\/rillette-de-poisson.jpg?fit=600%2C600&ssl=1&resize=350%2C200","width":350,"height":200},"classes":[]}],"_links":{"self":[{"href":"https:\/\/www.passionfruits.fr\/index.php\/wp-json\/wp\/v2\/product\/10965"}],"collection":[{"href":"https:\/\/www.passionfruits.fr\/index.php\/wp-json\/wp\/v2\/product"}],"about":[{"href":"https:\/\/www.passionfruits.fr\/index.php\/wp-json\/wp\/v2\/types\/product"}],"replies":[{"embeddable":true,"href":"https:\/\/www.passionfruits.fr\/index.php\/wp-json\/wp\/v2\/comments?post=10965"}],"wp:featuredmedia":[{"embeddable":true,"href":"https:\/\/www.passionfruits.fr\/index.php\/wp-json\/wp\/v2\/media\/10966"}],"wp:attachment":[{"href":"https:\/\/www.passionfruits.fr\/index.php\/wp-json\/wp\/v2\/media?parent=10965"}],"curies":[{"name":"wp","href":"https:\/\/api.w.org\/{rel}","templated":true}]}}