{"id":10992,"date":"2017-08-31T14:56:12","date_gmt":"2017-08-31T13:56:12","guid":{"rendered":"http:\/\/www.andreclaude.fr\/web\/?post_type=product&#038;p=10992"},"modified":"2025-12-12T10:35:41","modified_gmt":"2025-12-12T09:35:41","slug":"nougat-tendre-aux-amandes-barre-de-100-g","status":"publish","type":"product","link":"https:\/\/www.passionfruits.fr\/index.php\/produit\/nougat-tendre-aux-amandes-barre-de-100-g\/","title":{"rendered":"Nougat tendre aux amandes barre de 50 g"},"content":{"rendered":"<p>Maison Bor<\/p>\n<p>&nbsp;<\/p>\n","protected":false},"excerpt":{"rendered":"<p>Cette barre 100 g de Nougat tendre se glissera facilement dans votre poche. Vous pourrez consommer cette confiserie traditionnelle seul ou \u00e0 deux.\u00a0Vous profiterez pleinement de ce m\u00e9lange de saveurs d&#8217;amandes et de Miel. Facile \u00e0 d\u00e9guster.<\/p>\n<p>Ingr\u00e9dients : sucre, glucose,<strong> amandes grill\u00e9es<\/strong> 15%, vanilline, <strong>blancs d<\/strong>&#8216;<strong>oeuf<\/strong>, miel.<\/p>\n<p>Distribution confiserie foraine<\/p>\n<p>Peut contenir des traces d&#8217;autres fruits \u00e0 coque.<\/p>\n<p>Valeurs nutritionnelles moyennes pour 100g :<\/p>\n<p>Energie : 398Kcal 1665KJ<\/p>\n<p>Mati\u00e8res grasses 1.7g dont acides gars satur\u00e9s : 1.7g<\/p>\n<p>Glucides : 92g dont sucres\u00a0 83g<\/p>\n<p>Prot\u00e9ines : 3.3g<\/p>\n<p>sel : 0.33g<\/p>\n<p>&nbsp;<\/p>\n","protected":false},"featured_media":10993,"comment_status":"closed","ping_status":"closed","template":"","meta":{"spay_email":"","jetpack_publicize_message":"","jetpack_is_tweetstorm":false},"jetpack_publicize_connections":[],"jetpack_sharing_enabled":true,"jetpack-related-posts":[{"id":6442,"url":"https:\/\/www.passionfruits.fr\/index.php\/produit\/l-nougat-aux-amandes-nature-part-180-grs-env\/","url_meta":{"origin":10992,"position":0},"title":"Nougat amandes nature part 180g env.","date":"7 d\u00e9cembre 2015","format":false,"excerpt":"Il est tendre, moelleux et surtout\u00a0peu sucr\u00e9, gr\u00e2ce \u00e0 la\u00a0pectine de fruit\u00a0qui sert de\u00a0sucrant\u00a0et g\u00e9lifiant naturel.","rel":"","context":"Article similaire","img":{"alt_text":"","src":"https:\/\/i2.wp.com\/www.passionfruits.fr\/wp-content\/uploads\/2015\/12\/Nougat-part.jpg?fit=600%2C600&ssl=1&resize=350%2C200","width":350,"height":200},"classes":[]},{"id":6444,"url":"https:\/\/www.passionfruits.fr\/index.php\/produit\/n-nougat-amandes-caramel-part-180-grs-env\/","url_meta":{"origin":10992,"position":1},"title":"Nougat amandes caramel part 180g env.","date":"7 d\u00e9cembre 2015","format":false,"excerpt":"","rel":"","context":"Article similaire","img":{"alt_text":"","src":"https:\/\/i0.wp.com\/www.passionfruits.fr\/wp-content\/uploads\/2015\/12\/nougat-caramel.jpg?fit=600%2C600&ssl=1&resize=350%2C200","width":350,"height":200},"classes":[]},{"id":6445,"url":"https:\/\/www.passionfruits.fr\/index.php\/produit\/m-nougat-amandes-creme-brulee-part-180-grs-env\/","url_meta":{"origin":10992,"position":2},"title":"Nougat amandes cr\u00e8me brul\u00e9e part 180g env.","date":"7 d\u00e9cembre 2015","format":false,"excerpt":"","rel":"","context":"Article similaire","img":{"alt_text":"","src":"https:\/\/i2.wp.com\/www.passionfruits.fr\/wp-content\/uploads\/2015\/12\/Nougat-part.jpg?fit=600%2C600&ssl=1&resize=350%2C200","width":350,"height":200},"classes":[]},{"id":6464,"url":"https:\/\/www.passionfruits.fr\/index.php\/produit\/o-nougat-amandes-fruits-confits-part-180-grs-env\/","url_meta":{"origin":10992,"position":3},"title":"Nougat amandes Fruits confits part 180 grs env.","date":"7 d\u00e9cembre 2015","format":false,"excerpt":"","rel":"","context":"Article similaire","img":{"alt_text":"","src":"https:\/\/i1.wp.com\/www.passionfruits.fr\/wp-content\/uploads\/2015\/12\/nougat-fruit-confit3.jpg?fit=600%2C600&ssl=1&resize=350%2C200","width":350,"height":200},"classes":[]},{"id":6465,"url":"https:\/\/www.passionfruits.fr\/index.php\/produit\/p-nougat-aux-amandes-pistachenutella-part-180-grs-env\/","url_meta":{"origin":10992,"position":4},"title":"Nougat Pistache\/nutella part 180g env.","date":"7 d\u00e9cembre 2015","format":false,"excerpt":"","rel":"","context":"Article similaire","img":{"alt_text":"","src":"https:\/\/i0.wp.com\/www.passionfruits.fr\/wp-content\/uploads\/2015\/12\/nougat-pistache.jpg?fit=598%2C599&ssl=1&resize=350%2C200","width":350,"height":200},"classes":[]},{"id":5370,"url":"https:\/\/www.passionfruits.fr\/index.php\/produit\/amande-decortiquee-barq-245-g\/","url_meta":{"origin":10992,"position":5},"title":"Amande barquette 220g environ","date":"7 d\u00e9cembre 2015","format":false,"excerpt":"Pour les monder, plongez les amandes 2mn dans de l\u2019eau bouillante puis \u00e9gouttez-les et passez-les sous l\u2019eau froide. Vous pourrez ensuite tr\u00e8s facilement enlever la peau en les pin\u00e7ant entre deux doigts. Conditionn\u00e9 en barquette refermable \u00e0 volont\u00e9 pour garder toute sa saveur. Ingr\u00e9dients : amandes Origine :\u00a0 U.S.A. Traces\u2026","rel":"","context":"Article similaire","img":{"alt_text":"","src":"https:\/\/i2.wp.com\/www.passionfruits.fr\/wp-content\/uploads\/2015\/12\/113-129-large.jpg?fit=300%2C300&ssl=1&resize=350%2C200","width":350,"height":200},"classes":[]}],"_links":{"self":[{"href":"https:\/\/www.passionfruits.fr\/index.php\/wp-json\/wp\/v2\/product\/10992"}],"collection":[{"href":"https:\/\/www.passionfruits.fr\/index.php\/wp-json\/wp\/v2\/product"}],"about":[{"href":"https:\/\/www.passionfruits.fr\/index.php\/wp-json\/wp\/v2\/types\/product"}],"replies":[{"embeddable":true,"href":"https:\/\/www.passionfruits.fr\/index.php\/wp-json\/wp\/v2\/comments?post=10992"}],"wp:featuredmedia":[{"embeddable":true,"href":"https:\/\/www.passionfruits.fr\/index.php\/wp-json\/wp\/v2\/media\/10993"}],"wp:attachment":[{"href":"https:\/\/www.passionfruits.fr\/index.php\/wp-json\/wp\/v2\/media?parent=10992"}],"curies":[{"name":"wp","href":"https:\/\/api.w.org\/{rel}","templated":true}]}}