{"id":11338,"date":"2017-11-25T10:44:34","date_gmt":"2017-11-25T09:44:34","guid":{"rendered":"http:\/\/www.andreclaude.fr\/web\/?post_type=product&#038;p=11338"},"modified":"2024-07-12T11:46:16","modified_gmt":"2024-07-12T10:46:16","slug":"cake-aux-fruits-en-tranche-le-paquet-de-250-grs","status":"publish","type":"product","link":"https:\/\/www.passionfruits.fr\/index.php\/produit\/cake-aux-fruits-en-tranche-le-paquet-de-250-grs\/","title":{"rendered":"Cake aux fruits en tranche le paquet de 250 grs"},"content":{"rendered":"<p>Les Saveurs du Clavon<\/p>\n<p>Distribu\u00e9 par DISTRAZUR\u00a0 26780 Malataverne<\/p>\n<p>&nbsp;<\/p>\n","protected":false},"excerpt":{"rendered":"<p>Ingr\u00e9dients : Fruits 38.2% (raisins secs (14.2%), bigarreaux confits (13%), bigarreaux (6.6%), sirop de glucose-fructose, colorant ; anthocyanes, correcteur d&#8217;acidit\u00e9 : acide citrique, conservateur : <strong>anhydride sulfureux<\/strong>), \u00e9corces d&#8217;orange confites (5.5%) (\u00e9corces d&#8217;orange (2.9%), sirop de glucose fructose, sacharrose, correcteur d&#8217;acidit\u00e9 : acide citrique, conservateur : <strong>anhydride sulfureux<\/strong>, cubes de past\u00e8que confits (5.5%) (past\u00e8que 2.9%), sirop de glucose fructose, sucre, correcteur d&#8217;acidit\u00e9 ; acide citrique, colorant cochenille, conservateur\u00a0 : <strong>anhydride sulfureux<\/strong>), farine de<strong> bl\u00e9, oeufs<\/strong> entiers, sucre, huile de colza, sirop de glucose, stabilisant ; glyc\u00e9rol, sel, eau, poudres \u00e0 lever (contient <strong>bl\u00e9<\/strong>): diphosphates carbonates de sodium, ar\u00f4me naturel de vanille (contient alcool), ar\u00f4me naturel d&#8217;orange, \u00e9mulsifiant : mono et diglyc\u00e9rides d&#8217;acide gras, \u00e9paississant : gomme xanthane.<\/p>\n<p><strong>Peut contenir des traces de lait et de fruits \u00e0 coque<\/strong><\/p>\n<p>Valeurs nutritionnelles moyennes pour 100g<\/p>\n<p>Energie : 1565kj\/372kcal<\/p>\n<p>Mati\u00e8res grasses : 12.1g dont acides gars satur\u00e9s : 1.7g<\/p>\n<p>Glucides : 60.2g dont sucres 39.4g<\/p>\n<p>Prot\u00e9ines : 4.4g<\/p>\n<p>Sel 0.58g<\/p>\n<p>&nbsp;<\/p>\n","protected":false},"featured_media":11955,"comment_status":"closed","ping_status":"closed","template":"","meta":{"spay_email":"","jetpack_publicize_message":"","jetpack_is_tweetstorm":false},"jetpack_publicize_connections":[],"jetpack_sharing_enabled":true,"jetpack-related-posts":[{"id":17814,"url":"https:\/\/www.passionfruits.fr\/index.php\/produit\/babas-au-rhum-la-boite-de-3-pieces\/","url_meta":{"origin":11338,"position":0},"title":"Babas au Rhum la boite de 3 pi\u00e8ces","date":"24 mars 2021","format":false,"excerpt":"Ingr\u00e9dients: sucre, eau, farine de bl\u00e9, extrait aromatique rhum orange (rhum 8,7% ,infusion d'\u00e9corces d'oranges douces),\u0153ufs entiers, raisins secs 6,6% (raisins secs, huile v\u00e9g\u00e9tale(palme),huile v\u00e9g\u00e9tale de colza), margarine (graisse v\u00e9g\u00e9tale, palme),huile v\u00e9g\u00e9tale (colza),eau, \u00e9mulsifiant: mono et diglyc\u00e9rides d'acides gras, correcteur d'acidit\u00e9 :acide citrique), sirop de glucose, \u00e9corces d'oranges confites 2,2%\u2026","rel":"","context":"Article similaire","img":{"alt_text":"","src":"https:\/\/i1.wp.com\/www.passionfruits.fr\/wp-content\/uploads\/2021\/03\/Baba-au-rhum.jpg?fit=600%2C600&ssl=1&resize=350%2C200","width":350,"height":200},"classes":[]},{"id":8366,"url":"https:\/\/www.passionfruits.fr\/index.php\/produit\/melange-exotique-barquette-200g-environ\/","url_meta":{"origin":11338,"position":1},"title":"M\u00e9lange exotique barquette 250g environ","date":"8 mars 2016","format":false,"excerpt":"M\u00e9lange de\u00a0 fruits secs et de fruits d\u00e9shydrat\u00e9s\u00a0: Conditionn\u00e9 en barquette refermable \u00e0 volont\u00e9 pour garder toute sa saveur. Ingr\u00e9dients :Ingr\u00e9dients : raisin sec golden (raisin, huile de tournesol, conservateur : anhydride sulfureux), papaye d\u00e9shydrat\u00e9e en cubes (papaye, sucre, conservateur : anhydride sulfureux), ananas d\u00e9shydrat\u00e9 en cubes (ananas, sucre, acidifiant\u2026","rel":"","context":"Article similaire","img":{"alt_text":"","src":"https:\/\/i2.wp.com\/www.passionfruits.fr\/wp-content\/uploads\/2016\/03\/Melange-Exotique.jpg?fit=601%2C600&ssl=1&resize=350%2C200","width":350,"height":200},"classes":[]},{"id":6281,"url":"https:\/\/www.passionfruits.fr\/index.php\/produit\/pate-de-fruits-barquette-280-grs-env\/","url_meta":{"origin":11338,"position":2},"title":"P\u00e2te de fruits barquette 250g env.","date":"7 d\u00e9cembre 2015","format":false,"excerpt":"Succulentes douceurs aux formes de fruits, fabriqu\u00e9es \u00e0 base d'ar\u00f4mes naturels. Tendres et fondantes \u00e0 souhait ! Gommes de pectine sucr\u00e9es au go\u00fbt de fruits : sucre, sirop de glucose, eau, g\u00e9lifiant (pectine), fibres d'avoine, acidifiant (acide citrique), ar\u00f4mes naturels, colorants (E100, E120,E141,E163), concentr\u00e9 d'ananas (0.1%), ar\u00f4me naturel d'orange. Valeurs\u2026","rel":"","context":"Article similaire","img":{"alt_text":"","src":"https:\/\/i2.wp.com\/www.passionfruits.fr\/wp-content\/uploads\/2015\/12\/pates-fruits.jpg?fit=554%2C604&ssl=1&resize=350%2C200","width":350,"height":200},"classes":[]},{"id":9581,"url":"https:\/\/www.passionfruits.fr\/index.php\/produit\/pate-de-fruits-sachet-1-kilo\/","url_meta":{"origin":11338,"position":3},"title":"P\u00e2te de fruits sachet de 1 kilo","date":"27 octobre 2016","format":false,"excerpt":"Succulentes douceurs aux formes de fruits, fabriqu\u00e9es \u00e0 base d'ar\u00f4mes naturels. Tendres et fondantes \u00e0 souhait ! Gommes de pectine sucr\u00e9es au go\u00fbt de fruits : sucre, sirop de glucose, eau, g\u00e9lifiant (pectine), fibres d'avoine, acidifiant (acide citrique), ar\u00f4mes naturels, colorants (E100, E120,E141,E163), concentr\u00e9 d'ananas (0.1%), ar\u00f4me naturel d'orange. Valeurs\u2026","rel":"","context":"Article similaire","img":{"alt_text":"","src":"https:\/\/i2.wp.com\/www.passionfruits.fr\/wp-content\/uploads\/2015\/12\/pates-fruits.jpg?fit=554%2C604&ssl=1&resize=350%2C200","width":350,"height":200},"classes":[]},{"id":8282,"url":"https:\/\/www.passionfruits.fr\/index.php\/produit\/composition-limonade-et-pain-depices\/","url_meta":{"origin":11338,"position":4},"title":"Composition limonade et pain d'\u00e9pices","date":"2 mars 2016","format":false,"excerpt":"Composition limonade et pain d'\u00e9pices Limonade bouteille 1 litre Pain d\u2019\u00e9pices au miel le paquet 500g Pour les gourmands et les amateurs de Gastronomie, vous pouvez composez vous-m\u00eame vos paniers gourmands et m\u00eame les faire livrer directement \u00e0 vos proches. Limonade: Ingr\u00e9dients : Eau gaz\u00e9ifi\u00e9e, sucre de betterave, ar\u00f4mes naturels\u2026","rel":"","context":"Article similaire","img":{"alt_text":"","src":"https:\/\/i0.wp.com\/www.passionfruits.fr\/wp-content\/uploads\/2016\/03\/limonade-pain-depice.jpg?fit=600%2C600&ssl=1&resize=350%2C200","width":350,"height":200},"classes":[]},{"id":5953,"url":"https:\/\/www.passionfruits.fr\/index.php\/produit\/pain-depices-le-paquet\/","url_meta":{"origin":11338,"position":5},"title":"Pain d'\u00e9pices au miel le paquet 500g","date":"7 d\u00e9cembre 2015","format":false,"excerpt":"Pain d\u2019\u00e9pices au miel avec perle de sucre paquet de 500 grs. Go\u00fbtez ce pain d\u2019\u00e9pices et vous retrouverez les saveurs de votre enfance. Ingr\u00e9dients : sirop de glucose-fructose, farine de seigle, miel (15%), sucre perl\u00e9 11%, poudres \u00e0 lever (carbonate acide de sodium, disphosphate disodique), \u00e9pices et ar\u00f4mes. Peut\u2026","rel":"","context":"Article similaire","img":{"alt_text":"","src":"https:\/\/i1.wp.com\/www.passionfruits.fr\/wp-content\/uploads\/2015\/12\/Pain_Epices.jpg?fit=600%2C600&ssl=1&resize=350%2C200","width":350,"height":200},"classes":[]}],"_links":{"self":[{"href":"https:\/\/www.passionfruits.fr\/index.php\/wp-json\/wp\/v2\/product\/11338"}],"collection":[{"href":"https:\/\/www.passionfruits.fr\/index.php\/wp-json\/wp\/v2\/product"}],"about":[{"href":"https:\/\/www.passionfruits.fr\/index.php\/wp-json\/wp\/v2\/types\/product"}],"replies":[{"embeddable":true,"href":"https:\/\/www.passionfruits.fr\/index.php\/wp-json\/wp\/v2\/comments?post=11338"}],"wp:featuredmedia":[{"embeddable":true,"href":"https:\/\/www.passionfruits.fr\/index.php\/wp-json\/wp\/v2\/media\/11955"}],"wp:attachment":[{"href":"https:\/\/www.passionfruits.fr\/index.php\/wp-json\/wp\/v2\/media?parent=11338"}],"curies":[{"name":"wp","href":"https:\/\/api.w.org\/{rel}","templated":true}]}}