{"id":11413,"date":"2017-12-15T07:36:34","date_gmt":"2017-12-15T06:36:34","guid":{"rendered":"http:\/\/www.andreclaude.fr\/web\/?post_type=product&#038;p=11413"},"modified":"2023-06-22T15:07:52","modified_gmt":"2023-06-22T14:07:52","slug":"champagne-bouche-pere-et-fils-brut-300-cl","status":"publish","type":"product","link":"https:\/\/www.passionfruits.fr\/index.php\/produit\/champagne-bouche-pere-et-fils-brut-300-cl\/","title":{"rendered":"Champagne Bouch\u00e9 P\u00e8re et fils Brut 300 cl"},"content":{"rendered":"","protected":false},"excerpt":{"rendered":"<p>Une couleur or. Ses bulles sont fines. Vous retrouverez au nez de l\u00e9g\u00e8res notes de brioche. Il est fin et a beaucoup de caract\u00e8re! D\u00e9gustez-le lors de toutes vos grandes occasions.<\/p>\n<p>Fond\u00e9e en 1920 par Abel Bouch\u00e9, la maison familiale Bouch\u00e9 P\u00e8re &amp; fils en est aujourd&#8217;hui \u00e0 la 4e g\u00e9n\u00e9ration.Pierre fut le premier \u00e0 d\u00e9velopper l&#8217;exportation. Il entreprend la vinification en 1945 \u00e0 Pierry.<\/p>\n<p>Aujourd&#8217;hui, Jos\u00e9 et Nicolas, petit-fils et arri\u00e8re-petit-fils du fondateur, perp\u00e9tuent l&#8217;esprit familial. Le vignoble du champagne Bouch\u00e9 p\u00e8re &amp; fils fait 30 hectares et se r\u00e9partit sur 9 villages champenois.<\/p>\n<p>Alcool<strong> : <\/strong>12,5 % Contient des sulfites<\/p>\n<p>Champagne Bouch\u00e9 P\u00e8re et Fils 10 rue du G\u00e9n\u00e9ral de Gaulle 51530 Pierry<\/p>\n<p>La consommation de boissons alcoolis\u00e9es pendant la grossesse, m\u00eame en faible quantit\u00e9, peut avoir des cons\u00e9quences graves sur la sant\u00e9 de l\u2019enfant.<\/p>\n<p>L ABUS D ALCOOL EST DANGEREUX POUR LA SANTE. A CONSOMMER AVEC MODERATION.<\/p>\n<p>LA VENTE D ALCOOL EST INTERDITE AUX MINEURS<\/p>\n","protected":false},"featured_media":17622,"comment_status":"closed","ping_status":"closed","template":"","meta":{"spay_email":"","jetpack_publicize_message":"","jetpack_is_tweetstorm":false},"jetpack_publicize_connections":[],"jetpack_sharing_enabled":true,"jetpack-related-posts":[{"id":11412,"url":"https:\/\/www.passionfruits.fr\/index.php\/produit\/champagne-bouche-pere-et-fils-brut-150-cl\/","url_meta":{"origin":11413,"position":0},"title":"Champagne Bouch\u00e9 P\u00e8re et fils Brut 150 cl","date":"15 d\u00e9cembre 2017","format":false,"excerpt":"Une couleur or. Ses bulles sont fines. Vous retrouverez au nez de l\u00e9g\u00e8res notes de brioche. Il est fin et a beaucoup de caract\u00e8re! D\u00e9gustez-le lors de toutes vos grandes occasions. Fond\u00e9e en 1920 par Abel Bouch\u00e9, la maison familiale Bouch\u00e9 P\u00e8re & fils en est aujourd'hui \u00e0 la 4e\u2026","rel":"","context":"Article similaire","img":{"alt_text":"","src":"https:\/\/i1.wp.com\/www.passionfruits.fr\/wp-content\/uploads\/2017\/12\/Bouche.jpg?fit=300%2C300&ssl=1&resize=350%2C200","width":350,"height":200},"classes":[]},{"id":5618,"url":"https:\/\/www.passionfruits.fr\/index.php\/produit\/champagne-bouche-brut\/","url_meta":{"origin":11413,"position":1},"title":"Champagne Bouch\u00e9 P\u00e8re et fils Brut 75 cl","date":"7 d\u00e9cembre 2015","format":false,"excerpt":"168.00 \u20ac le carton de 6 bouteilles soit 28,00\u00a0 \u20ac la bouteille \u00a0 Une couleur or. Ses bulles sont fines. Vous retrouverez au nez de l\u00e9g\u00e8res notes de brioche. Il est fin et a beaucoup de caract\u00e8re! D\u00e9gustez-le lors de toutes vos grandes occasions. Fond\u00e9e en 1920 par Abel Bouch\u00e9,\u2026","rel":"","context":"Article similaire","img":{"alt_text":"","src":"https:\/\/i1.wp.com\/www.passionfruits.fr\/wp-content\/uploads\/2017\/12\/Bouche.jpg?fit=300%2C300&ssl=1&resize=350%2C200","width":350,"height":200},"classes":[]},{"id":11415,"url":"https:\/\/www.passionfruits.fr\/index.php\/produit\/champagne-bouche-pere-fils-cuvee-rosee-75-cl\/","url_meta":{"origin":11413,"position":2},"title":"Champagne Bouch\u00e9 P\u00e8re & Fils Cuv\u00e9e Ros\u00e9e 75 cl","date":"15 d\u00e9cembre 2017","format":false,"excerpt":"Cette cuv\u00e9e est compos\u00e9e de 50% Pinot Noir, 40% Chardonnay et 10% Pinot Meunier. \u2013 ros\u00e9 d\u2019assemblage \u2013 trois ann\u00e9es de vieillissement en bouteille. \u2013 ar\u00f4mes \u00e9l\u00e9gant et subtils de fruits rouges Oeil : Robe rose claire, bulles fines et d\u00e9licates. Nez : Tr\u00e8s fruit\u00e9, ar\u00f4mes de fruits rouges et\u2026","rel":"","context":"Article similaire","img":{"alt_text":"","src":"https:\/\/i0.wp.com\/www.passionfruits.fr\/wp-content\/uploads\/2017\/12\/bouche-rose1.jpg?fit=600%2C599&ssl=1&resize=350%2C200","width":350,"height":200},"classes":[]},{"id":11418,"url":"https:\/\/www.passionfruits.fr\/index.php\/produit\/champagne-bouche-pere-fils-cuvee-saphir-75-cl\/","url_meta":{"origin":11413,"position":3},"title":"Champagne Bouch\u00e9 P\u00e8re & Fils Cuv\u00e9e Saphir 75 cl","date":"15 d\u00e9cembre 2017","format":false,"excerpt":"Ce champagne se compose de 75% Chardonnay 20 % pinot noir et 5% Pinot Meunier. Il est issu des vieilles vignes de la Maison. \u2013 10 ans de vieillissement \u2013 Dosage 8g\/L \u2013 liqueur vieillie sous bois Oeil : Robe jaune soutenue, bulles fines, effervescence l\u00e9g\u00e8re et agr\u00e9able. Nez :\u2026","rel":"","context":"Article similaire","img":{"alt_text":"","src":"https:\/\/i1.wp.com\/www.passionfruits.fr\/wp-content\/uploads\/2017\/12\/bouche-saphir.jpg?fit=600%2C600&ssl=1&resize=350%2C200","width":350,"height":200},"classes":[]},{"id":5496,"url":"https:\/\/www.passionfruits.fr\/index.php\/produit\/champagne-grande-reserve-brut\/","url_meta":{"origin":11413,"position":4},"title":"Champagne Devaux Grande R\u00e9serve Brut 75 cl","date":"7 d\u00e9cembre 2015","format":false,"excerpt":"Le champagne Grande R\u00e9serve Brut de la Maison DEVAUX est un superbe champagne aux ar\u00f4mes de fruits m\u00fbrs. Apr\u00e8s trois ans minimum de vieillissement en cave, finesse et puissance s'expriment en choeur dans ce champagne. Enjoleur, long en bouche, intense, noble, le champagne Grande R\u00e9serve Brut de la maison DEVAUX\u2026","rel":"","context":"Article similaire","img":{"alt_text":"","src":"https:\/\/i2.wp.com\/www.passionfruits.fr\/wp-content\/uploads\/2015\/12\/devaux2.jpg?fit=600%2C600&ssl=1&resize=350%2C200","width":350,"height":200},"classes":[]},{"id":5503,"url":"https:\/\/www.passionfruits.fr\/index.php\/produit\/champagne-devaux-grande-reserve-brut-375cl\/","url_meta":{"origin":11413,"position":5},"title":"Champagne Devaux Grande R\u00e9serve Brut 37,5 cl","date":"7 d\u00e9cembre 2015","format":false,"excerpt":"Le champagne Grande R\u00e9serve Brut de la Maison DEVAUX est un superbe champagne aux ar\u00f4mes de fruits m\u00fbrs. Apr\u00e8s trois ans minimum de vieillissement en cave, finesse et puissance s'expriment en choeur dans ce champagne. Enjoleur, long en bouche, intense, noble, le champagne Grande R\u00e9serve Brut de la maison DEVAUX\u2026","rel":"","context":"Article similaire","img":{"alt_text":"","src":"https:\/\/i2.wp.com\/www.passionfruits.fr\/wp-content\/uploads\/2015\/12\/devaux2.jpg?fit=600%2C600&ssl=1&resize=350%2C200","width":350,"height":200},"classes":[]}],"_links":{"self":[{"href":"https:\/\/www.passionfruits.fr\/index.php\/wp-json\/wp\/v2\/product\/11413"}],"collection":[{"href":"https:\/\/www.passionfruits.fr\/index.php\/wp-json\/wp\/v2\/product"}],"about":[{"href":"https:\/\/www.passionfruits.fr\/index.php\/wp-json\/wp\/v2\/types\/product"}],"replies":[{"embeddable":true,"href":"https:\/\/www.passionfruits.fr\/index.php\/wp-json\/wp\/v2\/comments?post=11413"}],"wp:featuredmedia":[{"embeddable":true,"href":"https:\/\/www.passionfruits.fr\/index.php\/wp-json\/wp\/v2\/media\/17622"}],"wp:attachment":[{"href":"https:\/\/www.passionfruits.fr\/index.php\/wp-json\/wp\/v2\/media?parent=11413"}],"curies":[{"name":"wp","href":"https:\/\/api.w.org\/{rel}","templated":true}]}}