{"id":13954,"date":"2019-05-17T07:37:33","date_gmt":"2019-05-17T06:37:33","guid":{"rendered":"http:\/\/www.andreclaude.fr\/web\/index.php\/produit\/chateau-fleur-la-mothe-150-cl-2015\/"},"modified":"2020-02-05T06:04:07","modified_gmt":"2020-02-05T05:04:07","slug":"chateau-fleur-la-mothe-150-cl-2015","status":"publish","type":"product","link":"https:\/\/www.passionfruits.fr\/index.php\/produit\/chateau-fleur-la-mothe-150-cl-2015\/","title":{"rendered":"Ch\u00e2teau Fleur La Mothe 150 cl  2015"},"content":{"rendered":"<p>&nbsp;<\/p>\n<p><span style=\"color: #000000;\">\u00a0<\/span><\/p>\n","protected":false},"excerpt":{"rendered":"<div>\n<div align=\"justify\">Le Ch\u00e2teau Fleur La Mothe M\u00e9doc Cru Bourgeois est une s\u00e9lection des meilleures parcelles. C&#8217;est un vin riche, plein de finesse et de concentration. Sa structure tannique lui offre une grande aptitude au vieillissement.<\/div>\n<div align=\"justify\">\n<div align=\"justify\">Surface : 15 Hectares<\/div>\n<div align=\"justify\">Age moyen des vignes : 50 ans<\/div>\n<div align=\"justify\">Sol : Argilo calcaire, Graves M\u00e9docaine<\/div>\n<div align=\"justify\">Enc\u00e9pagement : 45% Merlot, 45% Cabernet Sauvignon et 10% Petit Verdot<\/div>\n<div align=\"justify\">Mode de culture : Enherbement et travail du sol traditionnel, \u00e9bourgeonnage, effeuillage<\/div>\n<div align=\"justify\">Vendange : M\u00e9canique avec trieur embarqu\u00e9<\/div>\n<div align=\"justify\">R\u00e9ception : Table de tri<\/div>\n<div align=\"justify\">Vinification : Traditionnelle. Cuvaison longue<\/div>\n<div align=\"justify\">Elevage : Traditionnel des grands vins du M\u00e9doc<\/div>\n<\/div>\n<\/div>\n<div><\/div>\n<div>\n<p>Alcool 13,5 % Contient des sulfites.SCEA des Oenologues 33250 Pauillac<\/p>\n<p>La consommation de boissons alcoolis\u00e9es pendant la grossesse, m\u00eame en faible quantit\u00e9, peut avoir des cons\u00e9quences graves sur la sant\u00e9 de l\u2019enfant.<\/p>\n<p>LA VENTE D ALCOOL EST INTERDITE AUX MINEURS.<\/p>\n<p>L ABUS D ALCOOL EST DANGEREUX POUR LA SANTE. A CONSOMMER AVEC MODERATION.<\/p>\n<\/div>\n","protected":false},"featured_media":13955,"comment_status":"closed","ping_status":"closed","template":"","meta":{"spay_email":"","jetpack_publicize_message":"","jetpack_is_tweetstorm":false},"jetpack_publicize_connections":[],"jetpack_sharing_enabled":true,"jetpack-related-posts":[{"id":14356,"url":"https:\/\/www.passionfruits.fr\/index.php\/produit\/chateau-fleur-la-mothe-75-cl-2019\/","url_meta":{"origin":13954,"position":0},"title":"Ch\u00e2teau Fleur La Mothe 75 cl  2019","date":"6 septembre 2019","format":false,"excerpt":"Le Ch\u00e2teau Fleur La Mothe M\u00e9doc Cru Bourgeois est une s\u00e9lection des meilleures parcelles. C'est un vin riche, plein de finesse et de concentration. Sa structure tannique lui offre une grande aptitude au vieillissement. Surface : 15 Hectares Age moyen des vignes : 50 ans Sol : Argilo calcaire, Graves\u2026","rel":"","context":"Article similaire","img":{"alt_text":"","src":"https:\/\/i1.wp.com\/www.passionfruits.fr\/wp-content\/uploads\/2019\/05\/fleur-la-mothe.jpg?fit=596%2C600&ssl=1&resize=350%2C200","width":350,"height":200},"classes":[]},{"id":10577,"url":"https:\/\/www.passionfruits.fr\/index.php\/produit\/fleurs-des-champs-les-100g\/","url_meta":{"origin":13954,"position":1},"title":"Fleurs des champs part env. 200g","date":"12 mai 2017","format":false,"excerpt":"C\u2019est un fromage suisse dont la cro\u00fbte est entour\u00e9e d\u2019herbe, de foin qu\u2019on trouve dans les champs P\u00e2te press\u00e9e MG\/ Extrait sec <45% Ingr\u00e9dients : Lait de vache thermis\u00e9, sel, ferments, pr\u00e9sure animale. Ingr\u00e9dients croute : fleurs des champs Valeurs nutritionnelles pour 100 g Energie : 1545kj\/369 kcal Mati\u00e8res grasses\u2026","rel":"","context":"Article similaire","img":{"alt_text":"","src":"https:\/\/i2.wp.com\/www.passionfruits.fr\/wp-content\/uploads\/2017\/05\/fleurs-des-champs.jpg?fit=600%2C533&ssl=1&resize=350%2C200","width":350,"height":200},"classes":[]},{"id":5459,"url":"https:\/\/www.passionfruits.fr\/index.php\/produit\/chateau-tournefeuille-150cl-2009\/","url_meta":{"origin":13954,"position":2},"title":"Ch\u00e2teau tournefeuille 150cl 2022","date":"7 d\u00e9cembre 2015","format":false,"excerpt":"Les 17 hectares qui composent le vignoble du Ch\u00e2teau TOURNEFEUILLE appartiennent \u00e0 l\u2019appellation Lalande de Pomerol. Admirablement situ\u00e9 sur un \u00e9peron argilo-graveleux unique de la commune de N\u00e9ac face aux plus grands terroirs de Pomerol, le vignoble du Ch\u00e2teau TOURNEFEUILLE s\u2019\u00e9tend sur 17 hectares de vignes, rassembl\u00e9s autour du ch\u00e2teau\u2026","rel":"","context":"Article similaire","img":{"alt_text":"","src":"https:\/\/i2.wp.com\/www.passionfruits.fr\/wp-content\/uploads\/2015\/12\/tournefeuille.jpg?fit=570%2C620&ssl=1&resize=350%2C200","width":350,"height":200},"classes":[]},{"id":5403,"url":"https:\/\/www.passionfruits.fr\/index.php\/produit\/chateau-de-laubade-vsop-acacia-50-cl\/","url_meta":{"origin":13954,"position":3},"title":"Armagnac hors d'Age 70 cl","date":"7 d\u00e9cembre 2015","format":false,"excerpt":"Carafe Bas Armagnac Acacia Chateau de Laubade VSOP \u00a050cl. 40\u00b0.Le V.S.O.P est un assemblage \u00ab\u00a0plaisir\u00a0\u00bb \u00e0 d\u00e9guster en digestif ou en ap\u00e9ritif. Ch\u00e2teau de Laubade 32110 Sorbets. La consommation de boissons alcoolis\u00e9es pendant la grossesse, m\u00eame en faible quantit\u00e9, peut avoir des cons\u00e9quences graves sur la sant\u00e9 de l\u2019enfant. L\u2026","rel":"","context":"Article similaire","img":{"alt_text":"","src":"https:\/\/i0.wp.com\/www.passionfruits.fr\/wp-content\/uploads\/2015\/12\/laubade2.jpg?fit=600%2C600&ssl=1&resize=350%2C200","width":350,"height":200},"classes":[]},{"id":5397,"url":"https:\/\/www.passionfruits.fr\/index.php\/produit\/chateau-laubade-bas-armagnac-millesime\/","url_meta":{"origin":13954,"position":4},"title":"Ch\u00e2teau Laubade Bas Armagnac 1987","date":"7 d\u00e9cembre 2015","format":false,"excerpt":"Les Mill\u00e9simes proviennent \u00e0 100% d\u2019une seule ann\u00e9e de r\u00e9colte et de distillation. Ils ont la vertu d\u2019afficher clairement leur \u00e2ge. C\u2019est la grande sp\u00e9cificit\u00e9 de l\u2019armagnac et la marque de fabrique du ch\u00e2teau. Dans les chais du Ch\u00e2teau de Laubade vieillissent plus de 80 mill\u00e9simes diff\u00e9rents, v\u00e9ritables t\u00e9moignages de\u2026","rel":"","context":"Article similaire","img":{"alt_text":"","src":"https:\/\/i2.wp.com\/www.passionfruits.fr\/wp-content\/uploads\/2015\/12\/laubade-1.jpg?fit=500%2C500&ssl=1&resize=350%2C200","width":350,"height":200},"classes":[]},{"id":5867,"url":"https:\/\/www.passionfruits.fr\/index.php\/produit\/chateau-batailley-grand-cru-classe-pauillac-150-cl-2005\/","url_meta":{"origin":13954,"position":5},"title":"Ch\u00e2teau Batailley Pauillac 150cl 2003","date":"7 d\u00e9cembre 2015","format":false,"excerpt":"Grand Cru Class\u00e9 AOC Pauillac. Ch\u00e2teau Batailley, 5\u00e8me Grand Cru Class\u00e9 en 1855, est un des joyaux de la famille Cast\u00e9ja et de Borie-Manoux. Batailley est un Pauillac classique, avec une couleur rubis fonc\u00e9, bien charpent\u00e9 et des notes prononc\u00e9es de cassis. Alcool 13,5 % Contient des sulfites. La consommation\u2026","rel":"","context":"Article similaire","img":{"alt_text":"","src":"https:\/\/i2.wp.com\/www.passionfruits.fr\/wp-content\/uploads\/2015\/12\/batailley.jpg?fit=600%2C600&ssl=1&resize=350%2C200","width":350,"height":200},"classes":[]}],"_links":{"self":[{"href":"https:\/\/www.passionfruits.fr\/index.php\/wp-json\/wp\/v2\/product\/13954"}],"collection":[{"href":"https:\/\/www.passionfruits.fr\/index.php\/wp-json\/wp\/v2\/product"}],"about":[{"href":"https:\/\/www.passionfruits.fr\/index.php\/wp-json\/wp\/v2\/types\/product"}],"replies":[{"embeddable":true,"href":"https:\/\/www.passionfruits.fr\/index.php\/wp-json\/wp\/v2\/comments?post=13954"}],"wp:featuredmedia":[{"embeddable":true,"href":"https:\/\/www.passionfruits.fr\/index.php\/wp-json\/wp\/v2\/media\/13955"}],"wp:attachment":[{"href":"https:\/\/www.passionfruits.fr\/index.php\/wp-json\/wp\/v2\/media?parent=13954"}],"curies":[{"name":"wp","href":"https:\/\/api.w.org\/{rel}","templated":true}]}}