{"id":14274,"date":"2019-08-08T15:55:32","date_gmt":"2019-08-08T14:55:32","guid":{"rendered":"http:\/\/www.andreclaude.fr\/web\/index.php\/produit\/curry-le-pot\/"},"modified":"2025-02-13T15:39:15","modified_gmt":"2025-02-13T14:39:15","slug":"curry-le-pot","status":"publish","type":"product","link":"https:\/\/www.passionfruits.fr\/index.php\/produit\/curry-le-pot\/","title":{"rendered":"Curry le pot"},"content":{"rendered":"<p>Distribu\u00e9 par<\/p>\n<p>Agidra<\/p>\n<p>BP 156<\/p>\n<p>69801 SAINT PRIEST<\/p>\n","protected":false},"excerpt":{"rendered":"<p>Ingr\u00e9dients : curry<\/p>\n<p>Traces possibles de c\u00e9leri, gluten et s\u00e9same.<\/p>\n","protected":false},"featured_media":7241,"comment_status":"closed","ping_status":"closed","template":"","meta":{"spay_email":"","jetpack_publicize_message":"","jetpack_is_tweetstorm":false},"jetpack_publicize_connections":[],"jetpack_sharing_enabled":true,"jetpack-related-posts":[{"id":6114,"url":"https:\/\/www.passionfruits.fr\/index.php\/produit\/epice-ras-el-hanout-le-pot\/","url_meta":{"origin":14274,"position":0},"title":"Ras el hanout le pot","date":"7 d\u00e9cembre 2015","format":false,"excerpt":"Ingr\u00e9dients : curry (coriandre,curcuma, cumin, poivre, fenugrec, piment, cardamone) coriandre, cumin, curcuma, fenouil, moutarde. Traces possibles de c\u00e9leri, gluten et s\u00e9same.","rel":"","context":"Article similaire","img":{"alt_text":"","src":"https:\/\/i1.wp.com\/www.passionfruits.fr\/wp-content\/uploads\/2015\/12\/Epice-divers.jpg?fit=600%2C600&ssl=1&resize=350%2C200","width":350,"height":200},"classes":[]},{"id":6109,"url":"https:\/\/www.passionfruits.fr\/index.php\/produit\/epice-paprika-le-pot\/","url_meta":{"origin":14274,"position":1},"title":"Paprika le pot","date":"7 d\u00e9cembre 2015","format":false,"excerpt":"Ingr\u00e9dients : paprika Traces possibles de c\u00e9leri, gluten, moutarde et s\u00e9same","rel":"","context":"Article similaire","img":{"alt_text":"","src":"https:\/\/i1.wp.com\/www.passionfruits.fr\/wp-content\/uploads\/2015\/12\/Epice-divers.jpg?fit=600%2C600&ssl=1&resize=350%2C200","width":350,"height":200},"classes":[]},{"id":6146,"url":"https:\/\/www.passionfruits.fr\/index.php\/produit\/epice-gingembre-moulu-le-pot\/","url_meta":{"origin":14274,"position":2},"title":"Gingembre moulu le pot","date":"7 d\u00e9cembre 2015","format":false,"excerpt":"Ingr\u00e9dients : gingembre Traces possibles de c\u00e9leri, gluten, moutarde et s\u00e9same","rel":"","context":"Article similaire","img":{"alt_text":"","src":"https:\/\/i1.wp.com\/www.passionfruits.fr\/wp-content\/uploads\/2015\/12\/Epice-divers.jpg?fit=600%2C600&ssl=1&resize=350%2C200","width":350,"height":200},"classes":[]},{"id":6099,"url":"https:\/\/www.passionfruits.fr\/index.php\/produit\/epice-cumin-poudre-le-pot\/","url_meta":{"origin":14274,"position":3},"title":"Cumin poudre le pot","date":"7 d\u00e9cembre 2015","format":false,"excerpt":"Ingr\u00e9dients : cumin en poudre Traces possibles de c\u00e9leri, gluten, moutarde et s\u00e9same","rel":"","context":"Article similaire","img":{"alt_text":"","src":"https:\/\/i1.wp.com\/www.passionfruits.fr\/wp-content\/uploads\/2015\/12\/Epice-divers.jpg?fit=600%2C600&ssl=1&resize=350%2C200","width":350,"height":200},"classes":[]},{"id":6147,"url":"https:\/\/www.passionfruits.fr\/index.php\/produit\/epice-curcuma-poudre-le-pot\/","url_meta":{"origin":14274,"position":4},"title":"Curcuma poudre le pot","date":"7 d\u00e9cembre 2015","format":false,"excerpt":"Ingr\u00e9dients : curcuma en poudre Traces possibles de c\u00e9leri, gluten, moutarde et s\u00e9same","rel":"","context":"Article similaire","img":{"alt_text":"","src":"https:\/\/i1.wp.com\/www.passionfruits.fr\/wp-content\/uploads\/2015\/12\/Epice-divers.jpg?fit=600%2C600&ssl=1&resize=350%2C200","width":350,"height":200},"classes":[]},{"id":6096,"url":"https:\/\/www.passionfruits.fr\/index.php\/produit\/epice-cannelle-poudre-le-pot\/","url_meta":{"origin":14274,"position":5},"title":"Cannelle poudre le pot","date":"7 d\u00e9cembre 2015","format":false,"excerpt":"Ingr\u00e9dients : cannelle en poudre Traces possibles de c\u00e9leri, gluten, moutarde et s\u00e9same","rel":"","context":"Article similaire","img":{"alt_text":"","src":"https:\/\/i1.wp.com\/www.passionfruits.fr\/wp-content\/uploads\/2015\/12\/Epice-divers.jpg?fit=600%2C600&ssl=1&resize=350%2C200","width":350,"height":200},"classes":[]}],"_links":{"self":[{"href":"https:\/\/www.passionfruits.fr\/index.php\/wp-json\/wp\/v2\/product\/14274"}],"collection":[{"href":"https:\/\/www.passionfruits.fr\/index.php\/wp-json\/wp\/v2\/product"}],"about":[{"href":"https:\/\/www.passionfruits.fr\/index.php\/wp-json\/wp\/v2\/types\/product"}],"replies":[{"embeddable":true,"href":"https:\/\/www.passionfruits.fr\/index.php\/wp-json\/wp\/v2\/comments?post=14274"}],"wp:featuredmedia":[{"embeddable":true,"href":"https:\/\/www.passionfruits.fr\/index.php\/wp-json\/wp\/v2\/media\/7241"}],"wp:attachment":[{"href":"https:\/\/www.passionfruits.fr\/index.php\/wp-json\/wp\/v2\/media?parent=14274"}],"curies":[{"name":"wp","href":"https:\/\/api.w.org\/{rel}","templated":true}]}}