{"id":14433,"date":"2019-09-25T16:45:40","date_gmt":"2019-09-25T15:45:40","guid":{"rendered":"http:\/\/www.andreclaude.fr\/web\/index.php\/produit\/l-j-givry-75-cl-2016\/"},"modified":"2026-02-10T16:27:37","modified_gmt":"2026-02-10T15:27:37","slug":"l-j-givry-75-cl-2023","status":"publish","type":"product","link":"https:\/\/www.passionfruits.fr\/index.php\/produit\/l-j-givry-75-cl-2023\/","title":{"rendered":"L.J. Givry 75 cl 2023"},"content":{"rendered":"","protected":false},"excerpt":{"rendered":"<p>La C\u00f4te Chalonnaise est situ\u00e9e dans la continuit\u00e9 de la C\u00f4te de Beaune, au Sud de Santenay. Il y a cinq appellations en C\u00f4te Chalonnaise : Aligot\u00e9 de Bouzeron, Rully, Mercurey, Givry et Montagny.<\/p>\n<p>Les vins de Givry sont produits autour du petit village de Givry (entre Mercurey et Montagny) et sur les trois hameaux de Poncey, Cortiambles et Russilly. Les sols bruns calcaires ou calciques issus de l\u2019alt\u00e9ration des calcaires du jurassique donnent naissance \u00e0 une appellation souvent compar\u00e9e \u00e0 Volnay.<\/p>\n<p>La r\u00e9colte est manuelle en petite caisse afin de pr\u00e9server l&#8217;int\u00e9grit\u00e9 du fruit. Les raisins sont ensuite tri\u00e9s soigneusement \u00e0 la main puis \u00e9grapp\u00e9s. La mac\u00e9ration des raisins a lieu en cuves ouvertes en bois ou en inox pendant 3 semaines \u00e0 4 semaines. Les cuves sont pig\u00e9es 2 fois par jour pendant la fermentation. L&#8217;\u00e9levage dure 18 mois environ dans les f\u00fbts de notre tonnellerie dont un tiers environ sont neufs.<\/p>\n<p>Alcool 13 % Contient des sulfites.<\/p>\n<p>Maison Louis Jadot <span class=\"LrzXr\">Route de Savigny, 21200 Beaune<\/span><\/p>\n<p>La consommation de boissons alcoolis\u00e9es pendant la grossesse, m\u00eame en faible quantit\u00e9, peut avoir des cons\u00e9quences graves sur la sant\u00e9 de l\u2019enfant.<\/p>\n<p>LA VENTE D ALCOOL EST INTERDITE AUX MINEURS.<\/p>\n<p>L ABUS D ALCOOL EST DANGEREUX POUR LA SANTE. A CONSOMMER AVEC MODERATION.<\/p>\n","protected":false},"featured_media":14434,"comment_status":"closed","ping_status":"closed","template":"","meta":{"spay_email":"","jetpack_publicize_message":"","jetpack_is_tweetstorm":false},"jetpack_publicize_connections":[],"jetpack_sharing_enabled":true,"jetpack-related-posts":[{"id":19405,"url":"https:\/\/www.passionfruits.fr\/index.php\/produit\/l-j-mercurey-la-bouteille-75-cl-2022\/","url_meta":{"origin":14433,"position":0},"title":"L.J. Mercurey la bouteille 75 cl 2022","date":"18 mai 2023","format":false,"excerpt":"La r\u00e9colte est manuelle en petite caisse afin de pr\u00e9server l'int\u00e9grit\u00e9 du fruit. Les raisins sont ensuite tri\u00e9s soigneusement \u00e0 la main puis \u00e9grapp\u00e9s. La mac\u00e9ration des raisins a lieu en cuve ouverte en bois ou en inox pendant 3 semaines \u00e0 4 semaines. Les cuves sont pig\u00e9es 2 fois\u2026","rel":"","context":"Article similaire","img":{"alt_text":"","src":"https:\/\/i0.wp.com\/www.passionfruits.fr\/wp-content\/uploads\/2023\/05\/mercurey.jpg?fit=600%2C600&ssl=1&resize=350%2C200","width":350,"height":200},"classes":[]},{"id":5540,"url":"https:\/\/www.passionfruits.fr\/index.php\/produit\/porto-blanc-ramos-pinto\/","url_meta":{"origin":14433,"position":1},"title":"Porto blanc Burmester bouteille de 70 cl","date":"7 d\u00e9cembre 2015","format":false,"excerpt":"Le Porto blanc est \u00e9labor\u00e9 uniquement \u00e0 partir de raisins blancs, de plusieurs r\u00e9coltes. Vieilli en cuve inox pendant 3 ans, il acquiert la complexit\u00e9 de ses ar\u00f4mes et une remarquable fraicheur. Un Porto exotique et d\u00e9licat, id\u00e9al pour une d\u00e9gustation lors de longues et chaudes soir\u00e9es d'\u00e9t\u00e9. Alcool 19,5\u2026","rel":"","context":"Article similaire","img":{"alt_text":"","src":"https:\/\/i0.wp.com\/www.passionfruits.fr\/wp-content\/uploads\/2015\/12\/porto-burmester-white.jpg?fit=600%2C600&ssl=1&resize=350%2C200","width":350,"height":200},"classes":[]},{"id":13248,"url":"https:\/\/www.passionfruits.fr\/index.php\/produit\/sancerre-blanc-eric-louis-75-cl-2017\/","url_meta":{"origin":14433,"position":2},"title":"Sancerre Blanc Eric Louis 75 cl 2021","date":"12 d\u00e9cembre 2018","format":false,"excerpt":"C\u00e9page\u00a0: 100% Sauvignon Nos parcelles de Sancerre sont situ\u00e9es au sud-est de Sancerre sur des sols d'argile \u00e0 silex et d'argilo-calcaire. Ses terroirs se trouvent sur M\u00e9n\u00e9tr\u00e9ol-sous-Sancerre, Thauvenay et Banon. Les vignes sont enherb\u00e9es ou bin\u00e9es selon les sols. R\u00e9colt\u00e9 \u00e0 maturit\u00e9, le raisin est press\u00e9 lentement pour pr\u00e9server sa\u2026","rel":"","context":"Article similaire","img":{"alt_text":"","src":"https:\/\/i2.wp.com\/www.passionfruits.fr\/wp-content\/uploads\/2018\/12\/Sancerre-blanc-BT.jpg?fit=599%2C600&ssl=1&resize=350%2C200","width":350,"height":200},"classes":[]},{"id":5529,"url":"https:\/\/www.passionfruits.fr\/index.php\/produit\/ruinart-blanc-de-blanc\/","url_meta":{"origin":14433,"position":3},"title":"Champagne Ruinart blanc de blanc 75 cl","date":"7 d\u00e9cembre 2015","format":false,"excerpt":"Ruinart Blanc de Blancs L'embl\u00e8me du Go\u00fbt Ruinart Le c\u00e9page chardonnay est l'\u00e2me de la Maison Ruinart. Son raisin, issu principalement de la C\u00f4te des Blancs et de la Montagne de Reims, est au c\u0153ur de toutes ses cuv\u00e9es. D'une grande puissance aromatique, la cuv\u00e9e blanc de blancs est l'expression\u2026","rel":"","context":"Article similaire","img":{"alt_text":"","src":"https:\/\/i0.wp.com\/www.passionfruits.fr\/wp-content\/uploads\/2015\/12\/ruinart-blanc-de-blancs.jpg?fit=600%2C600&ssl=1&resize=350%2C200","width":350,"height":200},"classes":[]},{"id":5486,"url":"https:\/\/www.passionfruits.fr\/index.php\/produit\/champagne-beerens\/","url_meta":{"origin":14433,"position":4},"title":"Sancerre rouge Eric Louis 75 cl 2022","date":"7 d\u00e9cembre 2015","format":false,"excerpt":"C\u00e9page : 100 % Pinot Noir Terroir : argilo-calcaire et silex Travail de la vigne : la vigne est l\u2019objet d\u2019observations constantes: nous limitons nos rendements, d\u00e9butons les vendanges suivant la maturit\u00e9 de chaque parcelle, proc\u00e9dons au tri de la r\u00e9colte\u2026 Vinification : La vendange est tri\u00e9e et \u00e9grapp\u00e9e. Suite\u2026","rel":"","context":"Article similaire","img":{"alt_text":"","src":"https:\/\/i0.wp.com\/www.passionfruits.fr\/wp-content\/uploads\/2015\/12\/sancerre-rouge.jpg?fit=599%2C600&ssl=1&resize=350%2C200","width":350,"height":200},"classes":[]},{"id":19582,"url":"https:\/\/www.passionfruits.fr\/index.php\/produit\/saint-pourcain-blanc-reserve-speciale-75-cl\/","url_meta":{"origin":14433,"position":5},"title":"Saint Pour\u00e7ain Blanc R\u00e9serve Sp\u00e9ciale 75 cl","date":"16 septembre 2023","format":false,"excerpt":"42 \u20ac\u00a0 le carton de 6 bouteilles soit 7 \u20ac la bouteille SAINT-POUR\u00c7AIN A.O.C. Mis en bouteille \u00e0 la propri\u00e9t\u00e9 Robe jaune dor\u00e9 \u00e0 l\u00e9gers reflets verts. Le nez \u00e9l\u00e9gant exprime des nuances de fruits blancs caract\u00e9ristique du Tressallier largement pr\u00e9sent dans ce vin, et d\u2019une pointe d\u2019agrumes. La bouche\u2026","rel":"","context":"Article similaire","img":{"alt_text":"","src":"https:\/\/i2.wp.com\/www.passionfruits.fr\/wp-content\/uploads\/2023\/09\/792.jpg?fit=600%2C600&ssl=1&resize=350%2C200","width":350,"height":200},"classes":[]}],"_links":{"self":[{"href":"https:\/\/www.passionfruits.fr\/index.php\/wp-json\/wp\/v2\/product\/14433"}],"collection":[{"href":"https:\/\/www.passionfruits.fr\/index.php\/wp-json\/wp\/v2\/product"}],"about":[{"href":"https:\/\/www.passionfruits.fr\/index.php\/wp-json\/wp\/v2\/types\/product"}],"replies":[{"embeddable":true,"href":"https:\/\/www.passionfruits.fr\/index.php\/wp-json\/wp\/v2\/comments?post=14433"}],"wp:featuredmedia":[{"embeddable":true,"href":"https:\/\/www.passionfruits.fr\/index.php\/wp-json\/wp\/v2\/media\/14434"}],"wp:attachment":[{"href":"https:\/\/www.passionfruits.fr\/index.php\/wp-json\/wp\/v2\/media?parent=14433"}],"curies":[{"name":"wp","href":"https:\/\/api.w.org\/{rel}","templated":true}]}}