{"id":17783,"date":"2021-03-21T06:14:34","date_gmt":"2021-03-21T05:14:34","guid":{"rendered":"http:\/\/www.passionfruits.fr\/?post_type=product&#038;p=17783"},"modified":"2023-02-28T17:36:37","modified_gmt":"2023-02-28T16:36:37","slug":"moutarde-aux-herbes-de-provence-le-pot-de-200g","status":"publish","type":"product","link":"https:\/\/www.passionfruits.fr\/index.php\/produit\/moutarde-aux-herbes-de-provence-le-pot-de-200g\/","title":{"rendered":"Moutarde aux herbes de Provence le pot de 200g"},"content":{"rendered":"","protected":false},"excerpt":{"rendered":"<p>Ingr\u00e9dients : Graine de\u00a0<strong>moutarde<\/strong>, eau, vinaigre, sel, sucre,\u00a0herbes de provence (romarin, thym,\u00a0basilic, marjolaine)1% conservateur :\u00a0<strong>sulfite<\/strong>, acide de sodium<\/p>\n<p>Valeurs nutritionnelles moyennes pour 100g<\/p>\n<p>Energie :\u00a0734kj\/177kcal<\/p>\n<p>Mati\u00e8res grasses 13.3g dont acides gras satur\u00e9s\u00a00.9g<\/p>\n<p>Glucides\u00a010.1g dont sucres 5.3g<\/p>\n<p>Fibres alimentaires 1.2g<\/p>\n<p>Prot\u00e9ines\u00a03.5g<\/p>\n<p>Sel 5.1g<\/p>\n<p>Distrazur 26780 Malataverne<\/p>\n","protected":false},"featured_media":17776,"comment_status":"closed","ping_status":"closed","template":"","meta":{"spay_email":"","jetpack_publicize_message":"","jetpack_is_tweetstorm":false},"jetpack_publicize_connections":[],"jetpack_sharing_enabled":true,"jetpack-related-posts":[{"id":12177,"url":"https:\/\/www.passionfruits.fr\/index.php\/produit\/chips-de-beauce-aux-herbes-le-paquet-150g\/","url_meta":{"origin":17783,"position":0},"title":"Chips de Beauce Aux herbes le paquet 150g","date":"12 mai 2018","format":false,"excerpt":"Belsia, c'est l'histoire de Cl\u00e9mence et Matthieu qui, par amour du bon et du terroir, d\u00e9cident de transformer les belles pommes de terre de l'exploitation familiale de Mathieu en chips. Ni une ni deux, la ferme de L\u00e9tourville au milieu de la plaine de Beauce (\"Belsia\" en latin), se voit\u2026","rel":"","context":"Article similaire","img":{"alt_text":"","src":"https:\/\/i2.wp.com\/www.passionfruits.fr\/wp-content\/uploads\/2018\/05\/chips-herbes.jpg?fit=599%2C600&ssl=1&resize=350%2C200","width":350,"height":200},"classes":[]},{"id":17781,"url":"https:\/\/www.passionfruits.fr\/index.php\/produit\/moutarde-au-miel-le-pot-de-200g\/","url_meta":{"origin":17783,"position":1},"title":"Moutarde au miel le pot de 200g","date":"21 mars 2021","format":false,"excerpt":"Ingr\u00e9dients : Graine de\u00a0moutarde, eau, vinaigre, sel, sucre,\u00a0miel\u00a010% conservateur :\u00a0sulfite, acide de sodium Valeurs nutritionnelles moyennes pour 100g Energie :\u00a0843kj\/202kcal Mati\u00e8res grasses\u00a012.1g dont acides gras satur\u00e9s\u00a00.9g Glucides\u00a013.7g dont sucres\u00a012.8g Fibres alimentaires\u00a04.1g Prot\u00e9ines\u00a07.6g Sel\u00a04.4g Distrazur 26780 Malataverne","rel":"","context":"Article similaire","img":{"alt_text":"","src":"https:\/\/i2.wp.com\/www.passionfruits.fr\/wp-content\/uploads\/2021\/03\/Moutarde563.jpg?fit=640%2C480&ssl=1&resize=350%2C200","width":350,"height":200},"classes":[]},{"id":17784,"url":"https:\/\/www.passionfruits.fr\/index.php\/produit\/moutarde-au-basilic-le-pot-de-200g\/","url_meta":{"origin":17783,"position":2},"title":"Moutarde au basilic le pot de 200g","date":"21 mars 2021","format":false,"excerpt":"Ingr\u00e9dients : Graine de moutarde, eau, vinaigre, sel, sucre, basilic 0.6%, conservateur : sulfite, acide de sodium Valeurs nutritionnelles moyennes pour 100g Energie : 845kj\/203kcal Mati\u00e8res grasses 14.00g dont acides gras satur\u00e9s 1.0g Glucides 9.4g dont sucres 5.2g Fibres alimentaires 1.3g Prot\u00e9ines 9.2g Sel 5.5g Distrazur 26780 Malataverne","rel":"","context":"Article similaire","img":{"alt_text":"","src":"https:\/\/i2.wp.com\/www.passionfruits.fr\/wp-content\/uploads\/2021\/03\/Moutarde563.jpg?fit=640%2C480&ssl=1&resize=350%2C200","width":350,"height":200},"classes":[]},{"id":17777,"url":"https:\/\/www.passionfruits.fr\/index.php\/produit\/moutarde-au-poivre-vert-le-pot-de-200g\/","url_meta":{"origin":17783,"position":3},"title":"Moutarde au poivre vert le pot de 200g","date":"21 mars 2021","format":false,"excerpt":"Ingr\u00e9dients : Graine de\u00a0moutarde, eau, vinaigre, sel, sucre,\u00a0poivre vert\u00a07.5% conservateur :\u00a0sulfite, acide de sodium Valeurs nutritionnelles moyennes pour 100g Energie :\u00a0808kj\/194kcal Mati\u00e8res grasses\u00a013.3g dont acides gras satur\u00e9s\u00a00.8g Glucides\u00a09.7g dont sucres\u00a05.3g Fibres alimentaires\u00a01.2g Prot\u00e9ines\u00a08.3g Sel\u00a05.1g Distrazur 26780 Malataverne","rel":"","context":"Article similaire","img":{"alt_text":"","src":"https:\/\/i2.wp.com\/www.passionfruits.fr\/wp-content\/uploads\/2021\/03\/Moutarde563.jpg?fit=640%2C480&ssl=1&resize=350%2C200","width":350,"height":200},"classes":[]},{"id":17779,"url":"https:\/\/www.passionfruits.fr\/index.php\/produit\/moutarde-a-l-estragon-le-pot-de-200g\/","url_meta":{"origin":17783,"position":4},"title":"Moutarde \u00e0 l' estragon le pot de 200g","date":"21 mars 2021","format":false,"excerpt":"Ingr\u00e9dients : Graine de\u00a0moutarde, eau, vinaigre, sel, sucre,\u00a0estragon 7.5% conservateur :\u00a0sulfite, acide de sodium Valeurs nutritionnelles moyennes pour 100g Energie :\u00a0784kj\/188kcal Mati\u00e8res grasses\u00a012.1g dont acides gras satur\u00e9s\u00a00.8g Glucides 10.8g dont sucres 4,4g Fibres alimentaires\u00a01.3g Prot\u00e9ines\u00a08.4g Sel\u00a04.7g Distrazur 26780 Malataverne","rel":"","context":"Article similaire","img":{"alt_text":"","src":"https:\/\/i2.wp.com\/www.passionfruits.fr\/wp-content\/uploads\/2021\/03\/Moutarde563.jpg?fit=640%2C480&ssl=1&resize=350%2C200","width":350,"height":200},"classes":[]},{"id":5646,"url":"https:\/\/www.passionfruits.fr\/index.php\/produit\/roule-ail-et-fines-herbes-part-env-150-grs\/","url_meta":{"origin":17783,"position":5},"title":"Roul\u00e9 ail et fine herbe part environ 100 grs","date":"7 d\u00e9cembre 2015","format":false,"excerpt":"Le Roul\u00e9 est un fromage de vache frais fabriqu\u00e9 dans notre fromagerie des Vosges. Son go\u00fbt \u00e9quilibr\u00e9 d\u2019ail et de fines herbes et sa texture onctueuse en font une sp\u00e9cialit\u00e9 incontournable du plateau de fromage. Ingr\u00e9dients : Lait et cr\u00e8me pasteuris\u00e9s, sel, amidon, ail (0.7%), fines herbes (0.4%), conservateur :\u2026","rel":"","context":"Article similaire","img":{"alt_text":"","src":"https:\/\/i2.wp.com\/www.passionfruits.fr\/wp-content\/uploads\/2015\/12\/roule.jpg?fit=300%2C300&ssl=1&resize=350%2C200","width":350,"height":200},"classes":[]}],"_links":{"self":[{"href":"https:\/\/www.passionfruits.fr\/index.php\/wp-json\/wp\/v2\/product\/17783"}],"collection":[{"href":"https:\/\/www.passionfruits.fr\/index.php\/wp-json\/wp\/v2\/product"}],"about":[{"href":"https:\/\/www.passionfruits.fr\/index.php\/wp-json\/wp\/v2\/types\/product"}],"replies":[{"embeddable":true,"href":"https:\/\/www.passionfruits.fr\/index.php\/wp-json\/wp\/v2\/comments?post=17783"}],"wp:featuredmedia":[{"embeddable":true,"href":"https:\/\/www.passionfruits.fr\/index.php\/wp-json\/wp\/v2\/media\/17776"}],"wp:attachment":[{"href":"https:\/\/www.passionfruits.fr\/index.php\/wp-json\/wp\/v2\/media?parent=17783"}],"curies":[{"name":"wp","href":"https:\/\/api.w.org\/{rel}","templated":true}]}}