{"id":19350,"date":"2023-04-15T07:02:32","date_gmt":"2023-04-15T06:02:32","guid":{"rendered":"http:\/\/www.passionfruits.fr\/?post_type=product&#038;p=19350"},"modified":"2023-04-15T07:03:48","modified_gmt":"2023-04-15T06:03:48","slug":"camembert-gerbe-d-or-au-lait-cru-la-piece-240-grs","status":"publish","type":"product","link":"https:\/\/www.passionfruits.fr\/index.php\/produit\/camembert-gerbe-d-or-au-lait-cru-la-piece-240-grs\/","title":{"rendered":"Camembert Gerbe d&#8217; or au lait cru la pi\u00e8ce 240 grs"},"content":{"rendered":"<p>PROMO<\/p>\n","protected":false},"excerpt":{"rendered":"<p>&nbsp;<\/p>\n<p>&nbsp;<\/p>\n","protected":false},"featured_media":19351,"comment_status":"closed","ping_status":"closed","template":"","meta":{"spay_email":"","jetpack_publicize_message":"","jetpack_is_tweetstorm":false},"jetpack_publicize_connections":[],"jetpack_sharing_enabled":true,"jetpack-related-posts":[{"id":10674,"url":"https:\/\/www.passionfruits.fr\/index.php\/produit\/camembert-gaslonde-la-piece\/","url_meta":{"origin":19350,"position":0},"title":"Camembert Isigny lait cru la pi\u00e8ce","date":"6 juin 2017","format":false,"excerpt":"Affinage\u00a0:\u00a02 \u00e0 4 semaines Au Lait CRU de vaches Normandes moulage manuel \u00e0 la louche. Bouquet puissant et saveur de terroir, LE CAMEMBERT\u00a0! LE VRAI\u00a0! Ingr\u00e9dients : lait cru de vache (Origine France Normandie) ferments, pr\u00e9sure, sel. Valeurs nutritionnelles pour 100g Energie : 1177kj\/284 kcal Mati\u00e8res grasses : 21.9g dont\u2026","rel":"","context":"Article similaire","img":{"alt_text":"","src":"https:\/\/i2.wp.com\/www.passionfruits.fr\/wp-content\/uploads\/2017\/06\/camembert-isigny.jpg?fit=600%2C598&ssl=1&resize=350%2C200","width":350,"height":200},"classes":[]},{"id":10680,"url":"https:\/\/www.passionfruits.fr\/index.php\/produit\/neuville-cendre-la-piece-240-g\/","url_meta":{"origin":19350,"position":1},"title":"Neuville Cendr\u00e9 la pi\u00e8ce 240 grs","date":"6 juin 2017","format":false,"excerpt":"Le Neuville est un fromage \u00e0 p\u00e2te molle, au lait de vache pasteuris\u00e9.Lait origine France Son poids est\u00a0 de 240 g. Au cours de son affinage en cave, il d\u00e9veloppe une p\u00e2te homog\u00e8ne, cr\u00e9meuse \u00e0 souhait. Ingr\u00e9dients : fromage, colorant, charbon v\u00e9g\u00e9tal Valeurs nutritionnelles moyennes pour 100g Energie : 1068kj\/257kcal\u2026","rel":"","context":"Article similaire","img":{"alt_text":"","src":"https:\/\/i0.wp.com\/www.passionfruits.fr\/wp-content\/uploads\/2017\/06\/Neuvillecendre.jpg?fit=593%2C587&ssl=1&resize=350%2C200","width":350,"height":200},"classes":[]},{"id":5732,"url":"https:\/\/www.passionfruits.fr\/index.php\/produit\/saint-felicien\/","url_meta":{"origin":19350,"position":2},"title":"Saint Marcelin la pi\u00e8ce de 80 grs","date":"7 d\u00e9cembre 2015","format":false,"excerpt":"Fromage au lait cru de vache, il propose une cro\u00fbte fine\u00a0et fleurie de couleur blanche renfermant une p\u00e2te molle et cr\u00e9meuse de couleur ivoire. D\u2019un go\u00fbt\u00a0l\u00e9g\u00e8rement\u00a0acide aux ar\u00f4mes de noisette \u00a0accompagn\u00e9 d\u2019un parfum bois\u00e9. Originaire du Rh\u00f4ne-Alpes. Autrefois fabriqu\u00e9 \u00e0 partir de lait de ch\u00e8vre, il est aujourd\u2019hui exclusivement fabriqu\u00e9\u2026","rel":"","context":"Article similaire","img":{"alt_text":"","src":"https:\/\/i0.wp.com\/www.passionfruits.fr\/wp-content\/uploads\/2015\/12\/st-marcelin-gc.jpg?fit=600%2C551&ssl=1&resize=350%2C200","width":350,"height":200},"classes":[]},{"id":9849,"url":"https:\/\/www.passionfruits.fr\/index.php\/produit\/munster-part-promo-env-200g\/","url_meta":{"origin":19350,"position":3},"title":"Munster la part environ 200 grs","date":"11 d\u00e9cembre 2016","format":false,"excerpt":"Consid\u00e9r\u00e9 par certains comme le \"roi des fromages\", c'est en tout cas une r\u00e9ussite de la gastronomie fran\u00e7aise ! C'est un fromage avec une croute lisse, fine et humide. Fromage \u00e0 p\u00e2te molle au lait pasteuris\u00e9. Ingr\u00e9dients : lait, sel, ferments lactiques, pr\u00e9sure Valeurs nutritionnelles moyennes pour 100g Energie :\u2026","rel":"","context":"Article similaire","img":{"alt_text":"","src":"https:\/\/i2.wp.com\/www.passionfruits.fr\/wp-content\/uploads\/2016\/12\/munster.jpg?fit=600%2C600&ssl=1&resize=350%2C200","width":350,"height":200},"classes":[]},{"id":5758,"url":"https:\/\/www.passionfruits.fr\/index.php\/produit\/morbier-au-lait-cru-petite-part-env-150-grs\/","url_meta":{"origin":19350,"position":4},"title":"Morbier au lait cru part env. 200g","date":"7 d\u00e9cembre 2015","format":false,"excerpt":"Fromage au lait cru de vache, fabriqu\u00e9 dans le massif du Jura. Ni douce ni forte, sa saveur de cr\u00e8me est d\u00e9licate. Sa p\u00e2te jaune clair est fondante et souple. Excellent aussi pour les amateurs de raclette !!! Ingr\u00e9dients : lait de vache cru, sel, ferments lactiques, pr\u00e9sure, colorant :\u2026","rel":"","context":"Article similaire","img":{"alt_text":"","src":"https:\/\/i1.wp.com\/www.passionfruits.fr\/wp-content\/uploads\/2015\/12\/morbier.jpg?fit=832%2C577&ssl=1&resize=350%2C200","width":350,"height":200},"classes":[]},{"id":5689,"url":"https:\/\/www.passionfruits.fr\/index.php\/produit\/reblochon-env-500-grs\/","url_meta":{"origin":19350,"position":5},"title":"Reblochon la pi\u00e8ce environ 500g","date":"7 d\u00e9cembre 2015","format":false,"excerpt":"Reblochon de Savoie fermier. Sa p\u00e2te est onctueuse, souple, lisse et grasse. Il a un go\u00fbt agr\u00e9able, subtil et moelleux. Ingr\u00e9dients : lait cru de vache, ferments lactiques et d'affinage, sel, pr\u00e9sure, colorant de la cro\u00fbte : rocou. Valeurs nutritionnelles moyennes pour 100g Energie :1403kj\/338kcal Mati\u00e8res grasses : 28g dont\u2026","rel":"","context":"Article similaire","img":{"alt_text":"","src":"https:\/\/i0.wp.com\/www.passionfruits.fr\/wp-content\/uploads\/2015\/12\/reblochon.jpg?fit=600%2C600&ssl=1&resize=350%2C200","width":350,"height":200},"classes":[]}],"_links":{"self":[{"href":"https:\/\/www.passionfruits.fr\/index.php\/wp-json\/wp\/v2\/product\/19350"}],"collection":[{"href":"https:\/\/www.passionfruits.fr\/index.php\/wp-json\/wp\/v2\/product"}],"about":[{"href":"https:\/\/www.passionfruits.fr\/index.php\/wp-json\/wp\/v2\/types\/product"}],"replies":[{"embeddable":true,"href":"https:\/\/www.passionfruits.fr\/index.php\/wp-json\/wp\/v2\/comments?post=19350"}],"wp:featuredmedia":[{"embeddable":true,"href":"https:\/\/www.passionfruits.fr\/index.php\/wp-json\/wp\/v2\/media\/19351"}],"wp:attachment":[{"href":"https:\/\/www.passionfruits.fr\/index.php\/wp-json\/wp\/v2\/media?parent=19350"}],"curies":[{"name":"wp","href":"https:\/\/api.w.org\/{rel}","templated":true}]}}