{"id":19809,"date":"2024-02-21T10:32:13","date_gmt":"2024-02-21T09:32:13","guid":{"rendered":"http:\/\/www.passionfruits.fr\/?post_type=product&#038;p=19809"},"modified":"2025-12-27T10:40:36","modified_gmt":"2025-12-27T09:40:36","slug":"biere-l-invitation-de-madame-bouteille-33-cl","status":"publish","type":"product","link":"https:\/\/www.passionfruits.fr\/index.php\/produit\/biere-l-invitation-de-madame-bouteille-33-cl\/","title":{"rendered":"Bi\u00e8re brune  l&#8217; invitation de Madame Bouteille 33 cl"},"content":{"rendered":"<p>promo<\/p>\n","protected":false},"excerpt":{"rendered":"<p>Bi\u00e8re de Maintenon<\/p>\n<div class=\"elementor-element elementor-element-73371f8a elementor-widget elementor-widget-heading\" data-id=\"73371f8a\" data-element_type=\"widget\" data-widget_type=\"heading.default\">\n<div class=\"elementor-widget-container\">\n<h5 class=\"elementor-heading-title elementor-size-default\">Une bi\u00e8re artisanale soyeuse et torr\u00e9fi\u00e9e.<\/h5>\n<\/div>\n<\/div>\n<div class=\"elementor-element elementor-element-534791dc elementor-widget elementor-widget-spacer\" data-id=\"534791dc\" data-element_type=\"widget\" data-widget_type=\"spacer.default\">\n<div class=\"elementor-widget-container\">\n<div class=\"elementor-spacer\">\n<div class=\"elementor-spacer-inner\"><\/div>\n<\/div>\n<\/div>\n<\/div>\n<div class=\"elementor-element elementor-element-5d4f6628 elementor-widget elementor-widget-text-editor\" data-id=\"5d4f6628\" data-element_type=\"widget\" data-widget_type=\"text-editor.default\">\n<div class=\"elementor-widget-container\">\n<p>Bi\u00e8re artisanale bien p\u00e9tillante, avec du corps, sensiblement am\u00e8re. Des saveurs de caf\u00e9, de sous-bois et de noisette, une petite note de cacao.<br \/>\n\u00c0 table, la bi\u00e8re de garde pur malt \u201cL\u2019Invitation de Madame\u201d pourra accompagner sushis, ratatouilles, galettes de bl\u00e9 noir, gibiers, fromages bleus et desserts acidul\u00e9s.<\/p>\n<p><b>Ingr\u00e9dients :<\/b>\u00a0eau, malts d\u2019<b>orge<\/b>, houblons, levure.<\/p>\n<p><b>D\u00e9tails techniques :<\/b> bi\u00e8re brune de garde pur malt, de style anglais Imperial Stout. Malt Pale Ale (France ou Centre-Val de Loire) et malts torr\u00e9fi\u00e9s, houblon Barbe Rouge (France) et houblons de Nouvelle-Z\u00e9lande 7% alc. vol. Service entre 10 et 14\u00b0C.<\/p>\n<p><b>Une brune avec un fort caract\u00e8re :<\/b>\u00a0c\u2019est ainsi que ses contemporains d\u00e9crivaient Madame de Maintenon, une marquise n\u00e9e dans le caniveau, dont la vie fut un combat perp\u00e9tuel entre la force du d\u00e9sir et la volont\u00e9 d\u2019\u00e9tablir un \u00e9quilibre ordonn\u00e9. Notre bi\u00e8re de garde pur malt, \u00e9galement brune avec un fort caract\u00e8re, d\u00e9voile un nez et une bouche torr\u00e9fi\u00e9s avec des saveurs de caf\u00e9, que la dame aurait pu rapporter de ces \u00eeles paradisiaques qu\u2019on appellait encore les \u201cIndes\u201d au XVII\u00e8me si\u00e8cle, et o\u00f9 elle avait s\u00e9journ\u00e9, adolescente.<\/p>\n<\/div>\n<\/div>\n<div class=\"elementor-element elementor-element-338e4f2 elementor-widget elementor-widget-spacer\" data-id=\"338e4f2\" data-element_type=\"widget\" data-widget_type=\"spacer.default\">\n<div class=\"elementor-widget-container\">\n<div class=\"elementor-spacer\">\n<div class=\"elementor-spacer-inner\"><\/div>\n<\/div>\n<\/div>\n<\/div>\n<div class=\"elementor-element elementor-element-6470152 elementor-widget elementor-widget-heading\" data-id=\"6470152\" data-element_type=\"widget\" data-widget_type=\"heading.default\">\n<div class=\"elementor-widget-container\">\n<h2 class=\"elementor-heading-title elementor-size-default\">R\u00e9compenses<\/h2>\n<\/div>\n<\/div>\n<div class=\"elementor-element elementor-element-23977d7 elementor-widget elementor-widget-text-editor\" data-id=\"23977d7\" data-element_type=\"widget\" data-widget_type=\"text-editor.default\">\n<div class=\"elementor-widget-container\">\n<ul>\n<li>M\u00e9daille d\u2019Argent au World Beer Award 2023 en Angleterre<\/li>\n<li>Fourquet d\u2019Or 2021 au Concours National du Mus\u00e9e Fran\u00e7ais de la Brasserie.<\/li>\n<li>2 \u00e9toiles au Guide Hachette des Bi\u00e8res 2021 : \u201cbi\u00e8re remarquable\u201d<\/li>\n<\/ul>\n<\/div>\n<\/div>\n<p>Brasserie Bacquet 28 130 Pierres<\/p>\n<p>La consommation de boissons alcoolis\u00e9es pendant la grossesse, m\u00eame en faible quantit\u00e9, peut avoir des cons\u00e9quences graves sur la sant\u00e9 de l\u2019enfant.<\/p>\n<p>L ABUS D ALCOOL EST DANGEREUX POUR LA SANTE. A CONSOMMER AVEC MODERATION<\/p>\n<p>LA VENTE D ALCOOL EST INTERDITE AUX MINEURS.<\/p>\n<p>&nbsp;<\/p>\n","protected":false},"featured_media":19810,"comment_status":"closed","ping_status":"closed","template":"","meta":{"spay_email":"","jetpack_publicize_message":"","jetpack_is_tweetstorm":false},"jetpack_publicize_connections":[],"jetpack_sharing_enabled":true,"jetpack-related-posts":[{"id":19813,"url":"https:\/\/www.passionfruits.fr\/index.php\/produit\/biere-blonde-juste-toi-et-moi-bouteille-33-cl\/","url_meta":{"origin":19809,"position":0},"title":"Bi\u00e8re blonde juste toi et moi Bouteille 33 cl","date":"21 f\u00e9vrier 2024","format":false,"excerpt":"Bi\u00e8re de Maintenon Une bi\u00e8re artisanale l\u00e9g\u00e8re et attachante. Bi\u00e8re artisanale bien p\u00e9tillante, s\u00e8che et d\u00e9salt\u00e9rante. Des notes aromatiques d\u2019herbac\u00e9e, de pain frais, de fleurs de mirabellier et de rose. \u00c0 table, la bi\u00e8re de garde pur malt \u201cJuste Toi & Moi\u201d pourra accompagner choucroutes, asperges, salades de crudit\u00e9s, fromages\u2026","rel":"","context":"Article similaire","img":{"alt_text":"","src":"https:\/\/i2.wp.com\/www.passionfruits.fr\/wp-content\/uploads\/2024\/02\/biere-juste-toi-et-moi.jpg?fit=599%2C600&ssl=1&resize=350%2C200","width":350,"height":200},"classes":[]},{"id":19807,"url":"https:\/\/www.passionfruits.fr\/index.php\/produit\/biere-cocon-bouteille-33-cl\/","url_meta":{"origin":19809,"position":1},"title":"Bi\u00e8re blanche Cocon Bouteille 33 cl Elue \u201cMeilleure bi\u00e8re du Monde\u201d en 2021","date":"21 f\u00e9vrier 2024","format":false,"excerpt":"Elue \u201cMeilleure bi\u00e8re du Monde\u201d en 2021 Bi\u00e8re de Maintenon Une bi\u00e8re artisanale onctueuse et acidul\u00e9e. Bi\u00e8re artisanale finement p\u00e9tillante, l\u00e9g\u00e8re et onctueuse. Des notes de pamplemousse et de citron vert. \u00c0 table, la bi\u00e8re de garde pur malt \u201cCocon\u201d pourra accompagner coquillages, poissons grill\u00e9s et poissons fum\u00e9s, fromages de\u2026","rel":"","context":"Article similaire","img":{"alt_text":"","src":"https:\/\/i2.wp.com\/www.passionfruits.fr\/wp-content\/uploads\/2024\/02\/biere-cocon.jpg?fit=600%2C600&ssl=1&resize=350%2C200","width":350,"height":200},"classes":[]},{"id":17048,"url":"https:\/\/www.passionfruits.fr\/index.php\/produit\/coffret-biere-de-chartres-une-bouteille-33-cl-et-verre-de-25cl\/","url_meta":{"origin":19809,"position":2},"title":"Coffret Bi\u00e8re de Chartres une bouteille 33 cl et verre de 25cl","date":"10 d\u00e9cembre 2020","format":false,"excerpt":"Biere de Chartres Brass\u00e9e au bl\u00e9 de Beauce Fermentation haute non filtr\u00e9e, elle est brass\u00e9e naturellement. Contient du malt de bl\u00e9 et du malte d' orge . Alcool 5,0 %. Brasserie Meteor Alsace La consommation de boissons alcoolis\u00e9es pendant la grossesse, m\u00eame en faible quantit\u00e9, peut avoir des cons\u00e9quences graves\u2026","rel":"","context":"Article similaire","img":{"alt_text":"","src":"https:\/\/i2.wp.com\/www.passionfruits.fr\/wp-content\/uploads\/2019\/11\/Coffret-biere.jpg?fit=655%2C845&ssl=1&resize=350%2C200","width":350,"height":200},"classes":[]},{"id":20416,"url":"https:\/\/www.passionfruits.fr\/index.php\/produit\/biere-ambree-de-gellainville-la-bouteille-75-cl\/","url_meta":{"origin":19809,"position":3},"title":"Bi\u00e8re Ambr\u00e9e de Gellainville la bouteille 75 cl","date":"16 avril 2025","format":false,"excerpt":"Alcool 6 %. Ambr\u00e9e de la gamme delabonne bio, cette bi\u00e8re riche et puissante r\u00e9conforte. delabonne Ambr\u00e9e Bio est une bi\u00e8re de d\u00e9gustation gourmande avec une belle robe ambr\u00e9e tirant sur le rouge carmin. Elle est ronde et a une belle longueur en bouche ; elle fait la part belle\u2026","rel":"","context":"Article similaire","img":{"alt_text":"","src":"https:\/\/i0.wp.com\/www.passionfruits.fr\/wp-content\/uploads\/2025\/04\/ambree-.jpg.jpg?fit=600%2C600&ssl=1&resize=350%2C200","width":350,"height":200},"classes":[]},{"id":20417,"url":"https:\/\/www.passionfruits.fr\/index.php\/produit\/biere-blonde-de-gellainville-la-bouteille-75-cl\/","url_meta":{"origin":19809,"position":4},"title":"Bi\u00e8re Blonde de Gellainville la bouteille 75 cl","date":"16 avril 2025","format":false,"excerpt":"Alcool 5 %. Fleuron de la gamme delabonne bio, cette blonde embl\u00e9matique de la brasserie ravira les palais les plus exigeants. delabonne Blonde Bio est une bi\u00e8re simple de conception, mais qui offre une belle complexit\u00e9 aromatique. Elle est voulue l\u00e9g\u00e8re et rafraichissante, peu am\u00e8re, elle laisse la part belle\u2026","rel":"","context":"Article similaire","img":{"alt_text":"","src":"https:\/\/i0.wp.com\/www.passionfruits.fr\/wp-content\/uploads\/2025\/04\/blonde.jpg.jpg?fit=600%2C600&ssl=1&resize=350%2C200","width":350,"height":200},"classes":[]},{"id":17049,"url":"https:\/\/www.passionfruits.fr\/index.php\/produit\/coffret-biere-de-chartres-une-bouteille-75cl-et-une-chope-100-cl\/","url_meta":{"origin":19809,"position":5},"title":"Coffret Bi\u00e8re de Chartres une bouteille 75cl et une Chope 100 cl","date":"10 d\u00e9cembre 2020","format":false,"excerpt":"Biere de Chartres Brass\u00e9e au bl\u00e9 de Beauce Fermentation haute non filtr\u00e9e, elle est brass\u00e9e naturellement. Contient du malt de bl\u00e9 et du malte d' orge . Alcool 5,0 %. Brasserie Meteor Alsace La consommation de boissons alcoolis\u00e9es pendant la grossesse, m\u00eame en faible quantit\u00e9, peut avoir des cons\u00e9quences graves\u2026","rel":"","context":"Article similaire","img":{"alt_text":"","src":"https:\/\/i2.wp.com\/www.passionfruits.fr\/wp-content\/uploads\/2019\/11\/Coffret-biere.jpg?fit=655%2C845&ssl=1&resize=350%2C200","width":350,"height":200},"classes":[]}],"_links":{"self":[{"href":"https:\/\/www.passionfruits.fr\/index.php\/wp-json\/wp\/v2\/product\/19809"}],"collection":[{"href":"https:\/\/www.passionfruits.fr\/index.php\/wp-json\/wp\/v2\/product"}],"about":[{"href":"https:\/\/www.passionfruits.fr\/index.php\/wp-json\/wp\/v2\/types\/product"}],"replies":[{"embeddable":true,"href":"https:\/\/www.passionfruits.fr\/index.php\/wp-json\/wp\/v2\/comments?post=19809"}],"wp:featuredmedia":[{"embeddable":true,"href":"https:\/\/www.passionfruits.fr\/index.php\/wp-json\/wp\/v2\/media\/19810"}],"wp:attachment":[{"href":"https:\/\/www.passionfruits.fr\/index.php\/wp-json\/wp\/v2\/media?parent=19809"}],"curies":[{"name":"wp","href":"https:\/\/api.w.org\/{rel}","templated":true}]}}