{"id":19813,"date":"2024-02-21T10:46:58","date_gmt":"2024-02-21T09:46:58","guid":{"rendered":"http:\/\/www.passionfruits.fr\/?post_type=product&#038;p=19813"},"modified":"2024-02-21T10:51:57","modified_gmt":"2024-02-21T09:51:57","slug":"biere-blonde-juste-toi-et-moi-bouteille-33-cl","status":"publish","type":"product","link":"https:\/\/www.passionfruits.fr\/index.php\/produit\/biere-blonde-juste-toi-et-moi-bouteille-33-cl\/","title":{"rendered":"Bi\u00e8re blonde juste toi et moi Bouteille 33 cl"},"content":{"rendered":"<p>promo<\/p>\n","protected":false},"excerpt":{"rendered":"<p>Bi\u00e8re de Maintenon<\/p>\n<div class=\"elementor-element elementor-element-73371f8a elementor-widget elementor-widget-heading\" data-id=\"73371f8a\" data-element_type=\"widget\" data-widget_type=\"heading.default\">\n<div class=\"elementor-widget-container\"><\/div>\n<\/div>\n<div class=\"elementor-element elementor-element-23977d7 elementor-widget elementor-widget-text-editor\" data-id=\"23977d7\" data-element_type=\"widget\" data-widget_type=\"text-editor.default\">\n<div class=\"elementor-widget-container\">\n<div class=\"elementor-element elementor-element-c907803 elementor-widget elementor-widget-heading\" data-id=\"c907803\" data-element_type=\"widget\" data-widget_type=\"heading.default\">\n<div class=\"elementor-widget-container\">\n<h5 class=\"elementor-heading-title elementor-size-default\">Une bi\u00e8re artisanale l\u00e9g\u00e8re et attachante.<\/h5>\n<\/div>\n<\/div>\n<div class=\"elementor-element elementor-element-725f27b elementor-widget elementor-widget-text-editor\" data-id=\"725f27b\" data-element_type=\"widget\" data-widget_type=\"text-editor.default\">\n<div class=\"elementor-widget-container\">\n<p>Bi\u00e8re artisanale bien p\u00e9tillante, s\u00e8che et d\u00e9salt\u00e9rante. Des notes aromatiques d\u2019herbac\u00e9e, de pain frais, de fleurs de mirabellier et de rose.<br \/>\n\u00c0 table, la bi\u00e8re de garde pur malt \u201cJuste Toi &amp; Moi\u201d pourra accompagner choucroutes, asperges, salades de crudit\u00e9s, fromages de ch\u00e8vre, pommes.<\/p>\n<\/div>\n<\/div>\n<div class=\"elementor-element elementor-element-74b9b29 elementor-widget elementor-widget-text-editor\" data-id=\"74b9b29\" data-element_type=\"widget\" data-widget_type=\"text-editor.default\">\n<div class=\"elementor-widget-container\"><\/div>\n<\/div>\n<div class=\"elementor-element elementor-element-edf9745 elementor-widget elementor-widget-text-editor\" data-id=\"edf9745\" data-element_type=\"widget\" data-widget_type=\"text-editor.default\">\n<div class=\"elementor-widget-container\"><\/div>\n<\/div>\n<div class=\"elementor-element elementor-element-0757441 elementor-widget elementor-widget-text-editor\" data-id=\"0757441\" data-element_type=\"widget\" data-widget_type=\"text-editor.default\">\n<div class=\"elementor-widget-container\">\n<p><b>Ingr\u00e9dients :<\/b>\u00a0eau, malt d\u2019<b>orge<\/b>, houblons, levure.<\/p>\n<p><b>D\u00e9tails techniques :\u00a0<\/b>bi\u00e8re blonde de garde pur malt, de style Pils. Malt Pilsen (France ou Centre-Val de Loire), houblons dont Saaz et Styrian Wolf. 5,8% alc. vol. Service entre 4 et 6\u00b0C.<\/p>\n<\/div>\n<\/div>\n<div class=\"elementor-element elementor-element-93de5d7 elementor-widget elementor-widget-spacer\" data-id=\"93de5d7\" data-element_type=\"widget\" data-widget_type=\"spacer.default\">\n<div class=\"elementor-widget-container\">\n<div class=\"elementor-spacer\">\n<div class=\"elementor-spacer-inner\"><\/div>\n<\/div>\n<\/div>\n<\/div>\n<div class=\"elementor-element elementor-element-db199e9 elementor-widget elementor-widget-heading\" data-id=\"db199e9\" data-element_type=\"widget\" data-widget_type=\"heading.default\">\n<div class=\"elementor-widget-container\">\n<h2 class=\"elementor-heading-title elementor-size-default\">R\u00e9compenses<\/h2>\n<\/div>\n<\/div>\n<div class=\"elementor-element elementor-element-79b1f8c elementor-widget elementor-widget-text-editor\" data-id=\"79b1f8c\" data-element_type=\"widget\" data-widget_type=\"text-editor.default\">\n<div class=\"elementor-widget-container\">\n<ul>\n<li>M\u00e9daille d\u2019Argent 2023 au World Beer Award en Angleterre<\/li>\n<li>M\u00e9daille d\u2019Or 2022 au Concours International de Francfort.<\/li>\n<li>3 \u00e9toiles \u201cBi\u00e8re exceptionnelle\u201d + \u201cCoup de coeur\u201d au Guide Hachette des Bi\u00e8res 2022.<\/li>\n<li>M\u00e9daille d\u2019Argent 2021 au Concours International de Lyon.<\/li>\n<\/ul>\n<\/div>\n<\/div>\n<\/div>\n<\/div>\n<p>Brasserie Bacquet 28 130 Pierres<\/p>\n<p>La consommation de boissons alcoolis\u00e9es pendant la grossesse, m\u00eame en faible quantit\u00e9, peut avoir des cons\u00e9quences graves sur la sant\u00e9 de l\u2019enfant.<\/p>\n<p>L ABUS D ALCOOL EST DANGEREUX POUR LA SANTE. A CONSOMMER AVEC MODERATION<\/p>\n<p>LA VENTE D ALCOOL EST INTERDITE AUX MINEURS.<\/p>\n<p>&nbsp;<\/p>\n","protected":false},"featured_media":19814,"comment_status":"closed","ping_status":"closed","template":"","meta":{"spay_email":"","jetpack_publicize_message":"","jetpack_is_tweetstorm":false},"jetpack_publicize_connections":[],"jetpack_sharing_enabled":true,"jetpack-related-posts":[{"id":19807,"url":"https:\/\/www.passionfruits.fr\/index.php\/produit\/biere-cocon-bouteille-33-cl\/","url_meta":{"origin":19813,"position":0},"title":"Bi\u00e8re blanche Cocon Bouteille 33 cl Elue \u201cMeilleure bi\u00e8re du Monde\u201d en 2021","date":"21 f\u00e9vrier 2024","format":false,"excerpt":"Elue \u201cMeilleure bi\u00e8re du Monde\u201d en 2021 Bi\u00e8re de Maintenon Une bi\u00e8re artisanale onctueuse et acidul\u00e9e. Bi\u00e8re artisanale finement p\u00e9tillante, l\u00e9g\u00e8re et onctueuse. Des notes de pamplemousse et de citron vert. \u00c0 table, la bi\u00e8re de garde pur malt \u201cCocon\u201d pourra accompagner coquillages, poissons grill\u00e9s et poissons fum\u00e9s, fromages de\u2026","rel":"","context":"Article similaire","img":{"alt_text":"","src":"https:\/\/i2.wp.com\/www.passionfruits.fr\/wp-content\/uploads\/2024\/02\/biere-cocon.jpg?fit=600%2C600&ssl=1&resize=350%2C200","width":350,"height":200},"classes":[]},{"id":19809,"url":"https:\/\/www.passionfruits.fr\/index.php\/produit\/biere-l-invitation-de-madame-bouteille-33-cl\/","url_meta":{"origin":19813,"position":1},"title":"Bi\u00e8re brune  l' invitation de Madame Bouteille 33 cl","date":"21 f\u00e9vrier 2024","format":false,"excerpt":"Bi\u00e8re de Maintenon Une bi\u00e8re artisanale soyeuse et torr\u00e9fi\u00e9e. Bi\u00e8re artisanale bien p\u00e9tillante, avec du corps, sensiblement am\u00e8re. Des saveurs de caf\u00e9, de sous-bois et de noisette, une petite note de cacao. \u00c0 table, la bi\u00e8re de garde pur malt \u201cL\u2019Invitation de Madame\u201d pourra accompagner sushis, ratatouilles, galettes de bl\u00e9\u2026","rel":"","context":"Article similaire","img":{"alt_text":"","src":"https:\/\/i0.wp.com\/www.passionfruits.fr\/wp-content\/uploads\/2024\/02\/biere-madame.jpg?fit=599%2C600&ssl=1&resize=350%2C200","width":350,"height":200},"classes":[]},{"id":20417,"url":"https:\/\/www.passionfruits.fr\/index.php\/produit\/biere-blonde-de-gellainville-la-bouteille-75-cl\/","url_meta":{"origin":19813,"position":2},"title":"Bi\u00e8re Blonde de Gellainville la bouteille 75 cl","date":"16 avril 2025","format":false,"excerpt":"Alcool 5 %. Fleuron de la gamme delabonne bio, cette blonde embl\u00e9matique de la brasserie ravira les palais les plus exigeants. delabonne Blonde Bio est une bi\u00e8re simple de conception, mais qui offre une belle complexit\u00e9 aromatique. Elle est voulue l\u00e9g\u00e8re et rafraichissante, peu am\u00e8re, elle laisse la part belle\u2026","rel":"","context":"Article similaire","img":{"alt_text":"","src":"https:\/\/i0.wp.com\/www.passionfruits.fr\/wp-content\/uploads\/2025\/04\/blonde.jpg.jpg?fit=600%2C600&ssl=1&resize=350%2C200","width":350,"height":200},"classes":[]},{"id":20414,"url":"https:\/\/www.passionfruits.fr\/index.php\/produit\/biere-blonde-de-gellainville-la-bouteille-33cl\/","url_meta":{"origin":19813,"position":3},"title":"Bi\u00e8re Blonde de Gellainville la bouteille 33cl","date":"16 avril 2025","format":false,"excerpt":"Alcool 5 %. Fleuron de la gamme delabonne bio, cette blonde embl\u00e9matique de la brasserie ravira les palais les plus exigeants. delabonne Blonde Bio est une bi\u00e8re simple de conception, mais qui offre une belle complexit\u00e9 aromatique. Elle est voulue l\u00e9g\u00e8re et rafraichissante, peu am\u00e8re, elle laisse la part belle\u2026","rel":"","context":"Article similaire","img":{"alt_text":"","src":"https:\/\/i0.wp.com\/www.passionfruits.fr\/wp-content\/uploads\/2025\/04\/blonde.jpg.jpg?fit=600%2C600&ssl=1&resize=350%2C200","width":350,"height":200},"classes":[]},{"id":17048,"url":"https:\/\/www.passionfruits.fr\/index.php\/produit\/coffret-biere-de-chartres-une-bouteille-33-cl-et-verre-de-25cl\/","url_meta":{"origin":19813,"position":4},"title":"Coffret Bi\u00e8re de Chartres une bouteille 33 cl et verre de 25cl","date":"10 d\u00e9cembre 2020","format":false,"excerpt":"Biere de Chartres Brass\u00e9e au bl\u00e9 de Beauce Fermentation haute non filtr\u00e9e, elle est brass\u00e9e naturellement. Contient du malt de bl\u00e9 et du malte d' orge . Alcool 5,0 %. Brasserie Meteor Alsace La consommation de boissons alcoolis\u00e9es pendant la grossesse, m\u00eame en faible quantit\u00e9, peut avoir des cons\u00e9quences graves\u2026","rel":"","context":"Article similaire","img":{"alt_text":"","src":"https:\/\/i2.wp.com\/www.passionfruits.fr\/wp-content\/uploads\/2019\/11\/Coffret-biere.jpg?fit=655%2C845&ssl=1&resize=350%2C200","width":350,"height":200},"classes":[]},{"id":20418,"url":"https:\/\/www.passionfruits.fr\/index.php\/produit\/biere-blanche-de-gellainville-la-bouteille-75-cl\/","url_meta":{"origin":19813,"position":5},"title":"Bi\u00e8re Blanche de Gellainville la bouteille 75 cl","date":"16 avril 2025","format":false,"excerpt":"Alcool 4,8%. delabonne Blanche Bio est fra\u00eeche et l\u00e9g\u00e8re, m\u00e9daill\u00e9e \u00e0 Lyon, est construite dans l\u2019esprit des Blanches Belges l\u00e9g\u00e8res. delabonne Blanche Bio est fra\u00eeche et l\u00e9g\u00e8re, gr\u00e2ce aux 50% de malt de bl\u00e9 utilis\u00e9s lors du brassage, sa robe est claire et trouble. Elle est construite pour laisser appara\u00eetre\u2026","rel":"","context":"Article similaire","img":{"alt_text":"","src":"https:\/\/i0.wp.com\/www.passionfruits.fr\/wp-content\/uploads\/2025\/04\/blanche.jpg.jpg?fit=600%2C600&ssl=1&resize=350%2C200","width":350,"height":200},"classes":[]}],"_links":{"self":[{"href":"https:\/\/www.passionfruits.fr\/index.php\/wp-json\/wp\/v2\/product\/19813"}],"collection":[{"href":"https:\/\/www.passionfruits.fr\/index.php\/wp-json\/wp\/v2\/product"}],"about":[{"href":"https:\/\/www.passionfruits.fr\/index.php\/wp-json\/wp\/v2\/types\/product"}],"replies":[{"embeddable":true,"href":"https:\/\/www.passionfruits.fr\/index.php\/wp-json\/wp\/v2\/comments?post=19813"}],"wp:featuredmedia":[{"embeddable":true,"href":"https:\/\/www.passionfruits.fr\/index.php\/wp-json\/wp\/v2\/media\/19814"}],"wp:attachment":[{"href":"https:\/\/www.passionfruits.fr\/index.php\/wp-json\/wp\/v2\/media?parent=19813"}],"curies":[{"name":"wp","href":"https:\/\/api.w.org\/{rel}","templated":true}]}}