{"id":20464,"date":"2025-05-15T10:10:58","date_gmt":"2025-05-15T09:10:58","guid":{"rendered":"http:\/\/www.passionfruits.fr\/?post_type=product&#038;p=20464"},"modified":"2025-05-15T10:12:23","modified_gmt":"2025-05-15T09:12:23","slug":"the-vrac-passion-fruits-sachet-100-grs","status":"publish","type":"product","link":"https:\/\/www.passionfruits.fr\/index.php\/produit\/the-vrac-passion-fruits-sachet-100-grs\/","title":{"rendered":"Th\u00e9 vrac Passion Fruits Sachet 100 grs"},"content":{"rendered":"<p>PROMO<\/p>\n","protected":false},"excerpt":{"rendered":"<p>Fraise, P\u00eache et Fruit de la passion<\/p>\n","protected":false},"featured_media":20462,"comment_status":"closed","ping_status":"closed","template":"","meta":{"spay_email":"","jetpack_publicize_message":"","jetpack_is_tweetstorm":false},"jetpack_publicize_connections":[],"jetpack_sharing_enabled":true,"jetpack-related-posts":[{"id":20460,"url":"https:\/\/www.passionfruits.fr\/index.php\/produit\/the-vrac-andre-claude-sachet-100-grs\/","url_meta":{"origin":20464,"position":0},"title":"Th\u00e9 vrac Andr\u00e9 Claude Sachet 100 grs","date":"15 mai 2025","format":false,"excerpt":"M\u00e9lange d' agrumes avec une pointe de Jasmin","rel":"","context":"Article similaire","img":{"alt_text":"","src":"https:\/\/i1.wp.com\/www.passionfruits.fr\/wp-content\/uploads\/2025\/05\/ac.jpg?fit=600%2C600&ssl=1&resize=350%2C200","width":350,"height":200},"classes":[]},{"id":18761,"url":"https:\/\/www.passionfruits.fr\/index.php\/produit\/fraise-gariguette-promo-france-cat-1-les-2-barquettes-de-250-grs\/","url_meta":{"origin":20464,"position":1},"title":"Fraise Gariguette France Cat 1 la barquettes de 250 grs","date":"21 avril 2022","format":false,"excerpt":"\u00a0 \u00a0","rel":"","context":"Article similaire","img":{"alt_text":"","src":"https:\/\/i1.wp.com\/www.passionfruits.fr\/wp-content\/uploads\/2015\/12\/Gariguette.jpg?fit=600%2C600&ssl=1&resize=350%2C200","width":350,"height":200},"classes":[]},{"id":5196,"url":"https:\/\/www.passionfruits.fr\/index.php\/produit\/fruit-de-la-passion-les-100grs\/","url_meta":{"origin":20464,"position":2},"title":"Fruit de la passion Vietnam Cat 1 les 100g","date":"7 d\u00e9cembre 2015","format":false,"excerpt":"Origine Zimbabou\u00e9","rel":"","context":"Article similaire","img":{"alt_text":"","src":"https:\/\/i0.wp.com\/www.passionfruits.fr\/wp-content\/uploads\/2015\/12\/Fotolia_37968786_XS.jpg?fit=312%2C384&ssl=1&resize=350%2C200","width":350,"height":200},"classes":[]},{"id":9508,"url":"https:\/\/www.passionfruits.fr\/index.php\/produit\/pomme-golden-promo-les-3-kilos\/","url_meta":{"origin":20464,"position":3},"title":"Pomme sachet Golden France Cat 1 Promo les 3 kilos","date":"15 octobre 2016","format":false,"excerpt":"","rel":"","context":"Article similaire","img":{"alt_text":"","src":"https:\/\/i2.wp.com\/www.passionfruits.fr\/wp-content\/uploads\/2015\/12\/pomme-jonagored-sachet-3-kilos.jpg?fit=600%2C600&ssl=1&resize=350%2C200","width":350,"height":200},"classes":[]},{"id":9806,"url":"https:\/\/www.passionfruits.fr\/index.php\/produit\/pomme-promo-chanteclerc-les-3-kilos\/","url_meta":{"origin":20464,"position":4},"title":"Pomme sachet Chantecler France Cat 1 Promo les 3  kilos","date":"3 d\u00e9cembre 2016","format":false,"excerpt":"","rel":"","context":"Article similaire","img":{"alt_text":"","src":"https:\/\/i2.wp.com\/www.passionfruits.fr\/wp-content\/uploads\/2015\/12\/pomme-jonagored-sachet-3-kilos.jpg?fit=600%2C600&ssl=1&resize=350%2C200","width":350,"height":200},"classes":[]},{"id":9512,"url":"https:\/\/www.passionfruits.fr\/index.php\/produit\/pomme-promo-royal-gala-les-3-kilos\/","url_meta":{"origin":20464,"position":5},"title":"Pomme sachet Royal Gala France cat1 Promo les 3 kilos","date":"15 octobre 2016","format":false,"excerpt":"","rel":"","context":"Article similaire","img":{"alt_text":"","src":"https:\/\/i2.wp.com\/www.passionfruits.fr\/wp-content\/uploads\/2015\/12\/pomme-jonagored-sachet-3-kilos.jpg?fit=600%2C600&ssl=1&resize=350%2C200","width":350,"height":200},"classes":[]}],"_links":{"self":[{"href":"https:\/\/www.passionfruits.fr\/index.php\/wp-json\/wp\/v2\/product\/20464"}],"collection":[{"href":"https:\/\/www.passionfruits.fr\/index.php\/wp-json\/wp\/v2\/product"}],"about":[{"href":"https:\/\/www.passionfruits.fr\/index.php\/wp-json\/wp\/v2\/types\/product"}],"replies":[{"embeddable":true,"href":"https:\/\/www.passionfruits.fr\/index.php\/wp-json\/wp\/v2\/comments?post=20464"}],"wp:featuredmedia":[{"embeddable":true,"href":"https:\/\/www.passionfruits.fr\/index.php\/wp-json\/wp\/v2\/media\/20462"}],"wp:attachment":[{"href":"https:\/\/www.passionfruits.fr\/index.php\/wp-json\/wp\/v2\/media?parent=20464"}],"curies":[{"name":"wp","href":"https:\/\/api.w.org\/{rel}","templated":true}]}}