{"id":5014,"date":"2015-12-07T11:27:50","date_gmt":"2015-12-07T10:27:50","guid":{"rendered":"http:\/\/www.andreclaude.fr\/web\/index.php\/produit\/fenouil-les-500-grs\/"},"modified":"2026-04-01T17:14:12","modified_gmt":"2026-04-01T16:14:12","slug":"fenouil-les-500-grs","status":"publish","type":"product","link":"https:\/\/www.passionfruits.fr\/index.php\/produit\/fenouil-les-500-grs\/","title":{"rendered":"Fenouil Italie Cat 1 la pi\u00e8ce env. 500 grs"},"content":{"rendered":"<p>Origine Italie<\/p>\n","protected":false},"excerpt":{"rendered":"<p>Origine Italie<\/p>\n","protected":false},"featured_media":5015,"comment_status":"closed","ping_status":"closed","template":"","meta":{"spay_email":"","jetpack_publicize_message":"","jetpack_is_tweetstorm":false},"jetpack_publicize_connections":[],"jetpack_sharing_enabled":true,"jetpack-related-posts":[{"id":4982,"url":"https:\/\/www.passionfruits.fr\/index.php\/produit\/celeris-branche-les-500-grs\/","url_meta":{"origin":5014,"position":0},"title":"C\u00e9leris branche Italie Cat 1 la branche env. 100g","date":"7 d\u00e9cembre 2015","format":false,"excerpt":"Origine France","rel":"","context":"Article similaire","img":{"alt_text":"","src":"https:\/\/i0.wp.com\/www.passionfruits.fr\/wp-content\/uploads\/2015\/12\/celeris.jpg?fit=500%2C317&ssl=1&resize=350%2C200","width":350,"height":200},"classes":[]},{"id":6308,"url":"https:\/\/www.passionfruits.fr\/index.php\/produit\/petit-poisfrance-les-500-grs\/","url_meta":{"origin":5014,"position":1},"title":"Petit pois italie  Cat 1 les 500g","date":"7 d\u00e9cembre 2015","format":false,"excerpt":"","rel":"","context":"Article similaire","img":{"alt_text":"","src":"https:\/\/i1.wp.com\/www.passionfruits.fr\/wp-content\/uploads\/2015\/12\/Petits_pois.jpg?fit=600%2C600&ssl=1&resize=350%2C200","width":350,"height":200},"classes":[]},{"id":5150,"url":"https:\/\/www.passionfruits.fr\/index.php\/produit\/feve-fraiche-les-500-grs\/","url_meta":{"origin":5014,"position":2},"title":"F\u00e8ve fra\u00eeche italie  cat 1 les 500g","date":"7 d\u00e9cembre 2015","format":false,"excerpt":"","rel":"","context":"Article similaire","img":{"alt_text":"","src":"https:\/\/i1.wp.com\/www.passionfruits.fr\/wp-content\/uploads\/2015\/12\/feves.jpg?fit=600%2C600&ssl=1&resize=350%2C200","width":350,"height":200},"classes":[]},{"id":4878,"url":"https:\/\/www.passionfruits.fr\/index.php\/produit\/poivron-rouge-la-piece-env-200-grs\/","url_meta":{"origin":5014,"position":3},"title":"Poivron rouge Pays Bas   Cat 1 la pi\u00e8ce env.250g","date":"7 d\u00e9cembre 2015","format":false,"excerpt":"Origine Espagne","rel":"","context":"Article similaire","img":{"alt_text":"","src":"https:\/\/i0.wp.com\/www.passionfruits.fr\/wp-content\/uploads\/2015\/12\/Fotolia_33469560_XS.jpg?fit=392%2C306&ssl=1&resize=350%2C200","width":350,"height":200},"classes":[]},{"id":4880,"url":"https:\/\/www.passionfruits.fr\/index.php\/produit\/poivron-jaune-la-piece-env-200-grs\/","url_meta":{"origin":5014,"position":4},"title":"Poivron jaune Pays Bas  Cat 1 la pi\u00e8ce env. 250g","date":"7 d\u00e9cembre 2015","format":false,"excerpt":"Origine Espagne","rel":"","context":"Article similaire","img":{"alt_text":"","src":"https:\/\/i2.wp.com\/www.passionfruits.fr\/wp-content\/uploads\/2015\/12\/Fotolia_29277092_XS.jpg?fit=372%2C323&ssl=1&resize=350%2C200","width":350,"height":200},"classes":[]},{"id":4876,"url":"https:\/\/www.passionfruits.fr\/index.php\/produit\/poivron-vert-la-piece-env-200-grs\/","url_meta":{"origin":5014,"position":5},"title":"Poivron vert Pays Bas  Cat 1 la pi\u00e8ce env.250g","date":"7 d\u00e9cembre 2015","format":false,"excerpt":"Origine Espagne","rel":"","context":"Article similaire","img":{"alt_text":"","src":"https:\/\/i1.wp.com\/www.passionfruits.fr\/wp-content\/uploads\/2015\/12\/Fotolia_41182973_XS.jpg?fit=346%2C347&ssl=1&resize=350%2C200","width":350,"height":200},"classes":[]}],"_links":{"self":[{"href":"https:\/\/www.passionfruits.fr\/index.php\/wp-json\/wp\/v2\/product\/5014"}],"collection":[{"href":"https:\/\/www.passionfruits.fr\/index.php\/wp-json\/wp\/v2\/product"}],"about":[{"href":"https:\/\/www.passionfruits.fr\/index.php\/wp-json\/wp\/v2\/types\/product"}],"replies":[{"embeddable":true,"href":"https:\/\/www.passionfruits.fr\/index.php\/wp-json\/wp\/v2\/comments?post=5014"}],"wp:featuredmedia":[{"embeddable":true,"href":"https:\/\/www.passionfruits.fr\/index.php\/wp-json\/wp\/v2\/media\/5015"}],"wp:attachment":[{"href":"https:\/\/www.passionfruits.fr\/index.php\/wp-json\/wp\/v2\/media?parent=5014"}],"curies":[{"name":"wp","href":"https:\/\/api.w.org\/{rel}","templated":true}]}}