{"id":5026,"date":"2015-12-07T11:27:50","date_gmt":"2015-12-07T10:27:50","guid":{"rendered":"http:\/\/www.andreclaude.fr\/web\/index.php\/produit\/oignon-grelot-les-500-grs\/"},"modified":"2025-07-30T17:32:53","modified_gmt":"2025-07-30T16:32:53","slug":"oignon-grelot-les-500-grs","status":"publish","type":"product","link":"https:\/\/www.passionfruits.fr\/index.php\/produit\/oignon-grelot-les-500-grs\/","title":{"rendered":"Oignon grelot jaune  France  Cat 1 les 250g"},"content":{"rendered":"","protected":false},"excerpt":{"rendered":"<p>Les oignons grelots sont de tous petits oignons blancs ou jaunes et s\u00e9ch\u00e9s, \u00e0 la saveur tr\u00e8s douce. Ils se pr\u00e9parent en garniture de r\u00f4tis ou de plats mijot\u00e9s mais ils s&#8217;emploient aussi comme condiments.<\/p>\n","protected":false},"featured_media":10103,"comment_status":"closed","ping_status":"closed","template":"","meta":{"spay_email":"","jetpack_publicize_message":"","jetpack_is_tweetstorm":false},"jetpack_publicize_connections":[],"jetpack_sharing_enabled":true,"jetpack-related-posts":[{"id":4992,"url":"https:\/\/www.passionfruits.fr\/index.php\/produit\/oignon-jaune-les-500-grs\/","url_meta":{"origin":5026,"position":0},"title":"Oignon jaune France  Cat 1 les 500g","date":"7 d\u00e9cembre 2015","format":false,"excerpt":"Origine : Eure et Loir. L\u2019oignon jaune est l\u2019oignon le plus utilis\u00e9 en cuisine. Il a une odeur assez forte et un go\u00fbt tr\u00e8s prononc\u00e9. D\u2019ailleurs il n\u2019est pas tr\u00e8s bon cru, \u00e0 moins de bien le m\u00e9langer \u00e0 d\u2019autres ingr\u00e9dients. Il est parfait pour les cuissons car il donne\u2026","rel":"","context":"Article similaire","img":{"alt_text":"","src":"https:\/\/i0.wp.com\/www.passionfruits.fr\/wp-content\/uploads\/2015\/12\/oignon3.jpg?fit=599%2C597&ssl=1&resize=350%2C200","width":350,"height":200},"classes":[]},{"id":6380,"url":"https:\/\/www.passionfruits.fr\/index.php\/produit\/oignon-les-10-kgs\/","url_meta":{"origin":5026,"position":1},"title":"Oignon jaune France  Cat 1 les 5 kgs","date":"7 d\u00e9cembre 2015","format":false,"excerpt":"Origine : Eure et Loir. L\u2019oignon jaune est l\u2019oignon le plus utilis\u00e9 en cuisine. Il a une odeur assez forte et un go\u00fbt tr\u00e8s prononc\u00e9. D\u2019ailleurs il n\u2019est pas tr\u00e8s bon cru, \u00e0 moins de bien le m\u00e9langer \u00e0 d\u2019autres ingr\u00e9dients. Il est parfait pour les cuissons car il donne\u2026","rel":"","context":"Article similaire","img":{"alt_text":"","src":"https:\/\/i0.wp.com\/www.passionfruits.fr\/wp-content\/uploads\/2015\/12\/oignon3.jpg?fit=599%2C597&ssl=1&resize=350%2C200","width":350,"height":200},"classes":[]},{"id":18295,"url":"https:\/\/www.passionfruits.fr\/index.php\/produit\/oignon-emince-cat-1-hollande-barquette-200-grs\/","url_meta":{"origin":5026,"position":2},"title":"Oignon Jaune \u00e9minc\u00e9 cat 1 France barquette 200 grs","date":"16 septembre 2021","format":false,"excerpt":"","rel":"","context":"Article similaire","img":{"alt_text":"","src":"https:\/\/i2.wp.com\/www.passionfruits.fr\/wp-content\/uploads\/2021\/09\/vend-oignon-france-1253-2385-large.jpg?fit=600%2C600&ssl=1&resize=350%2C200","width":350,"height":200},"classes":[]},{"id":5295,"url":"https:\/\/www.passionfruits.fr\/index.php\/produit\/oignon-roscoff-les-500-grs\/","url_meta":{"origin":5026,"position":3},"title":"Oignon Roscoff  France Cat 1 les 500g","date":"7 d\u00e9cembre 2015","format":false,"excerpt":"L'oignon de Roscoff\u00a0 se caract\u00e9rise par la couleur ros\u00e9e de leur tunique et de leur chair. Cru, son odeur est fruit\u00e9e, sa texture est croquante et tr\u00e8s juteuse. Son go\u00fbt sucr\u00e9 permet son utilisation en salades. Cuit, l\u2019oignon d\u00e9veloppe son go\u00fbt sucr\u00e9 et fruit\u00e9. La texture devient fondante. Il constitue\u2026","rel":"","context":"Article similaire","img":{"alt_text":"","src":"https:\/\/i0.wp.com\/www.passionfruits.fr\/wp-content\/uploads\/2015\/12\/oignon-roscoff.jpg?fit=596%2C591&ssl=1&resize=350%2C200","width":350,"height":200},"classes":[]},{"id":5022,"url":"https:\/\/www.passionfruits.fr\/index.php\/produit\/oignon-blanc-la-botte\/","url_meta":{"origin":5026,"position":4},"title":"Oignon blanc France  Cat 1 la botte","date":"7 d\u00e9cembre 2015","format":false,"excerpt":"","rel":"","context":"Article similaire","img":{"alt_text":"","src":"https:\/\/i0.wp.com\/www.passionfruits.fr\/wp-content\/uploads\/2015\/12\/oignonbotte.jpg?fit=600%2C600&ssl=1&resize=350%2C200","width":350,"height":200},"classes":[]},{"id":5024,"url":"https:\/\/www.passionfruits.fr\/index.php\/produit\/oignon-rouge-les-500-grs\/","url_meta":{"origin":5026,"position":5},"title":"Oignon Rouge France Cat 1 les 500g","date":"7 d\u00e9cembre 2015","format":false,"excerpt":"","rel":"","context":"Article similaire","img":{"alt_text":"","src":"https:\/\/i2.wp.com\/www.passionfruits.fr\/wp-content\/uploads\/2015\/12\/oignon-rouge.jpg?fit=600%2C600&ssl=1&resize=350%2C200","width":350,"height":200},"classes":[]}],"_links":{"self":[{"href":"https:\/\/www.passionfruits.fr\/index.php\/wp-json\/wp\/v2\/product\/5026"}],"collection":[{"href":"https:\/\/www.passionfruits.fr\/index.php\/wp-json\/wp\/v2\/product"}],"about":[{"href":"https:\/\/www.passionfruits.fr\/index.php\/wp-json\/wp\/v2\/types\/product"}],"replies":[{"embeddable":true,"href":"https:\/\/www.passionfruits.fr\/index.php\/wp-json\/wp\/v2\/comments?post=5026"}],"wp:featuredmedia":[{"embeddable":true,"href":"https:\/\/www.passionfruits.fr\/index.php\/wp-json\/wp\/v2\/media\/10103"}],"wp:attachment":[{"href":"https:\/\/www.passionfruits.fr\/index.php\/wp-json\/wp\/v2\/media?parent=5026"}],"curies":[{"name":"wp","href":"https:\/\/api.w.org\/{rel}","templated":true}]}}