{"id":5136,"date":"2015-12-07T11:28:26","date_gmt":"2015-12-07T10:28:26","guid":{"rendered":"http:\/\/www.andreclaude.fr\/web\/index.php\/produit\/p-d-t-ordinaire-elodie-le-sac-10-kgs\/"},"modified":"2025-09-10T15:25:08","modified_gmt":"2025-09-10T14:25:08","slug":"p-d-t-ordinaire-elodie-le-sac-10-kgs","status":"publish","type":"product","link":"https:\/\/www.passionfruits.fr\/index.php\/produit\/p-d-t-ordinaire-elodie-le-sac-10-kgs\/","title":{"rendered":"Pomme de terre Ordinaire  France  Cat 1 le sac de 10 kg"},"content":{"rendered":"","protected":false},"excerpt":{"rendered":"<p>P.D.T Ordinaire Tr\u00e9sor<\/p>\n<p>Calibre\u00a0 60 et +<\/p>\n<p>Pommes de terre de consommation<\/p>\n<p>Traitement anti-germinatif<\/p>\n","protected":false},"featured_media":5135,"comment_status":"closed","ping_status":"closed","template":"","meta":{"spay_email":"","jetpack_publicize_message":"","jetpack_is_tweetstorm":false},"jetpack_publicize_connections":[],"jetpack_sharing_enabled":true,"jetpack-related-posts":[{"id":5134,"url":"https:\/\/www.passionfruits.fr\/index.php\/produit\/p-d-t-ordinaire-elodie-le-kilo\/","url_meta":{"origin":5136,"position":0},"title":"Pomme de terre  Ordinaire France   Cat 1 le kilo","date":"7 d\u00e9cembre 2015","format":false,"excerpt":"P.D.T Ordinaire Tr\u00e9sor Calibre\u00a0 60 et + Pommes de terre de consommation Traitement anti-germinatif","rel":"","context":"Article similaire","img":{"alt_text":"","src":"https:\/\/i1.wp.com\/www.passionfruits.fr\/wp-content\/uploads\/2015\/12\/pdt-ordinaire.jpg?fit=800%2C600&ssl=1&resize=350%2C200","width":350,"height":200},"classes":[]},{"id":18320,"url":"https:\/\/www.passionfruits.fr\/index.php\/produit\/gnocchetti-sachet-de-500-gr\/","url_meta":{"origin":5136,"position":1},"title":"Gnocchetti sachet de 500 Gr","date":"16 septembre 2021","format":false,"excerpt":"ingr\u00e9dients : PUREE DE POMMES DE TERRE 70% (EAU, FLOCONS DE POMMES DE TERRE DESHYDRATEES (POMMES DE TERRE, EMULSIFIANTS : MONO ET DIGLYCERIDES D'ACIDES GRAS, AROMES NATURELS), FARINE DE BLE TENDRE, FECULE DE POMMES DE TERRE, AMIDON, FARINE DE RIZ, SEL, EPICES, CORRECTEUR D'ACIDITE : ACIDE LACTIQUE, CONSERVATEUR : SORBATE\u2026","rel":"","context":"Article similaire","img":{"alt_text":"","src":"https:\/\/i2.wp.com\/www.passionfruits.fr\/wp-content\/uploads\/2021\/09\/gnti3.jpg?fit=600%2C600&ssl=1&resize=350%2C200","width":350,"height":200},"classes":[]},{"id":5043,"url":"https:\/\/www.passionfruits.fr\/index.php\/produit\/p-d-t-grenaille-le-kilo\/","url_meta":{"origin":5136,"position":2},"title":"Grenaille Gwenne  France Cat 1 le kg","date":"7 d\u00e9cembre 2015","format":false,"excerpt":"Pomme de terre Calibre 28-40 mm Pommes de terre de consommation Traitement anti-germinatif","rel":"","context":"Article similaire","img":{"alt_text":"","src":"https:\/\/i2.wp.com\/www.passionfruits.fr\/wp-content\/uploads\/2015\/12\/pomme-de-terre-grenaille.jpg?fit=800%2C553&ssl=1&resize=350%2C200","width":350,"height":200},"classes":[]},{"id":16037,"url":"https:\/\/www.passionfruits.fr\/index.php\/produit\/p-d-t-spunta-nouvelle\/","url_meta":{"origin":5136,"position":3},"title":"P.D.T. Spunta nouvelle Italie Cat 1 Le kilo","date":"30 mai 2020","format":false,"excerpt":"Pomme de terre Calibre 30 \u2013 40 Pommes de terre de consommation Traitement anti-germinatif","rel":"","context":"Article similaire","img":{"alt_text":"","src":"https:\/\/i2.wp.com\/www.passionfruits.fr\/wp-content\/uploads\/2015\/12\/pommedeterreannabelle.jpg?fit=600%2C600&ssl=1&resize=350%2C200","width":350,"height":200},"classes":[]},{"id":6376,"url":"https:\/\/www.passionfruits.fr\/index.php\/produit\/p-d-t-grenaille-x-5-kg-le-kilo\/","url_meta":{"origin":5136,"position":4},"title":"P.D.T. Grenaille  Promo  France Cat 1 les 5 kg soit 2,50 \u20ac le kg","date":"7 d\u00e9cembre 2015","format":false,"excerpt":"Pomme de terre agatha Calibre 28mm-40mm Pommes de terre de consommation Traitement anti-germinatif","rel":"","context":"Article similaire","img":{"alt_text":"","src":"https:\/\/i2.wp.com\/www.passionfruits.fr\/wp-content\/uploads\/2015\/12\/pomme-de-terre-grenaille.jpg?fit=800%2C553&ssl=1&resize=350%2C200","width":350,"height":200},"classes":[]},{"id":5041,"url":"https:\/\/www.passionfruits.fr\/index.php\/produit\/p-d-t-grenaille-de-noirmoutier-le-kilo\/","url_meta":{"origin":5136,"position":5},"title":"grenaille ile de re  le kilo","date":"7 d\u00e9cembre 2015","format":false,"excerpt":"Les pommes de terre primeur n\u2019ont pas besoin d\u2019\u00eatre \u00e9pluch\u00e9es tant la peau est fine et d\u00e9licieuse. A cuire directement \u00e0 la po\u00eale avec du beurre et de l'huile, assaisonner de fleur de sel et de poivre,\u00a0 un d\u00e9lice pour les papilles !!! Calibre\u00a0 35 - 55 Pommes de terre\u2026","rel":"","context":"Article similaire","img":{"alt_text":"","src":"https:\/\/i0.wp.com\/www.passionfruits.fr\/wp-content\/uploads\/2015\/12\/noirmoutier.jpg?fit=600%2C600&ssl=1&resize=350%2C200","width":350,"height":200},"classes":[]}],"_links":{"self":[{"href":"https:\/\/www.passionfruits.fr\/index.php\/wp-json\/wp\/v2\/product\/5136"}],"collection":[{"href":"https:\/\/www.passionfruits.fr\/index.php\/wp-json\/wp\/v2\/product"}],"about":[{"href":"https:\/\/www.passionfruits.fr\/index.php\/wp-json\/wp\/v2\/types\/product"}],"replies":[{"embeddable":true,"href":"https:\/\/www.passionfruits.fr\/index.php\/wp-json\/wp\/v2\/comments?post=5136"}],"wp:featuredmedia":[{"embeddable":true,"href":"https:\/\/www.passionfruits.fr\/index.php\/wp-json\/wp\/v2\/media\/5135"}],"wp:attachment":[{"href":"https:\/\/www.passionfruits.fr\/index.php\/wp-json\/wp\/v2\/media?parent=5136"}],"curies":[{"name":"wp","href":"https:\/\/api.w.org\/{rel}","templated":true}]}}