{"id":5143,"date":"2015-12-07T11:28:40","date_gmt":"2015-12-07T10:28:40","guid":{"rendered":"http:\/\/www.andreclaude.fr\/web\/index.php\/produit\/avocat-la-piece\/"},"modified":"2025-12-05T17:02:58","modified_gmt":"2025-12-05T16:02:58","slug":"avocat-la-piece","status":"publish","type":"product","link":"https:\/\/www.passionfruits.fr\/index.php\/produit\/avocat-la-piece\/","title":{"rendered":"Avocat Espagne Cat 1 la pi\u00e8ce"},"content":{"rendered":"","protected":false},"excerpt":{"rendered":"<p>L\u2019avocat est souvent consid\u00e9r\u00e9 comme un l\u00e9gume, car on le consomme en entr\u00e9e. Pourtant, il s\u2019agit bel et bien d\u2019un fruit.<\/p>\n<p>Ne jamais conserver l&#8217;avocat au r\u00e9frig\u00e9rateur.<\/p>\n","protected":false},"featured_media":6772,"comment_status":"closed","ping_status":"closed","template":"","meta":{"spay_email":"","jetpack_publicize_message":"","jetpack_is_tweetstorm":false},"jetpack_publicize_connections":[],"jetpack_sharing_enabled":true,"jetpack-related-posts":[{"id":6329,"url":"https:\/\/www.passionfruits.fr\/index.php\/produit\/avocat-lot-de-3-pieces\/","url_meta":{"origin":5143,"position":0},"title":"Avocat promo Espagne  Cat 1 les 3 pi\u00e8ces","date":"7 d\u00e9cembre 2015","format":false,"excerpt":"L\u2019avocat est souvent consid\u00e9r\u00e9 comme un l\u00e9gume, car on le consomme en entr\u00e9e. Pourtant, il s\u2019agit bel et bien d\u2019un fruit. Ne jamais conserver l'avocat au r\u00e9frig\u00e9rateur.","rel":"","context":"Article similaire","img":{"alt_text":"","src":"https:\/\/i2.wp.com\/www.passionfruits.fr\/wp-content\/uploads\/2015\/12\/avocat-1.jpg?fit=600%2C600&ssl=1&resize=350%2C200","width":350,"height":200},"classes":[]},{"id":18826,"url":"https:\/\/www.passionfruits.fr\/index.php\/produit\/sauce-guacamole-le-pot-de-300-grs\/","url_meta":{"origin":5143,"position":1},"title":"Sauce Guacamole le pot de 300 grs","date":"20 mai 2022","format":false,"excerpt":"Eau, avocat (14% - origine : P\u00e9rou), oignon, poivron vert, tomates, mascarpone (contient du LAIT), LAIT, acidifiant: E330), cr\u00e8me (LAIT), huile de colza, amidon modifi\u00e9 de ma\u00efs, sucre, piment vert, poivron rouge, sel, piments Jalape\u00f1o, acidifiant: E270; antioxydant: E300; jus de citron concentr\u00e9, \u00e9pices (<2% - cumin, piment de Cayenne),\u2026","rel":"","context":"Article similaire","img":{"alt_text":"","src":"https:\/\/i0.wp.com\/www.passionfruits.fr\/wp-content\/uploads\/2022\/05\/622182.jpg?fit=600%2C600&ssl=1&resize=350%2C200","width":350,"height":200},"classes":[]}],"_links":{"self":[{"href":"https:\/\/www.passionfruits.fr\/index.php\/wp-json\/wp\/v2\/product\/5143"}],"collection":[{"href":"https:\/\/www.passionfruits.fr\/index.php\/wp-json\/wp\/v2\/product"}],"about":[{"href":"https:\/\/www.passionfruits.fr\/index.php\/wp-json\/wp\/v2\/types\/product"}],"replies":[{"embeddable":true,"href":"https:\/\/www.passionfruits.fr\/index.php\/wp-json\/wp\/v2\/comments?post=5143"}],"wp:featuredmedia":[{"embeddable":true,"href":"https:\/\/www.passionfruits.fr\/index.php\/wp-json\/wp\/v2\/media\/6772"}],"wp:attachment":[{"href":"https:\/\/www.passionfruits.fr\/index.php\/wp-json\/wp\/v2\/media?parent=5143"}],"curies":[{"name":"wp","href":"https:\/\/api.w.org\/{rel}","templated":true}]}}