{"id":5187,"date":"2015-12-07T11:28:50","date_gmt":"2015-12-07T10:28:50","guid":{"rendered":"http:\/\/www.andreclaude.fr\/web\/index.php\/produit\/orange-navelina-a-jus-le-kilo\/"},"modified":"2026-02-10T11:39:36","modified_gmt":"2026-02-10T10:39:36","slug":"orange-a-jus-les-2-kilos","status":"publish","type":"product","link":"https:\/\/www.passionfruits.fr\/index.php\/produit\/orange-a-jus-les-2-kilos\/","title":{"rendered":"Orange Lane Late Cat 1 Espagne  le kilo A jus"},"content":{"rendered":"","protected":false},"excerpt":{"rendered":"<p>Conservation:<\/p>\n<p>A temp\u00e9rature ambiante pendant une semaine, attention je risque de s\u00e9cher.<\/p>\n<p>Au r\u00e9frig\u00e9rateur vous pourrez me conserver 3 semaines, sans risque de d\u00e9shydratation ainsi je garde tout mon jus et mes vitamines !!!<\/p>\n","protected":false},"featured_media":4867,"comment_status":"closed","ping_status":"closed","template":"","meta":{"spay_email":"","jetpack_publicize_message":"","jetpack_is_tweetstorm":false},"jetpack_publicize_connections":[],"jetpack_sharing_enabled":true,"jetpack-related-posts":[{"id":5245,"url":"https:\/\/www.passionfruits.fr\/index.php\/produit\/orange-a-jus-le-kilo\/","url_meta":{"origin":5187,"position":0},"title":"Orange Navel feuille Portugal Cat 1 le kilo \u00e0 manger","date":"7 d\u00e9cembre 2015","format":false,"excerpt":"Conservation: A temp\u00e9rature ambiante pendant une semaine, attention je risque de s\u00e9cher. Au r\u00e9frig\u00e9rateur vous pourrez me conserver 3 semaines, sans risque de d\u00e9shydratation ainsi je garde tout mon jus et mes vitamines !!!","rel":"","context":"Article similaire","img":{"alt_text":"","src":"https:\/\/i1.wp.com\/www.passionfruits.fr\/wp-content\/uploads\/2015\/12\/Fotolia_42343066_XS.jpg?fit=346%2C346&ssl=1&resize=350%2C200","width":350,"height":200},"classes":[]},{"id":4866,"url":"https:\/\/www.passionfruits.fr\/index.php\/produit\/orange\/","url_meta":{"origin":5187,"position":1},"title":"Orange soculente Cat 1 le kilo","date":"7 d\u00e9cembre 2015","format":false,"excerpt":"Conservation: A temp\u00e9rature ambiante pendant une semaine, attention je risque de s\u00e9cher. Au r\u00e9frig\u00e9rateur vous pourrez me conserver 3 semaines, sans risque de d\u00e9shydratation ainsi je garde tous mon jus et mes vitamines !!!","rel":"","context":"Article similaire","img":{"alt_text":"","src":"https:\/\/i1.wp.com\/www.passionfruits.fr\/wp-content\/uploads\/2015\/12\/Fotolia_42343066_XS.jpg?fit=346%2C346&ssl=1&resize=350%2C200","width":350,"height":200},"classes":[]},{"id":5381,"url":"https:\/\/www.passionfruits.fr\/index.php\/produit\/clementine-le-kilo\/","url_meta":{"origin":5187,"position":2},"title":"Cl\u00e9mentine Soculente  cat 1 Espagne le kilo","date":"7 d\u00e9cembre 2015","format":false,"excerpt":"Conservation: A temp\u00e9rature ambiante pendant une semaine, attention je risque de s\u00e9cher. Au r\u00e9frig\u00e9rateur vous pourrez me conserver 3 semaines, sans risque de d\u00e9shydratation ainsi je garde tout mon jus et mes vitamines !!!","rel":"","context":"Article similaire","img":{"alt_text":"","src":"https:\/\/i1.wp.com\/www.passionfruits.fr\/wp-content\/uploads\/2015\/12\/clementine4.jpg?fit=360%2C334&ssl=1&resize=350%2C200","width":350,"height":200},"classes":[]},{"id":5066,"url":"https:\/\/www.passionfruits.fr\/index.php\/produit\/orange-sanguine-le-kilo\/","url_meta":{"origin":5187,"position":3},"title":"Orange Sanguine Espagne Cat 1 le kilo","date":"7 d\u00e9cembre 2015","format":false,"excerpt":"Conservation: A temp\u00e9rature ambiante pendant une semaine, attention je risque de s\u00e9cher. Au r\u00e9frig\u00e9rateur vous pourrez me conserver 3 semaines, sans risque de d\u00e9shydratation ainsi je garde tout mon jus et mes vitamines !!!","rel":"","context":"Article similaire","img":{"alt_text":"","src":"https:\/\/i0.wp.com\/www.passionfruits.fr\/wp-content\/uploads\/2015\/12\/orange-sanguine.jpg?fit=599%2C599&ssl=1&resize=350%2C200","width":350,"height":200},"classes":[]},{"id":4917,"url":"https:\/\/www.passionfruits.fr\/index.php\/produit\/citron-vert-la-piece\/","url_meta":{"origin":5187,"position":4},"title":"Citron vert Bresil Cat 1 la pi\u00e8ce env 100g soit 4,95 \u20ac le kilo","date":"7 d\u00e9cembre 2015","format":false,"excerpt":"Conservation: A temp\u00e9rature ambiante pendant une semaine, attention je risque de s\u00e9cher. Au r\u00e9frig\u00e9rateur vous pourrez me conserver 3 semaines, sans risque de d\u00e9shydratation ainsi je garde tous mon jus et mes vitamines !!!","rel":"","context":"Article similaire","img":{"alt_text":"","src":"https:\/\/i1.wp.com\/www.passionfruits.fr\/wp-content\/uploads\/2015\/12\/Fotolia_44611423_XS.jpg?fit=346%2C346&ssl=1&resize=350%2C200","width":350,"height":200},"classes":[]},{"id":4859,"url":"https:\/\/www.passionfruits.fr\/index.php\/produit\/citron-jaune-la-piece\/","url_meta":{"origin":5187,"position":5},"title":"Citron jaune Espagne  Cat 1 la pi\u00e8ce env. 200g soit 4,95\u20ac le kilo","date":"7 d\u00e9cembre 2015","format":false,"excerpt":"Conservation: A temp\u00e9rature ambiante pendant une semaine, attention je risque de s\u00e9cher. Au r\u00e9frig\u00e9rateur vous pourrez me conserver 3 semaines, sans risque de d\u00e9shydratation ainsi je garde tous mon jus et mes vitamines !!!","rel":"","context":"Article similaire","img":{"alt_text":"","src":"https:\/\/i1.wp.com\/www.passionfruits.fr\/wp-content\/uploads\/2015\/12\/citrons2.jpg?fit=600%2C600&ssl=1&resize=350%2C200","width":350,"height":200},"classes":[]}],"_links":{"self":[{"href":"https:\/\/www.passionfruits.fr\/index.php\/wp-json\/wp\/v2\/product\/5187"}],"collection":[{"href":"https:\/\/www.passionfruits.fr\/index.php\/wp-json\/wp\/v2\/product"}],"about":[{"href":"https:\/\/www.passionfruits.fr\/index.php\/wp-json\/wp\/v2\/types\/product"}],"replies":[{"embeddable":true,"href":"https:\/\/www.passionfruits.fr\/index.php\/wp-json\/wp\/v2\/comments?post=5187"}],"wp:featuredmedia":[{"embeddable":true,"href":"https:\/\/www.passionfruits.fr\/index.php\/wp-json\/wp\/v2\/media\/4867"}],"wp:attachment":[{"href":"https:\/\/www.passionfruits.fr\/index.php\/wp-json\/wp\/v2\/media?parent=5187"}],"curies":[{"name":"wp","href":"https:\/\/api.w.org\/{rel}","templated":true}]}}