{"id":5372,"date":"2015-12-07T11:31:25","date_gmt":"2015-12-07T10:31:25","guid":{"rendered":"http:\/\/www.andreclaude.fr\/web\/index.php\/produit\/cerneau-de-noix-barq-150grs\/"},"modified":"2025-11-05T10:50:53","modified_gmt":"2025-11-05T09:50:53","slug":"cerneau-de-noix-barq-130grs","status":"publish","type":"product","link":"https:\/\/www.passionfruits.fr\/index.php\/produit\/cerneau-de-noix-barq-130grs\/","title":{"rendered":"Cerneau de noix France Cat 1 le sachet de 130grs"},"content":{"rendered":"<p><span style=\"font-family: Arial; font-size: small;\">\u00a0<\/span><\/p>\n","protected":false},"excerpt":{"rendered":"<p>Les cerneaux de noix agr\u00e9menteront \u00e0 merveille vos salades, se marient tr\u00e8s bien avec les endives ou sur un plateau de fromage.<\/p>\n<p>Conditionn\u00e9 en barquette refermable \u00e0 volont\u00e9 pour garder toute sa saveur.<\/p>\n","protected":false},"featured_media":7998,"comment_status":"closed","ping_status":"closed","template":"","meta":{"spay_email":"","jetpack_publicize_message":"","jetpack_is_tweetstorm":false},"jetpack_publicize_connections":[],"jetpack_sharing_enabled":true,"jetpack-related-posts":[{"id":5064,"url":"https:\/\/www.passionfruits.fr\/index.php\/produit\/noix-seche-les-500-grs\/","url_meta":{"origin":5372,"position":0},"title":"Noix s\u00e8che   France Cat 1 les 500 grs","date":"7 d\u00e9cembre 2015","format":false,"excerpt":"Petit conseil : pour qu'elles gardent toutes leurs saveurs et leurs qualit\u00e9s nutritionnelles, comment faut-il conserver les noix lorsqu'elles sont fra\u00eeches ou s\u00e8ches ? \u2022 Les noix fra\u00eeches, que l'on r\u00e9colte entre la mi-septembre et le d\u00e9but novembre\u00a0 peuvent se conserver plusieurs semaines \u00e0 l'abri de la chaleur et de\u2026","rel":"","context":"Article similaire","img":{"alt_text":"","src":"https:\/\/i0.wp.com\/www.passionfruits.fr\/wp-content\/uploads\/2015\/12\/noixseche.jpg?fit=401%2C299&ssl=1&resize=350%2C200","width":350,"height":200},"classes":[]},{"id":5379,"url":"https:\/\/www.passionfruits.fr\/index.php\/produit\/noix-de-cajou-barq-200-g\/","url_meta":{"origin":5372,"position":1},"title":"Noix de cajou barquette 200 g environ","date":"7 d\u00e9cembre 2015","format":false,"excerpt":"Originaire du Br\u00e9sil, cette petite noix en forme de rein est un tr\u00e9sor pour notre sant\u00e9\u2026 Conditionn\u00e9 en barquette refermable \u00e0 volont\u00e9 pour garder toute sa saveur. Ingr\u00e9dients: Noix de cajou, huiles de tournesol et de palme, sel. Traces possibles d'arachides, de s\u00e9same et de sulfites. Valeurs \u00e9nerg\u00e9tiques et nutritionnelles\u2026","rel":"","context":"Article similaire","img":{"alt_text":"","src":"https:\/\/i1.wp.com\/www.passionfruits.fr\/wp-content\/uploads\/2015\/12\/noix-de-cajou.jpg?fit=600%2C600&ssl=1&resize=350%2C200","width":350,"height":200},"classes":[]},{"id":8366,"url":"https:\/\/www.passionfruits.fr\/index.php\/produit\/melange-exotique-barquette-200g-environ\/","url_meta":{"origin":5372,"position":2},"title":"M\u00e9lange exotique barquette 250g environ","date":"8 mars 2016","format":false,"excerpt":"M\u00e9lange de\u00a0 fruits secs et de fruits d\u00e9shydrat\u00e9s\u00a0: Conditionn\u00e9 en barquette refermable \u00e0 volont\u00e9 pour garder toute sa saveur. Ingr\u00e9dients :Ingr\u00e9dients : raisin sec golden (raisin, huile de tournesol, conservateur : anhydride sulfureux), papaye d\u00e9shydrat\u00e9e en cubes (papaye, sucre, conservateur : anhydride sulfureux), ananas d\u00e9shydrat\u00e9 en cubes (ananas, sucre, acidifiant\u2026","rel":"","context":"Article similaire","img":{"alt_text":"","src":"https:\/\/i2.wp.com\/www.passionfruits.fr\/wp-content\/uploads\/2016\/03\/Melange-Exotique.jpg?fit=601%2C600&ssl=1&resize=350%2C200","width":350,"height":200},"classes":[]},{"id":12184,"url":"https:\/\/www.passionfruits.fr\/index.php\/produit\/rhum-vanille-coco-la-bouteille-de-70-cl\/","url_meta":{"origin":5372,"position":3},"title":"Rhum Noix de Coco la bouteille de 70 cl","date":"15 mai 2018","format":false,"excerpt":"Un arrang\u00e9 aux saveurs des \u00eeles\u2026. \u00c0 consommer bien frais Alcool 28,5 % La consommation de boissons alcoolis\u00e9es pendant la grossesse, m\u00eame en faible quantit\u00e9, peut avoir des cons\u00e9quences graves sur la sant\u00e9 de l\u2019enfant. L ABUS D ALCOOL EST DANGEREUX POUR LA SANTE. A CONSOMMER AVEC MODERATION. LA VENTE\u2026","rel":"","context":"Article similaire","img":{"alt_text":"","src":"https:\/\/i2.wp.com\/www.passionfruits.fr\/wp-content\/uploads\/2018\/05\/vanille-coco1.jpg?fit=600%2C600&ssl=1&resize=350%2C200","width":350,"height":200},"classes":[]},{"id":11081,"url":"https:\/\/www.passionfruits.fr\/index.php\/produit\/bananes-chips-deshydratees-barq-env-200-grs\/","url_meta":{"origin":5372,"position":4},"title":"Bananes chips d\u00e9shydrat\u00e9es barq. env. 200 grs","date":"18 septembre 2017","format":false,"excerpt":"Conditionn\u00e9e en barquette refermable \u00e0 volont\u00e9 pour garder toute sa saveur. BANANE CHIPS Ingr\u00e9dient: banane, huile de noix de coco,sucre, miel, ar\u00f4me de banane. Origine :Philippines Valeurs \u00e9nerg\u00e9tiques et nutritionnelles moyennes pour 100g Energie : 2125kj\/509kcal Mati\u00e8res grasses : 29g dont acides gras satur\u00e9s : 25g Glucides : 58g dont\u2026","rel":"","context":"Article similaire","img":{"alt_text":"","src":"https:\/\/i0.wp.com\/www.passionfruits.fr\/wp-content\/uploads\/2017\/09\/banane-sechee.jpeg?fit=500%2C500&ssl=1&resize=350%2C200","width":350,"height":200},"classes":[]},{"id":5951,"url":"https:\/\/www.passionfruits.fr\/index.php\/produit\/cigarette-chocolat\/","url_meta":{"origin":5372,"position":5},"title":"Cigarette au chocolat la boite 400g","date":"7 d\u00e9cembre 2015","format":false,"excerpt":"Cigarettes Fourr\u00e9es au Chocolat et aux Noisettes. Marque : Bolero. Conditionnement : Boite 400g. Ingr\u00e9dients : sucre, farine de bl\u00e9, huile de palme, poudre de lactos\u00e9rum, amidon de ma\u00efs, poudre de cacao d\u00e9graiss\u00e9(3.7%), lait \u00e9cr\u00e9m\u00e9 en poudre, noisettes (1.2%), \u00e9mulsifiant : l\u00e9cithine de soja, colorant : couleur caramel, sirop de\u2026","rel":"","context":"Article similaire","img":{"alt_text":"","src":"https:\/\/i2.wp.com\/www.passionfruits.fr\/wp-content\/uploads\/2015\/12\/Cigarette-chocolat.jpg?fit=600%2C600&ssl=1&resize=350%2C200","width":350,"height":200},"classes":[]}],"_links":{"self":[{"href":"https:\/\/www.passionfruits.fr\/index.php\/wp-json\/wp\/v2\/product\/5372"}],"collection":[{"href":"https:\/\/www.passionfruits.fr\/index.php\/wp-json\/wp\/v2\/product"}],"about":[{"href":"https:\/\/www.passionfruits.fr\/index.php\/wp-json\/wp\/v2\/types\/product"}],"replies":[{"embeddable":true,"href":"https:\/\/www.passionfruits.fr\/index.php\/wp-json\/wp\/v2\/comments?post=5372"}],"wp:featuredmedia":[{"embeddable":true,"href":"https:\/\/www.passionfruits.fr\/index.php\/wp-json\/wp\/v2\/media\/7998"}],"wp:attachment":[{"href":"https:\/\/www.passionfruits.fr\/index.php\/wp-json\/wp\/v2\/media?parent=5372"}],"curies":[{"name":"wp","href":"https:\/\/api.w.org\/{rel}","templated":true}]}}