{"id":5406,"date":"2015-12-07T11:31:39","date_gmt":"2015-12-07T10:31:39","guid":{"rendered":"http:\/\/www.andreclaude.fr\/web\/index.php\/produit\/chateau-de-laubade-vsop-promenade-doree-70-cl\/"},"modified":"2018-10-10T09:45:30","modified_gmt":"2018-10-10T08:45:30","slug":"chateau-de-laubade-vsop-promenade-doree-70-cl","status":"publish","type":"product","link":"https:\/\/www.passionfruits.fr\/index.php\/produit\/chateau-de-laubade-vsop-promenade-doree-70-cl\/","title":{"rendered":"Ch\u00e2teau de laubade vsop Promenade dor\u00e9e 70 cl 2013"},"content":{"rendered":"","protected":false},"excerpt":{"rendered":"<p>Carafe Bas Armagnac 40\u00b0. Laubade sont des assemblages dont le vieillissement est au moins deux fois sup\u00e9rieur \u00e0 celui requis par l\u2019appellation.L\u2019offre carafes et coffrets prestige est sp\u00e9cialement \u00e9labor\u00e9e pour satisfaire l\u2019achat cadeau. Le soin apport\u00e9 \u00e0 la pr\u00e9sentation des classiques Laubade magnifie l\u2019offre produit.<\/p>\n<p>Ch\u00e2teau de Laubade <i>32110 Sorbets.<br \/>\n<\/i><\/p>\n<p>La consommation de boissons alcoolis\u00e9es pendant la grossesse, m\u00eame en faible quantit\u00e9, peut avoir des cons\u00e9quences graves sur la sant\u00e9 de l\u2019enfant.<\/p>\n<p>L ABUS D ALCOOL EST DANGEREUX POUR LA SANTE. A CONSOMMER AVEC MODERATION.<\/p>\n<p>LA VENTE D ALCOOL EST INTERDITE AUX MINEURS.<\/p>\n","protected":false},"featured_media":7130,"comment_status":"closed","ping_status":"closed","template":"","meta":{"spay_email":"","jetpack_publicize_message":"","jetpack_is_tweetstorm":false},"jetpack_publicize_connections":[],"jetpack_sharing_enabled":true,"jetpack-related-posts":[{"id":20298,"url":"https:\/\/www.passionfruits.fr\/index.php\/produit\/chateau-gabelot-la-bouteille-75-cl-2020\/","url_meta":{"origin":5406,"position":0},"title":"Ch\u00e2teau Gabelot la bouteille 75 cl 2020","date":"14 janvier 2025","format":false,"excerpt":"6 \u20ac la bouteille au carton de 6 bouteilles Alcool 13.5 % Contient des sulfites. La consommation de boissons alcoolis\u00e9es pendant la grossesse, m\u00eame en faible quantit\u00e9, peut avoir des cons\u00e9quences graves sur la sant\u00e9 de l\u2019enfant. L ABUS D ALCOOL EST DANGEREUX POUR LA SANTE. A CONSOMMER AVEC MODERATION.\u2026","rel":"","context":"Article similaire","img":{"alt_text":"","src":"https:\/\/i0.wp.com\/www.passionfruits.fr\/wp-content\/uploads\/2025\/01\/876.jpg?fit=600%2C600&ssl=1&resize=350%2C200","width":350,"height":200},"classes":[]},{"id":20284,"url":"https:\/\/www.passionfruits.fr\/index.php\/produit\/chateau-la-chapelle-du-couvent-blaye-le-magnum-150-cl-2019\/","url_meta":{"origin":5406,"position":1},"title":"Ch\u00e2teau La chapelle du couvent Blaye le Magnum 150 cl 2019","date":"11 janvier 2025","format":false,"excerpt":"Alcool 13 % Contient des sulfites. La consommation de boissons alcoolis\u00e9es pendant la grossesse, m\u00eame en faible quantit\u00e9, peut avoir des cons\u00e9quences graves sur la sant\u00e9 de l\u2019enfant. L ABUS D ALCOOL EST DANGEREUX POUR LA SANTE. A CONSOMMER AVEC MODERATION. LA VENTE D ALCOOL EST INTERDITE AUX MINEURS. Borie\u2026","rel":"","context":"Article similaire","img":{"alt_text":"","src":"https:\/\/i0.wp.com\/www.passionfruits.fr\/wp-content\/uploads\/2025\/01\/809.jpg?fit=600%2C600&ssl=1&resize=350%2C200","width":350,"height":200},"classes":[]},{"id":20274,"url":"https:\/\/www.passionfruits.fr\/index.php\/produit\/chateau-touzignan-blaye-la-bouteille-75-cl-2023\/","url_meta":{"origin":5406,"position":2},"title":"Ch\u00e2teau Touzignan Blaye la bouteille 75 cl 2023","date":"10 janvier 2025","format":false,"excerpt":"6 \u20ac la bouteille au cartons de 6 bouteilles Alcool 14 % Contient des sulfites. La consommation de boissons alcoolis\u00e9es pendant la grossesse, m\u00eame en faible quantit\u00e9, peut avoir des cons\u00e9quences graves sur la sant\u00e9 de l\u2019enfant. L ABUS D ALCOOL EST DANGEREUX POUR LA SANTE. A CONSOMMER AVEC MODERATION.\u2026","rel":"","context":"Article similaire","img":{"alt_text":"","src":"https:\/\/i0.wp.com\/www.passionfruits.fr\/wp-content\/uploads\/2025\/01\/809.jpg?fit=600%2C600&ssl=1&resize=350%2C200","width":350,"height":200},"classes":[]},{"id":5403,"url":"https:\/\/www.passionfruits.fr\/index.php\/produit\/chateau-de-laubade-vsop-acacia-50-cl\/","url_meta":{"origin":5406,"position":3},"title":"Armagnac hors d'Age 70 cl","date":"7 d\u00e9cembre 2015","format":false,"excerpt":"Carafe Bas Armagnac Acacia Chateau de Laubade VSOP \u00a050cl. 40\u00b0.Le V.S.O.P est un assemblage \u00ab\u00a0plaisir\u00a0\u00bb \u00e0 d\u00e9guster en digestif ou en ap\u00e9ritif. Ch\u00e2teau de Laubade 32110 Sorbets. La consommation de boissons alcoolis\u00e9es pendant la grossesse, m\u00eame en faible quantit\u00e9, peut avoir des cons\u00e9quences graves sur la sant\u00e9 de l\u2019enfant. L\u2026","rel":"","context":"Article similaire","img":{"alt_text":"","src":"https:\/\/i0.wp.com\/www.passionfruits.fr\/wp-content\/uploads\/2015\/12\/laubade2.jpg?fit=600%2C600&ssl=1&resize=350%2C200","width":350,"height":200},"classes":[]},{"id":5459,"url":"https:\/\/www.passionfruits.fr\/index.php\/produit\/chateau-tournefeuille-150cl-2009\/","url_meta":{"origin":5406,"position":4},"title":"Ch\u00e2teau tournefeuille 150cl 2022","date":"7 d\u00e9cembre 2015","format":false,"excerpt":"Les 17 hectares qui composent le vignoble du Ch\u00e2teau TOURNEFEUILLE appartiennent \u00e0 l\u2019appellation Lalande de Pomerol. Admirablement situ\u00e9 sur un \u00e9peron argilo-graveleux unique de la commune de N\u00e9ac face aux plus grands terroirs de Pomerol, le vignoble du Ch\u00e2teau TOURNEFEUILLE s\u2019\u00e9tend sur 17 hectares de vignes, rassembl\u00e9s autour du ch\u00e2teau\u2026","rel":"","context":"Article similaire","img":{"alt_text":"","src":"https:\/\/i2.wp.com\/www.passionfruits.fr\/wp-content\/uploads\/2015\/12\/tournefeuille.jpg?fit=570%2C620&ssl=1&resize=350%2C200","width":350,"height":200},"classes":[]},{"id":5867,"url":"https:\/\/www.passionfruits.fr\/index.php\/produit\/chateau-batailley-grand-cru-classe-pauillac-150-cl-2005\/","url_meta":{"origin":5406,"position":5},"title":"Ch\u00e2teau Batailley Pauillac 150cl 2003","date":"7 d\u00e9cembre 2015","format":false,"excerpt":"Grand Cru Class\u00e9 AOC Pauillac. Ch\u00e2teau Batailley, 5\u00e8me Grand Cru Class\u00e9 en 1855, est un des joyaux de la famille Cast\u00e9ja et de Borie-Manoux. Batailley est un Pauillac classique, avec une couleur rubis fonc\u00e9, bien charpent\u00e9 et des notes prononc\u00e9es de cassis. Alcool 13,5 % Contient des sulfites. La consommation\u2026","rel":"","context":"Article similaire","img":{"alt_text":"","src":"https:\/\/i2.wp.com\/www.passionfruits.fr\/wp-content\/uploads\/2015\/12\/batailley.jpg?fit=600%2C600&ssl=1&resize=350%2C200","width":350,"height":200},"classes":[]}],"_links":{"self":[{"href":"https:\/\/www.passionfruits.fr\/index.php\/wp-json\/wp\/v2\/product\/5406"}],"collection":[{"href":"https:\/\/www.passionfruits.fr\/index.php\/wp-json\/wp\/v2\/product"}],"about":[{"href":"https:\/\/www.passionfruits.fr\/index.php\/wp-json\/wp\/v2\/types\/product"}],"replies":[{"embeddable":true,"href":"https:\/\/www.passionfruits.fr\/index.php\/wp-json\/wp\/v2\/comments?post=5406"}],"wp:featuredmedia":[{"embeddable":true,"href":"https:\/\/www.passionfruits.fr\/index.php\/wp-json\/wp\/v2\/media\/7130"}],"wp:attachment":[{"href":"https:\/\/www.passionfruits.fr\/index.php\/wp-json\/wp\/v2\/media?parent=5406"}],"curies":[{"name":"wp","href":"https:\/\/api.w.org\/{rel}","templated":true}]}}