{"id":5470,"date":"2015-12-07T11:32:18","date_gmt":"2015-12-07T10:32:18","guid":{"rendered":"http:\/\/www.andreclaude.fr\/web\/index.php\/produit\/petit-chablis-2009\/"},"modified":"2024-12-28T09:56:07","modified_gmt":"2024-12-28T08:56:07","slug":"petit-chablis-2009","status":"publish","type":"product","link":"https:\/\/www.passionfruits.fr\/index.php\/produit\/petit-chablis-2009\/","title":{"rendered":"Petit chablis vibrant 75 cl 2022"},"content":{"rendered":"","protected":false},"excerpt":{"rendered":"<div class=\"field field--name-field-caracteristique field--type-string field--label-hidden field__item\">Vif &amp; Fougueux<\/div>\n<div class=\"product-read-more\">\n<div class=\"clearfix text-formatted field field--name-body field--type-text-with-summary field--label-hidden field__item\">\n<p>Robe or tr\u00e8s p\u00e2le, vin limpide et brillant.<br \/>\n1er nez entrouvert pr\u00e9sentant les fruits blancs du verger.<br \/>\nA l\u2019a\u00e9ration une \u00e9l\u00e9gante touche min\u00e9rale compl\u00e8te la pr\u00e9sentation.<br \/>\nPersistant.<br \/>\nBouche fra\u00eeche, ample et tendue avec une belle palette<br \/>\nde fruits blancs \u00a0bien pr\u00e9sent\u00e9s.<br \/>\nBelle finale \u00e9clatante.<br \/>\nPetit Chablis de grand plaisir.<\/p>\n<\/div>\n<\/div>\n<p>La consommation de boissons alcoolis\u00e9es pendant la grossesse, m\u00eame en faible quantit\u00e9, peut avoir des cons\u00e9quences graves sur la sant\u00e9 de l\u2019enfant.<\/p>\n<p>Alcool 12,5 % Contient des sulfites.<\/p>\n<p><span class=\"st\">La Chablisienne Boulevard Pasteur 89800 Chablis.<\/span><\/p>\n<p>LA VENTE D ALCOOL EST INTERDITE AUX MINEURS.<\/p>\n<p>L ABUS D ALCOOL EST DANGEREUX POUR LA SANTE. A CONSOMMER AVEC MODERATION.<\/p>\n<p>&nbsp;<\/p>\n","protected":false},"featured_media":16002,"comment_status":"closed","ping_status":"closed","template":"","meta":{"spay_email":"","jetpack_publicize_message":"","jetpack_is_tweetstorm":false},"jetpack_publicize_connections":[],"jetpack_sharing_enabled":true,"jetpack-related-posts":[{"id":5478,"url":"https:\/\/www.passionfruits.fr\/index.php\/produit\/petit-chablis-37-5-cl\/","url_meta":{"origin":5470,"position":0},"title":"Bourgogne Aligot\u00e9 37,5 cl 2022","date":"7 d\u00e9cembre 2015","format":false,"excerpt":"Petit chablis la Chablisienne. C\u2019est le vin \u00e0 essayer pour d\u00e9couvrir cette appellation\u00a0: moins complexe qu'un Chablis, plus facile et agr\u00e9able \u00e0 d\u00e9guster... Textur\u00e9, \u00e9l\u00e9gant, simple et typ\u00e9, ce vin s\u00e9duit sans d\u00e9tour par sa min\u00e9ralit\u00e9 rafra\u00eechissante et ses ar\u00f4mes d'agrumes et de fleurs. Un chardonnay made in Chablis dans\u2026","rel":"","context":"Article similaire","img":{"alt_text":"","src":"https:\/\/i1.wp.com\/www.passionfruits.fr\/wp-content\/uploads\/2015\/12\/Petit-chablis.jpg?fit=600%2C600&ssl=1&resize=350%2C200","width":350,"height":200},"classes":[]},{"id":5463,"url":"https:\/\/www.passionfruits.fr\/index.php\/produit\/chablis-cuvee-la-chablisienne-2009\/","url_meta":{"origin":5470,"position":1},"title":"Chablis la Chablisienne 75 cl 2019","date":"7 d\u00e9cembre 2015","format":false,"excerpt":"la Chablisienne, d\u00e9voile de magnifiques cuv\u00e9es depuis 1923. C'est clairement une r\u00e9f\u00e9rence pour les vins de Chablis. La robe de ce Chablis est intense et brillante, d'un jaune dor\u00e9. En bouche, ce Chablis est \u00e9l\u00e9gant et vif, avec des notes min\u00e9rales et une tr\u00e8s belle pr\u00e9cision. Alcool 12.5 %. Contient\u2026","rel":"","context":"Article similaire","img":{"alt_text":"","src":"https:\/\/i1.wp.com\/www.passionfruits.fr\/wp-content\/uploads\/2015\/12\/737.jpg?fit=600%2C600&ssl=1&resize=350%2C200","width":350,"height":200},"classes":[]},{"id":6352,"url":"https:\/\/www.passionfruits.fr\/index.php\/produit\/bourgogne-aligote-2013-la-chablisienne-bout-75-cl\/","url_meta":{"origin":5470,"position":2},"title":"Bourgogne Chardonnay 2022 la bouteille 75 cl","date":"7 d\u00e9cembre 2015","format":false,"excerpt":"La Chablisienne. Alcool 12.5 %. Contient des sulfites. La Chablisienne Boulevard Pasteur 89800 Chablis. La consommation de boissons alcoolis\u00e9es pendant la grossesse, m\u00eame en faible quantit\u00e9, peut avoir des cons\u00e9quences graves sur la sant\u00e9 de l\u2019enfant. LA VENTE D ALCOOL EST INTERDITE AUX MINEURS. L ABUS D ALCOOL EST DANGEREUX\u2026","rel":"","context":"Article similaire","img":{"alt_text":"","src":"https:\/\/i1.wp.com\/www.passionfruits.fr\/wp-content\/uploads\/2015\/12\/bourgogne-aligote.jpg?fit=600%2C600&ssl=1&resize=350%2C200","width":350,"height":200},"classes":[]},{"id":9857,"url":"https:\/\/www.passionfruits.fr\/index.php\/produit\/chevre-fruits-rouge-la-piece-env-100g\/","url_meta":{"origin":5470,"position":3},"title":"Ch\u00e8vre Perche blanc piment de la r\u00e9gion la pi\u00e8ce","date":"11 d\u00e9cembre 2016","format":false,"excerpt":"Le Petit Perche Piment d\u2019Espelette Fromage de ch\u00e8vre fermier au lait cru \u2013 EARL DU PETIT PERCHE (97% de lait frais, 2 % de lactos\u00e9rum issu de l\u2019exploitation, 0,8% de pr\u00e9sure, 0,1 % de sel et 0,1 % de piment), provenant de L\u2019EARL DU PETIT PERCHE, Moul\u00e9 \u00e0 la louche\u2026","rel":"","context":"Article similaire","img":{"alt_text":"","src":"https:\/\/i0.wp.com\/www.passionfruits.fr\/wp-content\/uploads\/2016\/12\/chevre-aromatise.jpg?fit=591%2C600&ssl=1&resize=350%2C200","width":350,"height":200},"classes":[]},{"id":5143,"url":"https:\/\/www.passionfruits.fr\/index.php\/produit\/avocat-la-piece\/","url_meta":{"origin":5470,"position":4},"title":"Avocat Espagne Cat 1 la pi\u00e8ce","date":"7 d\u00e9cembre 2015","format":false,"excerpt":"L\u2019avocat est souvent consid\u00e9r\u00e9 comme un l\u00e9gume, car on le consomme en entr\u00e9e. Pourtant, il s\u2019agit bel et bien d\u2019un fruit. Ne jamais conserver l'avocat au r\u00e9frig\u00e9rateur.","rel":"","context":"Article similaire","img":{"alt_text":"","src":"https:\/\/i2.wp.com\/www.passionfruits.fr\/wp-content\/uploads\/2015\/12\/Avocat1.jpg?fit=507%2C338&ssl=1&resize=350%2C200","width":350,"height":200},"classes":[]},{"id":6329,"url":"https:\/\/www.passionfruits.fr\/index.php\/produit\/avocat-lot-de-3-pieces\/","url_meta":{"origin":5470,"position":5},"title":"Avocat promo Espagne  Cat 1 les 3 pi\u00e8ces","date":"7 d\u00e9cembre 2015","format":false,"excerpt":"L\u2019avocat est souvent consid\u00e9r\u00e9 comme un l\u00e9gume, car on le consomme en entr\u00e9e. Pourtant, il s\u2019agit bel et bien d\u2019un fruit. Ne jamais conserver l'avocat au r\u00e9frig\u00e9rateur.","rel":"","context":"Article similaire","img":{"alt_text":"","src":"https:\/\/i2.wp.com\/www.passionfruits.fr\/wp-content\/uploads\/2015\/12\/avocat-1.jpg?fit=600%2C600&ssl=1&resize=350%2C200","width":350,"height":200},"classes":[]}],"_links":{"self":[{"href":"https:\/\/www.passionfruits.fr\/index.php\/wp-json\/wp\/v2\/product\/5470"}],"collection":[{"href":"https:\/\/www.passionfruits.fr\/index.php\/wp-json\/wp\/v2\/product"}],"about":[{"href":"https:\/\/www.passionfruits.fr\/index.php\/wp-json\/wp\/v2\/types\/product"}],"replies":[{"embeddable":true,"href":"https:\/\/www.passionfruits.fr\/index.php\/wp-json\/wp\/v2\/comments?post=5470"}],"wp:featuredmedia":[{"embeddable":true,"href":"https:\/\/www.passionfruits.fr\/index.php\/wp-json\/wp\/v2\/media\/16002"}],"wp:attachment":[{"href":"https:\/\/www.passionfruits.fr\/index.php\/wp-json\/wp\/v2\/media?parent=5470"}],"curies":[{"name":"wp","href":"https:\/\/api.w.org\/{rel}","templated":true}]}}