{"id":5654,"date":"2015-12-07T11:34:12","date_gmt":"2015-12-07T10:34:12","guid":{"rendered":"http:\/\/www.andreclaude.fr\/web\/index.php\/produit\/tomme-corse-part-env-200-grs\/"},"modified":"2018-10-06T10:19:47","modified_gmt":"2018-10-06T09:19:47","slug":"tomme-corse-part-env-200-grs","status":"publish","type":"product","link":"https:\/\/www.passionfruits.fr\/index.php\/produit\/tomme-corse-part-env-200-grs\/","title":{"rendered":"Tomme Corse part environ 200g"},"content":{"rendered":"<p>Fromagerie affineur<\/p>\n<ul>\n<li><strong>Fromagerie Ottavi<\/strong><\/li>\n<li>ROUTE DE LA GARE<\/li>\n<li>20240 GHISONACCIA<\/li>\n<\/ul>\n<p>&nbsp;<\/p>\n","protected":false},"excerpt":{"rendered":"<p>Cette tomme de brebis est fabriqu\u00e9e de mani\u00e8re traditionnelle en Corse. Sa p\u00e2te a de doux parfums de noisette ainsi qu\u2019un subtil go\u00fbt de lait brebis.Elle s\u2019accompagne \u00e0 merveille de confiture de figues ou de cerises noires.<\/p>\n<p>Ingr\u00e9dients :\u00a0<strong>lait<\/strong> de brebis pasteuris\u00e9, sel, pr\u00e9sure et ferments.<\/p>\n<p>&nbsp;<\/p>\n<p>Valeurs nutritionnelles moyennes pour 100g<\/p>\n<p>Energie : 1597kj\/385kcal<\/p>\n<p>Mati\u00e8res grasses : 32.4g dont acides gras satur\u00e9s 17.51g<\/p>\n<p>Glucides : 3.3% dont sucres 0g<\/p>\n<p>Prot\u00e9ines : 21g<\/p>\n<p>Sel : 1.8g<\/p>\n<p>&nbsp;<\/p>\n<p>&nbsp;<\/p>\n","protected":false},"featured_media":7442,"comment_status":"closed","ping_status":"closed","template":"","meta":{"spay_email":"","jetpack_publicize_message":"","jetpack_is_tweetstorm":false},"jetpack_publicize_connections":[],"jetpack_sharing_enabled":true,"jetpack-related-posts":[{"id":17682,"url":"https:\/\/www.passionfruits.fr\/index.php\/produit\/tomme-de-chevre-la-part-env-200g\/","url_meta":{"origin":5654,"position":0},"title":"Tomme de ch\u00e8vre la part env. 200g","date":"12 mars 2021","format":false,"excerpt":"La Fromagerie de Maul\u00e9on Dans les Pyr\u00e9n\u00e9es-Atlantiques, au c\u0153ur de la Soule, la Fromagerie de Maul\u00e9on sublime le lait de ch\u00e8vre. C\u2019est en transposant leur savoir-faire ancien et reconnu dans les p\u00e2tes press\u00e9es de brebis, embl\u00e9matiques des montagnes du Pays Basque et du B\u00e9arn, que les ma\u00eetres-fromagers de Maul\u00e9on cr\u00e9ent\u2026","rel":"","context":"Article similaire","img":{"alt_text":"","src":"https:\/\/i2.wp.com\/www.passionfruits.fr\/wp-content\/uploads\/2021\/03\/Tomme-chevre.jpg?fit=600%2C600&ssl=1&resize=350%2C200","width":350,"height":200},"classes":[]},{"id":10545,"url":"https:\/\/www.passionfruits.fr\/index.php\/produit\/tomme-blanche-part-200grs-environ\/","url_meta":{"origin":5654,"position":1},"title":"Tomme blanche part environ 350 grs","date":"8 mai 2017","format":false,"excerpt":"Son go\u00fbt tr\u00e8s doux, l\u00e9g\u00e8rement acidul\u00e9 et sal\u00e9 s\u00e9duira le plus grand nombre!!! La tomme blanche\u00a0est un fromage \u00e0 p\u00e2te fraiche fait \u00e0 partir d\u2019une\u00a0faisselle\u00a0compos\u00e9 de\u00a0lait caill\u00e9\u00a0avec de la\u00a0pr\u00e9sure, elle est \u00e9labor\u00e9e en Savoie. La fabrication de ce fromage se fait \u00e0 partir du caill\u00e9 pr\u00e9lev\u00e9 en d\u00e9but d\u2019op\u00e9ration de\u2026","rel":"","context":"Article similaire","img":{"alt_text":"","src":"https:\/\/i0.wp.com\/www.passionfruits.fr\/wp-content\/uploads\/2017\/05\/tomme-blanche03.jpg?fit=529%2C600&ssl=1&resize=350%2C200","width":350,"height":200},"classes":[]},{"id":10544,"url":"https:\/\/www.passionfruits.fr\/index.php\/produit\/tomme-au-piment-d-espelette-les-100-grs\/","url_meta":{"origin":5654,"position":2},"title":"Tomme de brebis au piment d' espelette part env. 200g","date":"8 mai 2017","format":false,"excerpt":"Cette p\u00e2te press\u00e9e non cuite a plus d'un tour dans son sac ! Sa couleur est ivoire et sa texture se rapproche d'un Saint-Nectaire. Comme le Morbier, la Tomme au Piment d'Espelette est travers\u00e9e dans le sens de la longueur par un trait de \u0085 graines de piment d'Espelette. Pas\u2026","rel":"","context":"Article similaire","img":{"alt_text":"","src":"https:\/\/i2.wp.com\/www.passionfruits.fr\/wp-content\/uploads\/2017\/05\/tomme-au-piment-d-espelette.jpg?fit=600%2C595&ssl=1&resize=350%2C200","width":350,"height":200},"classes":[]},{"id":10579,"url":"https:\/\/www.passionfruits.fr\/index.php\/produit\/fromage-de-brebis-des-pyrenees-les-100g\/","url_meta":{"origin":5654,"position":3},"title":"Fromage de brebis des Pyr\u00e9n\u00e9es part env. 200g","date":"12 mai 2017","format":false,"excerpt":"C'est le fromage qui repr\u00e9sente le mieux le pays Basque. C'est une tomme avec une cro\u00fbte un peu \u00e9paisse de couleur gris\u00e2tre \u00e0 jaune orang\u00e9. Sa p\u00e2te est blanche de consistance ferme . Ingr\u00e9dients : lait pasteuris\u00e9 de brebis (origine UE) sel, pr\u00e9sure, ferments lactiques, colorants de cro\u00fbte :E153, E160b,\u2026","rel":"","context":"Article similaire","img":{"alt_text":"","src":"https:\/\/i2.wp.com\/www.passionfruits.fr\/wp-content\/uploads\/2017\/05\/fromage-des-pyrenees.jpg?fit=300%2C300&ssl=1&resize=350%2C200","width":350,"height":200},"classes":[]},{"id":5690,"url":"https:\/\/www.passionfruits.fr\/index.php\/produit\/tome-de-savoie-petite-part-env-150-grs\/","url_meta":{"origin":5654,"position":4},"title":"Tomme de Savoie part env. 200g","date":"7 d\u00e9cembre 2015","format":false,"excerpt":"Le lait provient quasi-exclusivement de vaches de races locales : Tarine, Abondance et Montb\u00e9liarde. La transformation du lait et l\u2019affinage du fromage sont ensuite r\u00e9alis\u00e9s strictement en Savoie et en Haute-Savoie. S\u00fbrement l'un des plus vieux fromages savoyards. La Tomme de Savoie a une cro\u00fbte gris\u00e2tre. Sa p\u00e2te est souple,\u2026","rel":"","context":"Article similaire","img":{"alt_text":"","src":"https:\/\/i1.wp.com\/www.passionfruits.fr\/wp-content\/uploads\/2015\/12\/tomme1.jpg?fit=346%2C346&ssl=1&resize=350%2C200","width":350,"height":200},"classes":[]},{"id":5768,"url":"https:\/\/www.passionfruits.fr\/index.php\/produit\/roquefort-papillon-noir-petite-part-env-150-grs\/","url_meta":{"origin":5654,"position":5},"title":"Roquefort Papillon part env. 200g","date":"7 d\u00e9cembre 2015","format":false,"excerpt":"Fromage au lait de brebis. Ce Roquefort PAPILLON d\u2019exception se distingue d\u2019abord par sa p\u00e2te blanche et ce bleu intense qui veine g\u00e9n\u00e9reusement ses larges et nombreuses cavit\u00e9s. \u2028En bouche, sa texture onctueuse et souple, d\u00e9veloppe un fondant d\u00e9licieux qui s\u2019accompagne d\u2019un go\u00fbt typ\u00e9, \u00e9quilibr\u00e9 et long en bouche. Ingr\u00e9dients\u2026","rel":"","context":"Article similaire","img":{"alt_text":"","src":"https:\/\/i1.wp.com\/www.passionfruits.fr\/wp-content\/uploads\/2015\/12\/rocquefort.jpg?fit=346%2C346&ssl=1&resize=350%2C200","width":350,"height":200},"classes":[]}],"_links":{"self":[{"href":"https:\/\/www.passionfruits.fr\/index.php\/wp-json\/wp\/v2\/product\/5654"}],"collection":[{"href":"https:\/\/www.passionfruits.fr\/index.php\/wp-json\/wp\/v2\/product"}],"about":[{"href":"https:\/\/www.passionfruits.fr\/index.php\/wp-json\/wp\/v2\/types\/product"}],"replies":[{"embeddable":true,"href":"https:\/\/www.passionfruits.fr\/index.php\/wp-json\/wp\/v2\/comments?post=5654"}],"wp:featuredmedia":[{"embeddable":true,"href":"https:\/\/www.passionfruits.fr\/index.php\/wp-json\/wp\/v2\/media\/7442"}],"wp:attachment":[{"href":"https:\/\/www.passionfruits.fr\/index.php\/wp-json\/wp\/v2\/media?parent=5654"}],"curies":[{"name":"wp","href":"https:\/\/api.w.org\/{rel}","templated":true}]}}