{"id":5741,"date":"2015-12-07T11:35:05","date_gmt":"2015-12-07T10:35:05","guid":{"rendered":"http:\/\/www.andreclaude.fr\/web\/index.php\/produit\/chevre-cloche\/"},"modified":"2022-03-23T18:09:35","modified_gmt":"2022-03-23T17:09:35","slug":"chevre-cloche","status":"publish","type":"product","link":"https:\/\/www.passionfruits.fr\/index.php\/produit\/chevre-cloche\/","title":{"rendered":"Le Montagnard des Vosges la pi\u00e8ce 500g"},"content":{"rendered":"<p>Fabriqu\u00e9 par HERGESTELT VON<\/p>\n<p>Rue Eug\u00e8ne GERARD<\/p>\n<p>88530 Le Tholy<\/p>\n<p>Service consommateur :<\/p>\n<p>Le Montagnard<\/p>\n<p>Place de l&#8217;\u00e9glise 3<\/p>\n<p>1785 Cressier sur Morat<\/p>\n","protected":false},"excerpt":{"rendered":"<p class=\"desc\">Fabriqu\u00e9 au coeur des Vosges avec du bon <strong>lait<\/strong> de montagne, le Montagnard est issu du savoir-faire des ma\u00eetres-fromagers de la fromagerie G\u00e9rard.<\/p>\n<p class=\"desc\">Ingr\u00e9dients : <strong>lai<\/strong>t de montagne pasteuris\u00e9 (origine France), <strong>cr\u00e8me<\/strong> (origine France), ferments, sel, pr\u00e9sure, colorant de cro\u00fbte: E160b<\/p>\n<p class=\"desc\">Valeurs nutritionnelles moyennes pour 100g<\/p>\n<p class=\"desc\">Energie : 1392kj\/337kcal<\/p>\n<p class=\"desc\">Mati\u00e8res grasses : 29g dont acides gars satur\u00e9s : 21g<\/p>\n<p class=\"desc\">Glucides : 0.6g dont sucres &lt;0.5g<\/p>\n<p class=\"desc\">Prot\u00e9ines : 18g<\/p>\n<p class=\"desc\">Sel : 1.1g<\/p>\n<p class=\"desc\">\n","protected":false},"featured_media":11628,"comment_status":"closed","ping_status":"closed","template":"","meta":{"spay_email":"","jetpack_publicize_message":"","jetpack_is_tweetstorm":false},"jetpack_publicize_connections":[],"jetpack_sharing_enabled":true,"jetpack-related-posts":[{"id":11969,"url":"https:\/\/www.passionfruits.fr\/index.php\/produit\/le-montagnard-des-vosges-le-demi\/","url_meta":{"origin":5741,"position":0},"title":"Le Montagnard des Vosges le demi","date":"27 mars 2018","format":false,"excerpt":"Fabriqu\u00e9 au coeur des Vosges avec du bon lait de montagne, le Montagnard est issu du savoir-faire des ma\u00eetres-fromagers de la fromagerie G\u00e9rard. Ingr\u00e9dients : lait de montagne pasteuris\u00e9 (origine France), cr\u00e8me (origine France), ferments, sel, pr\u00e9sure, colorant de cro\u00fbte: E160b Valeurs nutritionnelles moyennes pour 100g Energie : 1392kj\/337kcal Mati\u00e8res\u2026","rel":"","context":"Article similaire","img":{"alt_text":"","src":"https:\/\/i2.wp.com\/www.passionfruits.fr\/wp-content\/uploads\/2015\/12\/le-montagnard-des-vosges.jpg?fit=600%2C600&ssl=1&resize=350%2C200","width":350,"height":200},"classes":[]},{"id":5646,"url":"https:\/\/www.passionfruits.fr\/index.php\/produit\/roule-ail-et-fines-herbes-part-env-150-grs\/","url_meta":{"origin":5741,"position":1},"title":"Roul\u00e9 ail et fine herbe part environ 100 grs","date":"7 d\u00e9cembre 2015","format":false,"excerpt":"Le Roul\u00e9 est un fromage de vache frais fabriqu\u00e9 dans notre fromagerie des Vosges. Son go\u00fbt \u00e9quilibr\u00e9 d\u2019ail et de fines herbes et sa texture onctueuse en font une sp\u00e9cialit\u00e9 incontournable du plateau de fromage. Ingr\u00e9dients : Lait et cr\u00e8me pasteuris\u00e9s, sel, amidon, ail (0.7%), fines herbes (0.4%), conservateur :\u2026","rel":"","context":"Article similaire","img":{"alt_text":"","src":"https:\/\/i2.wp.com\/www.passionfruits.fr\/wp-content\/uploads\/2015\/12\/roule.jpg?fit=300%2C300&ssl=1&resize=350%2C200","width":350,"height":200},"classes":[]},{"id":5736,"url":"https:\/\/www.passionfruits.fr\/index.php\/produit\/galet-de-la-loire\/","url_meta":{"origin":5741,"position":2},"title":"Galet de la Loire la pi\u00e8ce environ 260g","date":"7 d\u00e9cembre 2015","format":false,"excerpt":"Fromage au lait de vache pasteuris\u00e9 \u00e0 patte molle. Sans odeur, et en bouche il est d\u00e9licat et onctueux. Fromage d'Anjou au lait pasteuris\u00e9 et cr\u00e8me (origine France), ferments, pr\u00e9sure,sel. Fabriqu\u00e9 dans une fromagerie transformant du lait de ch\u00e8vre et du lait du vache. Valeurs nutritionnelles moyennes pour 100g Energie\u2026","rel":"","context":"Article similaire","img":{"alt_text":"","src":"https:\/\/i1.wp.com\/www.passionfruits.fr\/wp-content\/uploads\/2015\/12\/galet-de-la-loire.jpg?fit=599%2C599&ssl=1&resize=350%2C200","width":350,"height":200},"classes":[]},{"id":17682,"url":"https:\/\/www.passionfruits.fr\/index.php\/produit\/tomme-de-chevre-la-part-env-200g\/","url_meta":{"origin":5741,"position":3},"title":"Tomme de ch\u00e8vre la part env. 200g","date":"12 mars 2021","format":false,"excerpt":"La Fromagerie de Maul\u00e9on Dans les Pyr\u00e9n\u00e9es-Atlantiques, au c\u0153ur de la Soule, la Fromagerie de Maul\u00e9on sublime le lait de ch\u00e8vre. C\u2019est en transposant leur savoir-faire ancien et reconnu dans les p\u00e2tes press\u00e9es de brebis, embl\u00e9matiques des montagnes du Pays Basque et du B\u00e9arn, que les ma\u00eetres-fromagers de Maul\u00e9on cr\u00e9ent\u2026","rel":"","context":"Article similaire","img":{"alt_text":"","src":"https:\/\/i2.wp.com\/www.passionfruits.fr\/wp-content\/uploads\/2021\/03\/Tomme-chevre.jpg?fit=600%2C600&ssl=1&resize=350%2C200","width":350,"height":200},"classes":[]},{"id":5776,"url":"https:\/\/www.passionfruits.fr\/index.php\/produit\/mimolette-extra-vieille-18-mois-petite-part-env-150-grs\/","url_meta":{"origin":5741,"position":4},"title":"Mimolette part environ 200 grs","date":"7 d\u00e9cembre 2015","format":false,"excerpt":"Mimolette Extra vieille. Fromage au lait pasteuris\u00e9 de vache. La mimolette extra vieille ou boule de Lille est un fromage \u00e0 p\u00e2te ferme s\u00e8che et cassante, tr\u00e8s dense et de couleur rouge orang\u00e9e . Son go\u00fbt est soutenu avec des ar\u00f4mes de caf\u00e9 assez marqu\u00e9s. La coloration de sa p\u00e2te\u2026","rel":"","context":"Article similaire","img":{"alt_text":"","src":"https:\/\/i1.wp.com\/www.passionfruits.fr\/wp-content\/uploads\/2015\/12\/mimolette.jpg?fit=849%2C565&ssl=1&resize=350%2C200","width":350,"height":200},"classes":[]},{"id":5740,"url":"https:\/\/www.passionfruits.fr\/index.php\/produit\/feuilles-de-dreux\/","url_meta":{"origin":5741,"position":5},"title":"Feuilles de Dreux la pi\u00e8ce 300g","date":"7 d\u00e9cembre 2015","format":false,"excerpt":"Avant de servir de d\u00e9coration, la feuille de ch\u00e2taignier \u00e9tait utilis\u00e9e pour \u00e9viter que les fromages empil\u00e9s les uns sur les autres lors de l'affinage ne collent entre eux et d\u2019\u00eatre malgr\u00e9 tout tr\u00e8s onctueux. Fromage au lait pasteuris\u00e9 de vache (origine France) 14% Mat Gr sur poids total \u00e0\u2026","rel":"","context":"Article similaire","img":{"alt_text":"","src":"https:\/\/i0.wp.com\/www.passionfruits.fr\/wp-content\/uploads\/2015\/12\/feuille-de-dreux-1.jpg?fit=599%2C598&ssl=1&resize=350%2C200","width":350,"height":200},"classes":[]}],"_links":{"self":[{"href":"https:\/\/www.passionfruits.fr\/index.php\/wp-json\/wp\/v2\/product\/5741"}],"collection":[{"href":"https:\/\/www.passionfruits.fr\/index.php\/wp-json\/wp\/v2\/product"}],"about":[{"href":"https:\/\/www.passionfruits.fr\/index.php\/wp-json\/wp\/v2\/types\/product"}],"replies":[{"embeddable":true,"href":"https:\/\/www.passionfruits.fr\/index.php\/wp-json\/wp\/v2\/comments?post=5741"}],"wp:featuredmedia":[{"embeddable":true,"href":"https:\/\/www.passionfruits.fr\/index.php\/wp-json\/wp\/v2\/media\/11628"}],"wp:attachment":[{"href":"https:\/\/www.passionfruits.fr\/index.php\/wp-json\/wp\/v2\/media?parent=5741"}],"curies":[{"name":"wp","href":"https:\/\/api.w.org\/{rel}","templated":true}]}}