{"id":5780,"date":"2015-12-07T11:35:21","date_gmt":"2015-12-07T10:35:21","guid":{"rendered":"http:\/\/www.andreclaude.fr\/web\/index.php\/produit\/emmental-petite-part-env-150-grs\/"},"modified":"2023-02-07T11:18:59","modified_gmt":"2023-02-07T10:18:59","slug":"emmental-petite-part-env-150-grs","status":"publish","type":"product","link":"https:\/\/www.passionfruits.fr\/index.php\/produit\/emmental-petite-part-env-150-grs\/","title":{"rendered":"Emmental la part environ 200 grs"},"content":{"rendered":"<p>Fromagerie Chabert<\/p>\n<p><span class=\"LrzXr\">710 Route de Val de Fier,<\/span><\/p>\n<p><span class=\"LrzXr\"> 74150 Valli\u00e8res<\/span><\/p>\n","protected":false},"excerpt":{"rendered":"<p>Fromage \u00e0 p\u00e2te press\u00e9e cuite, fabriqu\u00e9 \u00e0 partir de <strong>lait<\/strong> cru de vache (98.68% ), ferments lactiques (1%), sel (0.3%), pr\u00e9sure(0.02%).<\/p>\n<p>Valeurs nutritionnelles moyennes pour 100g :<\/p>\n<p>Energie : 396kcal \/ 1643kj<\/p>\n<p>&nbsp;<\/p>\n<p>Mati\u00e8res grasses : 31g sur produit fini dont acides gras satur\u00e9s : 20g<\/p>\n<p>Prot\u00e9ines : 29g<\/p>\n<p>Glucides : &lt;0.5g dont sucres &lt;0.5g<\/p>\n<p>&nbsp;<\/p>\n<p>&nbsp;<\/p>\n","protected":false},"featured_media":7695,"comment_status":"closed","ping_status":"closed","template":"","meta":{"spay_email":"","jetpack_publicize_message":"","jetpack_is_tweetstorm":false},"jetpack_publicize_connections":[],"jetpack_sharing_enabled":true,"jetpack-related-posts":[{"id":5772,"url":"https:\/\/www.passionfruits.fr\/index.php\/produit\/brie-de-meaux-lait-cru-renard-gilard-petite-part-env-150-grs\/","url_meta":{"origin":5780,"position":0},"title":"Brie de Meaux part environ 200g","date":"7 d\u00e9cembre 2015","format":false,"excerpt":"Fromage \u00e0 p\u00e2te molle au lait cru Ingr\u00e9dients : lait cru, sel, pr\u00e9sure, ferments. Valeurs nutritionnelles moyennes pour 100g Energie : 1188kj\/286kcal Mati\u00e8res grasses : 22g dont acides gras satur\u00e9s : 15g Glucides : <0.5g dont sucres <0.5g Prot\u00e9ines : 22g Sel : 1.8g Fromagerie\u00a0 Renard Gillard 55290 BIENCOURT SUR\u2026","rel":"","context":"Article similaire","img":{"alt_text":"","src":"https:\/\/i0.wp.com\/www.passionfruits.fr\/wp-content\/uploads\/2015\/12\/brie.jpg?fit=600%2C600&ssl=1&resize=350%2C200","width":350,"height":200},"classes":[]},{"id":5726,"url":"https:\/\/www.passionfruits.fr\/index.php\/produit\/gruyere-rape-barq-150-grs\/","url_meta":{"origin":5780,"position":1},"title":"Gruy\u00e8re rap\u00e9 barquette 125 grs","date":"7 d\u00e9cembre 2015","format":false,"excerpt":"Conditionn\u00e9 en barquette refermable \u00e0 volont\u00e9 pour garder toute sa saveur. Fromage \u00e0 p\u00e2te press\u00e9e cuite, fabriqu\u00e9 \u00e0 partir de lait cru de vache (98.68% ), ferments lactiques (1%), sel (0.3%), pr\u00e9sure(0.02%). Valeurs nutritionnelles moyennes pour 100g : Energie : 396kcal \/ 1643kj Mati\u00e8res grasses : 31g sur produit fini\u2026","rel":"","context":"Article similaire","img":{"alt_text":"","src":"https:\/\/i1.wp.com\/www.passionfruits.fr\/wp-content\/uploads\/2015\/12\/rape.jpg?fit=500%2C500&ssl=1&resize=350%2C200","width":350,"height":200},"classes":[]},{"id":5679,"url":"https:\/\/www.passionfruits.fr\/index.php\/produit\/beurre-12-sel-a-la-motte-petite-part-env-125\/","url_meta":{"origin":5780,"position":2},"title":"Beurre 1\/2 sel \u00e0 la motte - les 125 grs","date":"7 d\u00e9cembre 2015","format":false,"excerpt":"Pour accompagner les fromages, les salaisons, et m\u00eame une bonne confiture traditionnelle, il faut du bon pain et surtout du bon beurre de qualit\u00e9 doux ou demi-sel suivant votre pr\u00e9f\u00e9rence. La motte s\u2019 offre \u00e0 vous et vous propose de red\u00e9couvrir la vraie saveur du beurre authentique. Cr\u00e8me pasteuris\u00e9 de\u2026","rel":"","context":"Article similaire","img":{"alt_text":"","src":"https:\/\/i2.wp.com\/www.passionfruits.fr\/wp-content\/uploads\/2015\/12\/Beurre.jpg?fit=600%2C598&ssl=1&resize=350%2C200","width":350,"height":200},"classes":[]},{"id":5690,"url":"https:\/\/www.passionfruits.fr\/index.php\/produit\/tome-de-savoie-petite-part-env-150-grs\/","url_meta":{"origin":5780,"position":3},"title":"Tomme de Savoie part env. 200g","date":"7 d\u00e9cembre 2015","format":false,"excerpt":"Le lait provient quasi-exclusivement de vaches de races locales : Tarine, Abondance et Montb\u00e9liarde. La transformation du lait et l\u2019affinage du fromage sont ensuite r\u00e9alis\u00e9s strictement en Savoie et en Haute-Savoie. S\u00fbrement l'un des plus vieux fromages savoyards. La Tomme de Savoie a une cro\u00fbte gris\u00e2tre. Sa p\u00e2te est souple,\u2026","rel":"","context":"Article similaire","img":{"alt_text":"","src":"https:\/\/i1.wp.com\/www.passionfruits.fr\/wp-content\/uploads\/2015\/12\/tomme1.jpg?fit=346%2C346&ssl=1&resize=350%2C200","width":350,"height":200},"classes":[]},{"id":5697,"url":"https:\/\/www.passionfruits.fr\/index.php\/produit\/fourme-dambert-part-env-150-grs\/","url_meta":{"origin":5780,"position":4},"title":"Fourme d' ambert part environ 150g","date":"7 d\u00e9cembre 2015","format":false,"excerpt":"La Fourme d'Ambert est un fromage au lait pasteuris\u00e9\u00a0 de vache. Avec sa saveur d\u00e9licate, ses notes parfum\u00e9es et un go\u00fbt tout doux et tout en rondeur, la Fourme d\u2019Ambert se d\u00e9marque de tous les fromages bleus. C\u2019est toute cette douceur qui lui permet\u00a0de s\u2019accommoder \u00e0 tous les moments clefs\u2026","rel":"","context":"Article similaire","img":{"alt_text":"","src":"https:\/\/i0.wp.com\/www.passionfruits.fr\/wp-content\/uploads\/2015\/12\/fourme-d-ambert.jpg?fit=600%2C600&ssl=1&resize=350%2C200","width":350,"height":200},"classes":[]},{"id":6034,"url":"https:\/\/www.passionfruits.fr\/index.php\/produit\/fromage-du-cure-affine-au-muscadet-specialite-nantaise-part-env-250-grs\/","url_meta":{"origin":5780,"position":5},"title":"Fromage du cur\u00e9 part env. 200g","date":"7 d\u00e9cembre 2015","format":false,"excerpt":"Fromage du cur\u00e9 au lait cru entier de vache affin\u00e9 au muscadet sp\u00e9cialit\u00e9 de la r\u00e9gion Nantaise de fabrication artisanale est un assez surprenant ! avec une texture tr\u00e8s souple et onctueuse, fondante en bouche mais ne coulant pas . Le fait de la frotter au Muscadet lui donne un\u2026","rel":"","context":"Article similaire","img":{"alt_text":"","src":"https:\/\/i0.wp.com\/www.passionfruits.fr\/wp-content\/uploads\/2015\/12\/cure-nantais.jpg?fit=600%2C600&ssl=1&resize=350%2C200","width":350,"height":200},"classes":[]}],"_links":{"self":[{"href":"https:\/\/www.passionfruits.fr\/index.php\/wp-json\/wp\/v2\/product\/5780"}],"collection":[{"href":"https:\/\/www.passionfruits.fr\/index.php\/wp-json\/wp\/v2\/product"}],"about":[{"href":"https:\/\/www.passionfruits.fr\/index.php\/wp-json\/wp\/v2\/types\/product"}],"replies":[{"embeddable":true,"href":"https:\/\/www.passionfruits.fr\/index.php\/wp-json\/wp\/v2\/comments?post=5780"}],"wp:featuredmedia":[{"embeddable":true,"href":"https:\/\/www.passionfruits.fr\/index.php\/wp-json\/wp\/v2\/media\/7695"}],"wp:attachment":[{"href":"https:\/\/www.passionfruits.fr\/index.php\/wp-json\/wp\/v2\/media?parent=5780"}],"curies":[{"name":"wp","href":"https:\/\/api.w.org\/{rel}","templated":true}]}}