{"id":5991,"date":"2015-12-07T11:36:50","date_gmt":"2015-12-07T10:36:50","guid":{"rendered":"http:\/\/www.andreclaude.fr\/web\/index.php\/produit\/12-petit-basque-env-350-grs\/"},"modified":"2024-01-23T09:57:25","modified_gmt":"2024-01-23T08:57:25","slug":"12-petit-basque-env-350-grs","status":"publish","type":"product","link":"https:\/\/www.passionfruits.fr\/index.php\/produit\/12-petit-basque-env-350-grs\/","title":{"rendered":"Petit Basque demi environ 325 grs"},"content":{"rendered":"<p>Fabriqu\u00e9 par la SNC Pyr\u00e9n\u00e9from<\/p>\n<p>64120 Larceveau Pyr\u00e9n\u00e9es Atlantiques<\/p>\n","protected":false},"excerpt":{"rendered":"<p>Sa p\u00e2te est fondante et son go\u00fbt subtilement fruit\u00e9. Il se marie tr\u00e8s bien avec de la confiture de cerise noire.<\/p>\n<p>Ingr\u00e9dients : <strong>lait<\/strong> de brebis pasteuris\u00e9 (origine UE), sel, coagulant, chlorure de calcium, ferments lactiques (<strong>lait<\/strong>), colorants de la cro\u00fbte E150c E160b, conservateur E235<\/p>\n<p>Valeurs nutritionnelles moyennes pour 100g<\/p>\n<p>Energie : 1712kj\/413kcal<\/p>\n<p>Mati\u00e8res grasses : 35.9g dont acides gras satur\u00e9s 25.5g<\/p>\n<p>Glucides : 0.2g dont sucres 0.2g<\/p>\n<p>Prot\u00e9ines : 22.3g<\/p>\n<p>Sel : 1.8g<\/p>\n<p>&nbsp;<\/p>\n","protected":false},"featured_media":10601,"comment_status":"closed","ping_status":"closed","template":"","meta":{"spay_email":"","jetpack_publicize_message":"","jetpack_is_tweetstorm":false},"jetpack_publicize_connections":[],"jetpack_sharing_enabled":true,"jetpack-related-posts":[{"id":5685,"url":"https:\/\/www.passionfruits.fr\/index.php\/produit\/petit-basque-env-650-grs\/","url_meta":{"origin":5991,"position":0},"title":"Petit basque entier environ 650g","date":"7 d\u00e9cembre 2015","format":false,"excerpt":"Sa p\u00e2te est fondante et son go\u00fbt subtilement fruit\u00e9. Il se marie tr\u00e8s bien avec de la confiture de cerise noire. Ingr\u00e9dients : lait de brebis pasteuris\u00e9 (origine UE), sel, coagulant, chlorure de calcium, ferments lactiques (lait), colorants de la cro\u00fbte E150c E160b, conservateur E235 Valeurs nutritionnelles moyennes pour 100g\u2026","rel":"","context":"Article similaire","img":{"alt_text":"","src":"https:\/\/i2.wp.com\/www.passionfruits.fr\/wp-content\/uploads\/2015\/12\/petitbasque.jpg?fit=300%2C299&ssl=1&resize=350%2C200","width":350,"height":200},"classes":[]},{"id":5951,"url":"https:\/\/www.passionfruits.fr\/index.php\/produit\/cigarette-chocolat\/","url_meta":{"origin":5991,"position":1},"title":"Cigarette au chocolat la boite 400g","date":"7 d\u00e9cembre 2015","format":false,"excerpt":"Cigarettes Fourr\u00e9es au Chocolat et aux Noisettes. Marque : Bolero. Conditionnement : Boite 400g. Ingr\u00e9dients : sucre, farine de bl\u00e9, huile de palme, poudre de lactos\u00e9rum, amidon de ma\u00efs, poudre de cacao d\u00e9graiss\u00e9(3.7%), lait \u00e9cr\u00e9m\u00e9 en poudre, noisettes (1.2%), \u00e9mulsifiant : l\u00e9cithine de soja, colorant : couleur caramel, sirop de\u2026","rel":"","context":"Article similaire","img":{"alt_text":"","src":"https:\/\/i2.wp.com\/www.passionfruits.fr\/wp-content\/uploads\/2015\/12\/Cigarette-chocolat.jpg?fit=600%2C600&ssl=1&resize=350%2C200","width":350,"height":200},"classes":[]},{"id":5953,"url":"https:\/\/www.passionfruits.fr\/index.php\/produit\/pain-depices-le-paquet\/","url_meta":{"origin":5991,"position":2},"title":"Pain d'\u00e9pices au miel le paquet 500g","date":"7 d\u00e9cembre 2015","format":false,"excerpt":"Pain d\u2019\u00e9pices au miel avec perle de sucre paquet de 500 grs. Go\u00fbtez ce pain d\u2019\u00e9pices et vous retrouverez les saveurs de votre enfance. Ingr\u00e9dients : sirop de glucose-fructose, farine de seigle, miel (15%), sucre perl\u00e9 11%, poudres \u00e0 lever (carbonate acide de sodium, disphosphate disodique), \u00e9pices et ar\u00f4mes. Peut\u2026","rel":"","context":"Article similaire","img":{"alt_text":"","src":"https:\/\/i1.wp.com\/www.passionfruits.fr\/wp-content\/uploads\/2015\/12\/Pain_Epices.jpg?fit=600%2C600&ssl=1&resize=350%2C200","width":350,"height":200},"classes":[]},{"id":5344,"url":"https:\/\/www.passionfruits.fr\/index.php\/produit\/datte-branche-les-500-grs\/","url_meta":{"origin":5991,"position":3},"title":"Datte branchette Algerie Cat 1 les 250g","date":"7 d\u00e9cembre 2015","format":false,"excerpt":"Datte branchette Valeurs nutritionnelles moyennes pour 100g Energie : 1252kj\/296 kcal Mati\u00e8res grasses : 0.2g dont acides gras satur\u00e9s : 0.1g Glucides : 67.4g dont sucres : 55.9g Fibres : 7.3g Prot\u00e9ines : 2.4g Sel\u00a0 : 0g \u00a0","rel":"","context":"Article similaire","img":{"alt_text":"","src":"https:\/\/i2.wp.com\/www.passionfruits.fr\/wp-content\/uploads\/2015\/12\/datte-seche.jpg?fit=300%2C300&ssl=1&resize=350%2C200","width":350,"height":200},"classes":[]},{"id":11712,"url":"https:\/\/www.passionfruits.fr\/index.php\/produit\/cornichon-extra-fins-le-pot-de-350-grs\/","url_meta":{"origin":5991,"position":4},"title":"Cornichon Extra fins le pot de 350 grs","date":"14 f\u00e9vrier 2018","format":false,"excerpt":"Ingr\u00e9dients : Cornichons origine Inde 97%, vinaigre d'alcool d'origine agricole, sel, aromates (oignons, graines de moutarde, coriandre, estragon) contient des sulfites. Sans OGM, sans ingr\u00e9dients ionis\u00e9s. Produit pasteuris\u00e9. Valeurs nutritionnelles moyennes pour 100g Energie : 71kj\/17kcal Mati\u00e8res grasses : 0.2g dont acides gras satur\u00e9s <0.1g Glucides 2.8g dont sucres 0.6g\u2026","rel":"","context":"Article similaire","img":{"alt_text":"","src":"https:\/\/i2.wp.com\/www.passionfruits.fr\/wp-content\/uploads\/2018\/02\/cornichons.jpg?fit=600%2C600&ssl=1&resize=350%2C200","width":350,"height":200},"classes":[]},{"id":18130,"url":"https:\/\/www.passionfruits.fr\/index.php\/produit\/girolles-sechees-30grs\/","url_meta":{"origin":5991,"position":5},"title":"Girolles s\u00e9ch\u00e9es 30grs","date":"22 juin 2021","format":false,"excerpt":"Pr\u00e9paration: R\u00e9hydrater 30mm dans l\u2019eau bouillante. Cuire comme des champignons frais. Ingr\u00e9dients : Girolles s\u00e9ch\u00e9es Sans OGM, sans ingr\u00e9dients ionis\u00e9s, sans allerg\u00e8nes. Valeurs nutritionnelles moyennes pour 100grs : -Energie: 1111kj\/267 kcal -Mati\u00e8res grasses 5g dont acides gras satur\u00e9s 1g -Glucides 17.6g dont sucres 11g , prot\u00e9ines 19g , fibres 38g\u2026","rel":"","context":"Article similaire","img":{"alt_text":"","src":"https:\/\/i1.wp.com\/www.passionfruits.fr\/wp-content\/uploads\/2021\/06\/champignons_s_ch_s_-_girolles_copier_copier_.jpg?fit=600%2C600&ssl=1&resize=350%2C200","width":350,"height":200},"classes":[]}],"_links":{"self":[{"href":"https:\/\/www.passionfruits.fr\/index.php\/wp-json\/wp\/v2\/product\/5991"}],"collection":[{"href":"https:\/\/www.passionfruits.fr\/index.php\/wp-json\/wp\/v2\/product"}],"about":[{"href":"https:\/\/www.passionfruits.fr\/index.php\/wp-json\/wp\/v2\/types\/product"}],"replies":[{"embeddable":true,"href":"https:\/\/www.passionfruits.fr\/index.php\/wp-json\/wp\/v2\/comments?post=5991"}],"wp:featuredmedia":[{"embeddable":true,"href":"https:\/\/www.passionfruits.fr\/index.php\/wp-json\/wp\/v2\/media\/10601"}],"wp:attachment":[{"href":"https:\/\/www.passionfruits.fr\/index.php\/wp-json\/wp\/v2\/media?parent=5991"}],"curies":[{"name":"wp","href":"https:\/\/api.w.org\/{rel}","templated":true}]}}