{"id":6121,"date":"2015-12-07T11:37:43","date_gmt":"2015-12-07T10:37:43","guid":{"rendered":"http:\/\/www.andreclaude.fr\/web\/index.php\/produit\/bocaux-lentilles\/"},"modified":"2018-09-05T09:08:18","modified_gmt":"2018-09-05T08:08:18","slug":"bocaux-lentilles","status":"publish","type":"product","link":"https:\/\/www.passionfruits.fr\/index.php\/produit\/bocaux-lentilles\/","title":{"rendered":"Bocaux lentilles le bocal de 660g"},"content":{"rendered":"","protected":false},"excerpt":{"rendered":"<p>Contenance : 72 cl<br \/>\nPoids net : 660 g<br \/>\nPoids net \u00e9goutt\u00e9 : 0 g<\/p>\n<p>CARACTERISTIQUES PRODUIT<br \/>\nIngr\u00e9dients : Eau, lentilles s\u00e8ches tremp\u00e9es 47%, graisse d&#8217;oie 3%, sel, double concentr\u00e9 de tomates, ar\u00f4mes (bl\u00e9, soja,c\u00e9leri) sirop de glucose, huile de tournesol, sucre, oignon,<br \/>\ngraisse de boeuf, herbes aromatiques, \u00e9pices, acidifiant : acide citrique (ou E330).<\/p>\n<p>Allerg\u00e8nes : GLUTEN, SOJA, CELERI<br \/>\nTraces d&#8217;allerg\u00e8nes possibles :<br \/>\nAllerg\u00e8nes pr\u00e9sents dans l&#8217;atelier :<br \/>\nValeurs nutritionnelles pour 100 g de produit \u00e9goutt\u00e9:<\/p>\n<p>Energie 434 kJ \/ 104 kcal<br \/>\nMati\u00e8res grasses 3,6 g<br \/>\ndont acides gras satur\u00e9s 1,1 g<br \/>\nGlucides 10,3 g<br \/>\nDont Sucres 0,7 g<br \/>\nFibres alimentaires 3,6 g<br \/>\nProt\u00e9ines 5,7 g<br \/>\nSel 0,71 g<\/p>\n<p>Mode d&#8217;emploi :<br \/>\nRecommandations :<br \/>\nContre indications :<br \/>\nStockage avant emploi : A conserver \u00e0 temp\u00e9rature<br \/>\nambiante, de pr\u00e9f\u00e9rence dans un endroit frais et sec et \u00e0<br \/>\nl&#8217;abri de la lumi\u00e8re.<br \/>\nStockage apr\u00e8s ouverture : A conserver au<br \/>\nr\u00e9fr\u00e9girateur \u00e0 4\u00b0C maximum dans un r\u00e9cipient<br \/>\nalimentaire propre et ferm\u00e9, et \u00e0 consommer sous 48h.<\/p>\n<p>DLUO \u00e0 fabrication : 1440 jour(s)<br \/>\nDLUO garantie : 360 jour(s)<\/p>\n<p>Origine : FRANCE<br \/>\nLieu de fabrication : 59173 RENESCURE<\/p>\n","protected":false},"featured_media":7842,"comment_status":"closed","ping_status":"closed","template":"","meta":{"spay_email":"","jetpack_publicize_message":"","jetpack_is_tweetstorm":false},"jetpack_publicize_connections":[],"jetpack_sharing_enabled":true,"jetpack-related-posts":[{"id":5909,"url":"https:\/\/www.passionfruits.fr\/index.php\/produit\/sauce-tomate-grand-mere\/","url_meta":{"origin":6121,"position":0},"title":"Sauce Tomate Grand M\u00e8re le pot de 350g","date":"7 d\u00e9cembre 2015","format":false,"excerpt":"Id\u00e9ale pour accompagner vos plats de p\u00e2tes, de riz,poissons, ou encore pour vous assurer la r\u00e9ussite de vos sauces tomates ! \u00a0 CARACTERISTIQUES PRODUIT Ingr\u00e9dients : Tomates 90%, l\u00e9gumes en proportions variables 7% ( oignon, carotte, c\u00e9leri), huile de tournesol, sel, r\u00e9gulateur d'acidit\u00e9 : acide citrique. Allerg\u00e8nes : Traces d'allerg\u00e8nes\u2026","rel":"","context":"Article similaire","img":{"alt_text":"","src":"https:\/\/i2.wp.com\/www.passionfruits.fr\/wp-content\/uploads\/2015\/12\/sauce.jpg?fit=598%2C600&ssl=1&resize=350%2C200","width":350,"height":200},"classes":[]},{"id":5967,"url":"https:\/\/www.passionfruits.fr\/index.php\/produit\/bocaux-petit-poiscarotte\/","url_meta":{"origin":6121,"position":1},"title":"Bocaux petit pois\/carottes le bocal de 660g","date":"7 d\u00e9cembre 2015","format":false,"excerpt":"Contenance : 72 cl Poids net : 660 g Poids net \u00e9goutt\u00e9 : 420 g CARACTERISTIQUES PRODUIT Ingr\u00e9dients : L\u00e9gumes en proportion variable (petits pois, carottes), eau, sucre, sel, ar\u00f4me naturel. Allerg\u00e8nes : Traces d'allerg\u00e8nes possibles : Allerg\u00e8nes pr\u00e9sents dans l'atelier : Valeurs nutritionnelles pour 100 g de produit \u00e9goutt\u00e9\u2026","rel":"","context":"Article similaire","img":{"alt_text":"","src":"https:\/\/i0.wp.com\/www.passionfruits.fr\/wp-content\/uploads\/2015\/12\/petit-pois-1.jpg?fit=598%2C600&ssl=1&resize=350%2C200","width":350,"height":200},"classes":[]},{"id":5969,"url":"https:\/\/www.passionfruits.fr\/index.php\/produit\/bocaux-petit-pois\/","url_meta":{"origin":6121,"position":2},"title":"Bocaux petit pois le bocal de 660g","date":"7 d\u00e9cembre 2015","format":false,"excerpt":"Contenance : 72 cl Poids net : 660 g Poids net \u00e9goutt\u00e9 : 445 g CARACTERISTIQUES PRODUIT Ingr\u00e9dients : Petits pois 65%, eau, farniture 3.4% (salade, oignon), sucre, sel, ar\u00f4me naturel. Allerg\u00e8nes : Traces d'allerg\u00e8nes possibles : Allerg\u00e8nes pr\u00e9sents dans l'atelier : Valeurs nutritionnelles pour 100 g de produit \u00e9goutt\u00e9\u2026","rel":"","context":"Article similaire","img":{"alt_text":"","src":"https:\/\/i0.wp.com\/www.passionfruits.fr\/wp-content\/uploads\/2015\/12\/petit-poi.jpg?fit=600%2C600&ssl=1&resize=350%2C200","width":350,"height":200},"classes":[]},{"id":17730,"url":"https:\/\/www.passionfruits.fr\/index.php\/produit\/salsifis-le-bocal-de-660g\/","url_meta":{"origin":6121,"position":3},"title":"Salsifis le bocal de 660g","date":"19 mars 2021","format":false,"excerpt":"Poids net : 660 g Poids net \u00e9goutt\u00e9 : 395 g CARACTERISTIQUES PRODUIT Ingr\u00e9dients :\u00a0Salsifis, eau, sel,\u00a0Acidifiant : acide citrique (ou E330), Antioxydant : acide ascorbique (ou E300). Allerg\u00e8nes : Valeurs nutritionnelles pour 100 g de produit \u00e9goutt\u00e9 : Energie\u00a0133\u00a0kJ \/\u00a032kcal Mati\u00e8res grasses 0,5 g dont satur\u00e9s 0,1 g Glucides\u00a04.3\u00a0g\u2026","rel":"","context":"Article similaire","img":{"alt_text":"","src":"https:\/\/i2.wp.com\/www.passionfruits.fr\/wp-content\/uploads\/2021\/03\/Salsifi.jpg?fit=600%2C600&ssl=1&resize=350%2C200","width":350,"height":200},"classes":[]},{"id":6123,"url":"https:\/\/www.passionfruits.fr\/index.php\/produit\/bocaux-haricots-verts\/","url_meta":{"origin":6121,"position":4},"title":"Bocaux haricots verts extra fin le bocal de 660g","date":"7 d\u00e9cembre 2015","format":false,"excerpt":"Contenance : 72 cl Poids net : 660 g Poids net \u00e9goutt\u00e9 : 345 g CARACTERISTIQUES PRODUIT Ingr\u00e9dients : Haricots verts, eau, sel. Allerg\u00e8nes : Traces d'allerg\u00e8nes possibles : Allerg\u00e8nes pr\u00e9sents dans l'atelier : Valeurs nutritionnelles pour 100 g de produit \u00e9goutt\u00e9 Energie 106 kJ \/ 25 kcal Mati\u00e8res grasses\u2026","rel":"","context":"Article similaire","img":{"alt_text":"","src":"https:\/\/i1.wp.com\/www.passionfruits.fr\/wp-content\/uploads\/2015\/12\/haricot-vert-1.jpg?fit=594%2C600&ssl=1&resize=350%2C200","width":350,"height":200},"classes":[]},{"id":6125,"url":"https:\/\/www.passionfruits.fr\/index.php\/produit\/bocaux-haricots-blancs\/","url_meta":{"origin":6121,"position":5},"title":"Bocaux haricots blancs le bocal de 660g","date":"7 d\u00e9cembre 2015","format":false,"excerpt":"Contenance : 72 cl Poids net : 660 g Poids net \u00e9goutt\u00e9 : 395 g CARACTERISTIQUES PRODUIT Ingr\u00e9dients : Eau, haricots blancs secs tremp\u00e9s, sel, ar\u00f4mes naturels. Allerg\u00e8nes : Traces d'allerg\u00e8nes possibles : Allerg\u00e8nes pr\u00e9sents dans l'atelier : Valeurs nutritionnelles pour 100 g de produit \u00e9goutt\u00e9 Energie 413 kJ \/\u2026","rel":"","context":"Article similaire","img":{"alt_text":"","src":"https:\/\/i2.wp.com\/www.passionfruits.fr\/wp-content\/uploads\/2015\/12\/flalgeolet.jpg?fit=598%2C600&ssl=1&resize=350%2C200","width":350,"height":200},"classes":[]}],"_links":{"self":[{"href":"https:\/\/www.passionfruits.fr\/index.php\/wp-json\/wp\/v2\/product\/6121"}],"collection":[{"href":"https:\/\/www.passionfruits.fr\/index.php\/wp-json\/wp\/v2\/product"}],"about":[{"href":"https:\/\/www.passionfruits.fr\/index.php\/wp-json\/wp\/v2\/types\/product"}],"replies":[{"embeddable":true,"href":"https:\/\/www.passionfruits.fr\/index.php\/wp-json\/wp\/v2\/comments?post=6121"}],"wp:featuredmedia":[{"embeddable":true,"href":"https:\/\/www.passionfruits.fr\/index.php\/wp-json\/wp\/v2\/media\/7842"}],"wp:attachment":[{"href":"https:\/\/www.passionfruits.fr\/index.php\/wp-json\/wp\/v2\/media?parent=6121"}],"curies":[{"name":"wp","href":"https:\/\/api.w.org\/{rel}","templated":true}]}}