{"id":6157,"date":"2015-12-07T11:37:53","date_gmt":"2015-12-07T10:37:53","guid":{"rendered":"http:\/\/www.andreclaude.fr\/web\/index.php\/produit\/tapenade-sardinade-le-pot\/"},"modified":"2018-10-05T16:26:52","modified_gmt":"2018-10-05T15:26:52","slug":"tapenade-sardinade-le-pot","status":"publish","type":"product","link":"https:\/\/www.passionfruits.fr\/index.php\/produit\/tapenade-sardinade-le-pot\/","title":{"rendered":"Tapenade &#8211; Sardinade verrine 90g"},"content":{"rendered":"<p>Distribu\u00e9 par<\/p>\n<p>DISTRAZUR<\/p>\n<p><span class=\"LrzXr\">ZI des plaines,<\/span><\/p>\n<p><span class=\"LrzXr\"> 80 chemins des buis,<\/span><\/p>\n<p><span class=\"LrzXr\"> 26780 Malataverne<\/span><\/p>\n","protected":false},"excerpt":{"rendered":"<p>Souvenir d&#8217;enfance, la Sardinade et ses saveurs&#8230;Sur une bonne tartine de pain , le tout saupoudr\u00e9 de piment d&#8217;Espelette. Pr\u00eate \u00e0 \u00eatre d\u00e9gust\u00e9e !<\/p>\n<p>Ingr\u00e9dients : <strong>sardines<\/strong> 31%, olives vertes,poivrons rouges, huile de tournesol, tomates s\u00e9ch\u00e9es 9%, c\u00e2pres, tomates pel\u00e9es, persil, ail, huile d&#8217;olive, jus de citron, concentr\u00e9, sel amidon transform\u00e9, \u00e9paississants : farine de guar et xanthane, poivre, piment d&#8217;Espelette AOC 0.1%.<\/p>\n<p>Sans conservateur, sans OGM<\/p>\n<p>Valeurs nutritionnelles moyennes pour 100 g<\/p>\n<p>Energie : 1229kj\/279kcal<\/p>\n<p>Mati\u00e8res grasses : 26 g dont acides gras satur\u00e9s : 3.2g<\/p>\n<p>Glucides : 6.8g dont sucres 3.3g<\/p>\n<p>Prot\u00e9ines : 7.3g<\/p>\n<p>Sel : 2.7g<\/p>\n<p>&nbsp;<\/p>\n","protected":false},"featured_media":7526,"comment_status":"closed","ping_status":"closed","template":"","meta":{"spay_email":"","jetpack_publicize_message":"","jetpack_is_tweetstorm":false},"jetpack_publicize_connections":[],"jetpack_sharing_enabled":true,"jetpack-related-posts":[{"id":6158,"url":"https:\/\/www.passionfruits.fr\/index.php\/produit\/tapenade-thoionade-le-pot\/","url_meta":{"origin":6157,"position":0},"title":"Tapenade - Tho\u00efonade verrine 90g","date":"7 d\u00e9cembre 2015","format":false,"excerpt":"Subtile recette au thon associ\u00e9 au piment d'Espelette et aux tomates s\u00e9ch\u00e9es. Une recette simple et authentique. Ingr\u00e9dients : thon 28%, olives vertes,poivrons rouges, huile de tournesol, tomates s\u00e9ch\u00e9es 8%, cornichons, tomates pel\u00e9es, persil, ail, huile d'olive, jus de citron, concentr\u00e9, sel\u00a0 \u00e9paississants :amidon transform\u00e9, farine de guar ,et xanthane,\u2026","rel":"","context":"Article similaire","img":{"alt_text":"","src":"https:\/\/i2.wp.com\/www.passionfruits.fr\/wp-content\/uploads\/2015\/12\/thoionade.jpg?fit=458%2C458&ssl=1&resize=350%2C200","width":350,"height":200},"classes":[]},{"id":10827,"url":"https:\/\/www.passionfruits.fr\/index.php\/produit\/chips-de-beauce-au-piment-d-espelette\/","url_meta":{"origin":6157,"position":1},"title":"Chips de Beauce au piment d' Espelette paquet 150g","date":"7 juillet 2017","format":false,"excerpt":"Belsia, c'est l'histoire de Cl\u00e9mence et Matthieu qui, par amour du bon et du terroir, d\u00e9cident de transformer les belles pommes de terre de l'exploitation familiale de Mathieu en chips. Ni une ni deux, la ferme de L\u00e9tourville au milieu de la plaine de Beauce (\"Belsia\" en latin), se voit\u2026","rel":"","context":"Article similaire","img":{"alt_text":"","src":"https:\/\/i0.wp.com\/www.passionfruits.fr\/wp-content\/uploads\/2017\/07\/Chips-piment.jpg?fit=600%2C600&ssl=1&resize=350%2C200","width":350,"height":200},"classes":[]},{"id":5996,"url":"https:\/\/www.passionfruits.fr\/index.php\/produit\/piment-espelette-poudre-le-pot\/","url_meta":{"origin":6157,"position":2},"title":"(A)  Piment d'espelette poudre le pot","date":"7 d\u00e9cembre 2015","format":false,"excerpt":"La poudre de piment d'Espelette A.O.P de l'Atelier du Piment a \u00e9t\u00e9 m\u00e9daill\u00e9e d'OR aux concours g\u00e9n\u00e9ral agricole de Paris 2012 (Salon de l'agriculture).Pot 50 g.La poudre de piment d'Espelette A.O.P parfume et rel\u00e8ve d\u00e9licatement tous vos plats, v\u00e9ritable ingr\u00e9dient incontournable de la cuisine basque. Ingr\u00e9dients : poudre piment d'Espelette\u2026","rel":"","context":"Article similaire","img":{"alt_text":"","src":"https:\/\/i2.wp.com\/www.passionfruits.fr\/wp-content\/uploads\/2015\/12\/poudre-de-piment-d-espelette.jpg?fit=600%2C600&ssl=1&resize=350%2C200","width":350,"height":200},"classes":[]},{"id":7886,"url":"https:\/\/www.passionfruits.fr\/index.php\/produit\/vinaigrette-au-piment-despelette-la-bouteille-de-500ml\/","url_meta":{"origin":6157,"position":3},"title":"Vinaigrette au piment d'espelette bouteille 500ml","date":"29 janvier 2016","format":false,"excerpt":"Sauce vinaigrette Jean d\u2019Audignac. Excellente vinaigrette pour assaisonner les salades et crudit\u00e9s. Ingr\u00e9dients : huile de tournesol 50%, vinaigre de vin de Bordeaux* 32.5% (dont conservateur E228* et stabilisant E414) eau, moutarde de Dijon (graines de moutarde, vinaigre d'alcool eau, sel), sel, piment d'Espelette 0.75%. * Contient des sulfites. Valeurs\u2026","rel":"","context":"Article similaire","img":{"alt_text":"","src":"https:\/\/i0.wp.com\/www.passionfruits.fr\/wp-content\/uploads\/2016\/01\/Vinaigrette-espelette.jpg?fit=598%2C600&ssl=1&resize=350%2C200","width":350,"height":200},"classes":[]},{"id":6162,"url":"https:\/\/www.passionfruits.fr\/index.php\/produit\/tapenade-tomates-sechees-le-pot\/","url_meta":{"origin":6157,"position":4},"title":"Tapenade - Tomates s\u00e9ch\u00e9es verrine 90g","date":"7 d\u00e9cembre 2015","format":false,"excerpt":"Le D\u00e9lice de tomates s\u00e9ch\u00e9es est caract\u00e9ris\u00e9\u00a0par une robe sombre et un moelleux flatteur en bouche. Ingr\u00e9dients : tomates s\u00e9ch\u00e9es 45%, huile de tournesol, tomates pel\u00e9es, huile d'olive, eau, ail, mozzarella, poivre. Sans conservateur, sans OGM Valeurs nutritionnelles moyennes pour 100 g Energie : 2015kj\/487kcal Mati\u00e8res grasses : 43.2 g\u2026","rel":"","context":"Article similaire","img":{"alt_text":"","src":"https:\/\/i1.wp.com\/www.passionfruits.fr\/wp-content\/uploads\/2015\/12\/delice-de-tomates-sechees.jpg?fit=458%2C458&ssl=1&resize=350%2C200","width":350,"height":200},"classes":[]},{"id":10544,"url":"https:\/\/www.passionfruits.fr\/index.php\/produit\/tomme-au-piment-d-espelette-les-100-grs\/","url_meta":{"origin":6157,"position":5},"title":"Tomme de brebis au piment d' espelette part env. 200g","date":"8 mai 2017","format":false,"excerpt":"Cette p\u00e2te press\u00e9e non cuite a plus d'un tour dans son sac ! Sa couleur est ivoire et sa texture se rapproche d'un Saint-Nectaire. Comme le Morbier, la Tomme au Piment d'Espelette est travers\u00e9e dans le sens de la longueur par un trait de \u0085 graines de piment d'Espelette. Pas\u2026","rel":"","context":"Article similaire","img":{"alt_text":"","src":"https:\/\/i2.wp.com\/www.passionfruits.fr\/wp-content\/uploads\/2017\/05\/tomme-au-piment-d-espelette.jpg?fit=600%2C595&ssl=1&resize=350%2C200","width":350,"height":200},"classes":[]}],"_links":{"self":[{"href":"https:\/\/www.passionfruits.fr\/index.php\/wp-json\/wp\/v2\/product\/6157"}],"collection":[{"href":"https:\/\/www.passionfruits.fr\/index.php\/wp-json\/wp\/v2\/product"}],"about":[{"href":"https:\/\/www.passionfruits.fr\/index.php\/wp-json\/wp\/v2\/types\/product"}],"replies":[{"embeddable":true,"href":"https:\/\/www.passionfruits.fr\/index.php\/wp-json\/wp\/v2\/comments?post=6157"}],"wp:featuredmedia":[{"embeddable":true,"href":"https:\/\/www.passionfruits.fr\/index.php\/wp-json\/wp\/v2\/media\/7526"}],"wp:attachment":[{"href":"https:\/\/www.passionfruits.fr\/index.php\/wp-json\/wp\/v2\/media?parent=6157"}],"curies":[{"name":"wp","href":"https:\/\/api.w.org\/{rel}","templated":true}]}}