{"id":6237,"date":"2015-12-07T11:38:31","date_gmt":"2015-12-07T10:38:31","guid":{"rendered":"http:\/\/www.andreclaude.fr\/web\/index.php\/produit\/bocal-champignons-garniture-forestiere\/"},"modified":"2018-10-04T17:11:00","modified_gmt":"2018-10-04T16:11:00","slug":"bocal-champignons-garniture-forestiere","status":"publish","type":"product","link":"https:\/\/www.passionfruits.fr\/index.php\/produit\/bocal-champignons-garniture-forestiere\/","title":{"rendered":"Garniture foresti\u00e8re le bocal 330g"},"content":{"rendered":"<p>Les saveurs du Clavon<\/p>\n","protected":false},"excerpt":{"rendered":"<p>Un m\u00e9lange forestier compos\u00e9 de Bolets jaunes, Lactaires, Pleurotes, Foliotes.<\/p>\n","protected":false},"featured_media":7845,"comment_status":"closed","ping_status":"closed","template":"","meta":{"spay_email":"","jetpack_publicize_message":"","jetpack_is_tweetstorm":false},"jetpack_publicize_connections":[],"jetpack_sharing_enabled":true,"jetpack-related-posts":[{"id":11713,"url":"https:\/\/www.passionfruits.fr\/index.php\/produit\/mayonnaise-le-pot-185-grs\/","url_meta":{"origin":6237,"position":0},"title":"Mayonnaise le pot 180 grs","date":"14 f\u00e9vrier 2018","format":false,"excerpt":"Mayonnaise Nature \"Les Saveurs du Clavon\" bocal 185 gr Ingr\u00e9dients : Huile de tournesol 70%, eau, jaune d'oeuf, moutarde de Dijon (eau, graines de moutarde, vinaigre, sel, conservateur : bisulfite de sodium), vinaigre, sel, sucre, ar\u00f4me, colorants : lut\u00e9ine et extrait de paprika, \u00e9paississants : gomme de xanthane et farine\u2026","rel":"","context":"Article similaire","img":{"alt_text":"","src":"https:\/\/i2.wp.com\/www.passionfruits.fr\/wp-content\/uploads\/2018\/02\/mayonnaise.jpg?fit=600%2C600&ssl=1&resize=350%2C200","width":350,"height":200},"classes":[]},{"id":5026,"url":"https:\/\/www.passionfruits.fr\/index.php\/produit\/oignon-grelot-les-500-grs\/","url_meta":{"origin":6237,"position":1},"title":"Oignon grelot jaune  Pays-Bas  Cat 1 les 250g","date":"7 d\u00e9cembre 2015","format":false,"excerpt":"Les oignons grelots sont de tous petits oignons blancs ou jaunes et s\u00e9ch\u00e9s, \u00e0 la saveur tr\u00e8s douce. Ils se pr\u00e9parent en garniture de r\u00f4tis ou de plats mijot\u00e9s mais ils s'emploient aussi comme condiments.","rel":"","context":"Article similaire","img":{"alt_text":"","src":"https:\/\/i2.wp.com\/www.passionfruits.fr\/wp-content\/uploads\/2015\/12\/oignon-grelot01.jpg?fit=600%2C600&ssl=1&resize=350%2C200","width":350,"height":200},"classes":[]},{"id":4992,"url":"https:\/\/www.passionfruits.fr\/index.php\/produit\/oignon-jaune-les-500-grs\/","url_meta":{"origin":6237,"position":2},"title":"Oignon jaune France  Cat 1 les 500g","date":"7 d\u00e9cembre 2015","format":false,"excerpt":"Origine : Eure et Loir. L\u2019oignon jaune est l\u2019oignon le plus utilis\u00e9 en cuisine. Il a une odeur assez forte et un go\u00fbt tr\u00e8s prononc\u00e9. D\u2019ailleurs il n\u2019est pas tr\u00e8s bon cru, \u00e0 moins de bien le m\u00e9langer \u00e0 d\u2019autres ingr\u00e9dients. Il est parfait pour les cuissons car il donne\u2026","rel":"","context":"Article similaire","img":{"alt_text":"","src":"https:\/\/i0.wp.com\/www.passionfruits.fr\/wp-content\/uploads\/2015\/12\/oignon3.jpg?fit=599%2C597&ssl=1&resize=350%2C200","width":350,"height":200},"classes":[]},{"id":5933,"url":"https:\/\/www.passionfruits.fr\/index.php\/produit\/capres-le-bocal\/","url_meta":{"origin":6237,"position":3},"title":"C\u00e2pres au vinaigre le bocal de 100g","date":"7 d\u00e9cembre 2015","format":false,"excerpt":"Les c\u00e2pres sont class\u00e9es en fonctions de leur taille. Plus elle est petite, plus sa saveur est d\u00e9licate et son ar\u00f4me prononc\u00e9. Les plus petites sont les \u00ab non pareilles \u00bb . Les \u00ab non pareilles \u00bb sont consid\u00e9r\u00e9es comme \u00e9tant les meilleures. Leur saveur aigrelette se marie \u00e0 merveille\u2026","rel":"","context":"Article similaire","img":{"alt_text":"","src":"https:\/\/i1.wp.com\/www.passionfruits.fr\/wp-content\/uploads\/2015\/12\/capre2.jpg?fit=596%2C600&ssl=1&resize=350%2C200","width":350,"height":200},"classes":[]},{"id":18315,"url":"https:\/\/www.passionfruits.fr\/index.php\/produit\/tortellinis-aux-legumes-grilles-barquettes-250-gr\/","url_meta":{"origin":6237,"position":4},"title":"TORTELLINIS AUX LEGUMES GRILLES Barquettes 250 Gr","date":"16 septembre 2021","format":false,"excerpt":".Ingr\u00e9dients : Ingr\u00e9dients de la p\u00e2te : farine de bl\u00e9 tendre, semoule de bl\u00e9 dur, \u0153ufs (11,2% sur le produit fini), eau. Ingr\u00e9dients de la garniture : Ricotta (lactos\u00e9rum, cr\u00e8me de lait), chapelure (farine de bl\u00e9 tendre, eau, sel), huile de graines de tournesol, lactos\u00e9rum, flocons de pomme de terre,\u2026","rel":"","context":"Article similaire","img":{"alt_text":"","src":"https:\/\/i1.wp.com\/www.passionfruits.fr\/wp-content\/uploads\/2021\/09\/tore4_1_1_1.jpg?fit=600%2C600&ssl=1&resize=350%2C200","width":350,"height":200},"classes":[]},{"id":6380,"url":"https:\/\/www.passionfruits.fr\/index.php\/produit\/oignon-les-10-kgs\/","url_meta":{"origin":6237,"position":5},"title":"Oignon jaune France  Cat 1 les 5 kgs","date":"7 d\u00e9cembre 2015","format":false,"excerpt":"Origine : Eure et Loir. L\u2019oignon jaune est l\u2019oignon le plus utilis\u00e9 en cuisine. Il a une odeur assez forte et un go\u00fbt tr\u00e8s prononc\u00e9. D\u2019ailleurs il n\u2019est pas tr\u00e8s bon cru, \u00e0 moins de bien le m\u00e9langer \u00e0 d\u2019autres ingr\u00e9dients. Il est parfait pour les cuissons car il donne\u2026","rel":"","context":"Article similaire","img":{"alt_text":"","src":"https:\/\/i0.wp.com\/www.passionfruits.fr\/wp-content\/uploads\/2015\/12\/oignon3.jpg?fit=599%2C597&ssl=1&resize=350%2C200","width":350,"height":200},"classes":[]}],"_links":{"self":[{"href":"https:\/\/www.passionfruits.fr\/index.php\/wp-json\/wp\/v2\/product\/6237"}],"collection":[{"href":"https:\/\/www.passionfruits.fr\/index.php\/wp-json\/wp\/v2\/product"}],"about":[{"href":"https:\/\/www.passionfruits.fr\/index.php\/wp-json\/wp\/v2\/types\/product"}],"replies":[{"embeddable":true,"href":"https:\/\/www.passionfruits.fr\/index.php\/wp-json\/wp\/v2\/comments?post=6237"}],"wp:featuredmedia":[{"embeddable":true,"href":"https:\/\/www.passionfruits.fr\/index.php\/wp-json\/wp\/v2\/media\/7845"}],"wp:attachment":[{"href":"https:\/\/www.passionfruits.fr\/index.php\/wp-json\/wp\/v2\/media?parent=6237"}],"curies":[{"name":"wp","href":"https:\/\/api.w.org\/{rel}","templated":true}]}}