{"id":6339,"date":"2015-12-07T11:40:40","date_gmt":"2015-12-07T10:40:40","guid":{"rendered":"http:\/\/www.andreclaude.fr\/web\/index.php\/produit\/olive-ail-et-persil-barq-env-350-grs\/"},"modified":"2025-02-11T09:14:33","modified_gmt":"2025-02-11T08:14:33","slug":"olive-ail-et-persil-barq-env-350-grs","status":"publish","type":"product","link":"https:\/\/www.passionfruits.fr\/index.php\/produit\/olive-ail-et-persil-barq-env-350-grs\/","title":{"rendered":"Olive Ail et persil Barq. env. 350 grs"},"content":{"rendered":"<p>Olive, ail et persil.<\/p>\n","protected":false},"excerpt":{"rendered":"<p>Olive, ail et persil.<\/p>\n<p>Conditionn\u00e9 en barquette refermable \u00e0 volont\u00e9 pour garder toute sa saveur.<\/p>\n","protected":false},"featured_media":6340,"comment_status":"closed","ping_status":"closed","template":"","meta":{"spay_email":"","jetpack_publicize_message":"","jetpack_is_tweetstorm":false},"jetpack_publicize_connections":[],"jetpack_sharing_enabled":true,"jetpack-related-posts":[{"id":6157,"url":"https:\/\/www.passionfruits.fr\/index.php\/produit\/tapenade-sardinade-le-pot\/","url_meta":{"origin":6339,"position":0},"title":"Tapenade - Sardinade verrine 90g","date":"7 d\u00e9cembre 2015","format":false,"excerpt":"Souvenir d'enfance, la Sardinade et ses saveurs...Sur une bonne tartine de pain , le tout saupoudr\u00e9 de piment d'Espelette. Pr\u00eate \u00e0 \u00eatre d\u00e9gust\u00e9e ! Ingr\u00e9dients : sardines 31%, olives vertes,poivrons rouges, huile de tournesol, tomates s\u00e9ch\u00e9es 9%, c\u00e2pres, tomates pel\u00e9es, persil, ail, huile d'olive, jus de citron, concentr\u00e9, sel amidon\u2026","rel":"","context":"Article similaire","img":{"alt_text":"","src":"https:\/\/i2.wp.com\/www.passionfruits.fr\/wp-content\/uploads\/2015\/12\/sardinade.jpg?fit=458%2C458&ssl=1&resize=350%2C200","width":350,"height":200},"classes":[]},{"id":6158,"url":"https:\/\/www.passionfruits.fr\/index.php\/produit\/tapenade-thoionade-le-pot\/","url_meta":{"origin":6339,"position":1},"title":"Tapenade - Tho\u00efonade verrine 90g","date":"7 d\u00e9cembre 2015","format":false,"excerpt":"Subtile recette au thon associ\u00e9 au piment d'Espelette et aux tomates s\u00e9ch\u00e9es. Une recette simple et authentique. Ingr\u00e9dients : thon 28%, olives vertes,poivrons rouges, huile de tournesol, tomates s\u00e9ch\u00e9es 8%, cornichons, tomates pel\u00e9es, persil, ail, huile d'olive, jus de citron, concentr\u00e9, sel\u00a0 \u00e9paississants :amidon transform\u00e9, farine de guar ,et xanthane,\u2026","rel":"","context":"Article similaire","img":{"alt_text":"","src":"https:\/\/i2.wp.com\/www.passionfruits.fr\/wp-content\/uploads\/2015\/12\/thoionade.jpg?fit=458%2C458&ssl=1&resize=350%2C200","width":350,"height":200},"classes":[]},{"id":18323,"url":"https:\/\/www.passionfruits.fr\/index.php\/produit\/croutons-ail-et-basilic-sachet-de-150-gr\/","url_meta":{"origin":6339,"position":2},"title":"Croutons ail et basilic sachet de 150 Gr","date":"16 septembre 2021","format":false,"excerpt":"Ingr\u00e9dients: farine de bl\u00e9, huile d'olive extra vierge 5%, huile d'olive 5%, sel iod\u00e9, arome naturel, ail 1%, basilic 1%,levure,gluten de bl\u00e9, farine de bl\u00e9 malt\u00e9e, malt d 'orge grill\u00e9 .Peut contenir des traces de soja et de lait. Valeurs nutritionnelles moyennes pour 100grs \u00e9nergies 1885kj_447kcal Mati\u00e8res grasses 11,9g dont\u2026","rel":"","context":"Article similaire","img":{"alt_text":"","src":"https:\/\/i1.wp.com\/www.passionfruits.fr\/wp-content\/uploads\/2021\/09\/croutons_-_sc_ail_et_basilic_-_img_4783_copier_copier_.jpg?fit=600%2C600&ssl=1&resize=350%2C200","width":350,"height":200},"classes":[]},{"id":6014,"url":"https:\/\/www.passionfruits.fr\/index.php\/produit\/pain-a-lail\/","url_meta":{"origin":6339,"position":3},"title":"Pain grill\u00e9 \u00e0 l'ail et au persil sachet 150g","date":"7 d\u00e9cembre 2015","format":false,"excerpt":"Id\u00e9al pour tartiner vos tapenades \u00e0 l' ap\u00e9ritif. Ingr\u00e9dients : farine de bl\u00e9, assaisonnement (huile de tournesol raffin\u00e9e (22%), \u00e0 l'ail (0.1%) et sel) huile de tournesol raffin\u00e9e (8%), levure, sel, persil (0.4%), am\u00e9liorant de panification (farine de bl\u00e9, antiagglom\u00e9rant E170i, \u00e9mulsifiant E472e, antioxydant E300 et enzymes) et sucre. Contient\u2026","rel":"","context":"Article similaire","img":{"alt_text":"","src":"https:\/\/i0.wp.com\/www.passionfruits.fr\/wp-content\/uploads\/2015\/12\/pain-a-l-ail.jpg?fit=460%2C460&ssl=1&resize=350%2C200","width":350,"height":200},"classes":[]},{"id":6436,"url":"https:\/\/www.passionfruits.fr\/index.php\/produit\/a-gousses-dail-marinees-bocal-314-ml\/","url_meta":{"origin":6339,"position":4},"title":"Gousses d'Ail Marin\u00e9es bocal 314 Ml","date":"7 d\u00e9cembre 2015","format":false,"excerpt":"Gousses d'ail marin\u00e9es aux herbes, a manger comme des olives.","rel":"","context":"Article similaire","img":{"alt_text":"","src":"https:\/\/i1.wp.com\/www.passionfruits.fr\/wp-content\/uploads\/2015\/12\/gousses_d_ail.jpg?fit=480%2C480&ssl=1&resize=350%2C200","width":350,"height":200},"classes":[]},{"id":6159,"url":"https:\/\/www.passionfruits.fr\/index.php\/produit\/tapenade-tapenade-noire-le-pot\/","url_meta":{"origin":6339,"position":5},"title":"Tapenade - Tapenade noire verrine 90g","date":"7 d\u00e9cembre 2015","format":false,"excerpt":"La recette traditionnelle de la Tapenade noire, elle est le produit incontournable sur vos toasts, ou en cuisine ! Ingr\u00e9dients : olives noires 82%, c\u00e2pres 6%, huile d'olive, p\u00e2te d'anchois (anchois sal\u00e9s 82%, huile d'olive, vinaigre de vin, sel, poivre, girofle), vinaigre de vin, ail, poivre Sans conservateur, sans OGM\u2026","rel":"","context":"Article similaire","img":{"alt_text":"","src":"https:\/\/i2.wp.com\/www.passionfruits.fr\/wp-content\/uploads\/2015\/12\/tapenade-noire-aux-olives-de-pays.jpg?fit=458%2C458&ssl=1&resize=350%2C200","width":350,"height":200},"classes":[]}],"_links":{"self":[{"href":"https:\/\/www.passionfruits.fr\/index.php\/wp-json\/wp\/v2\/product\/6339"}],"collection":[{"href":"https:\/\/www.passionfruits.fr\/index.php\/wp-json\/wp\/v2\/product"}],"about":[{"href":"https:\/\/www.passionfruits.fr\/index.php\/wp-json\/wp\/v2\/types\/product"}],"replies":[{"embeddable":true,"href":"https:\/\/www.passionfruits.fr\/index.php\/wp-json\/wp\/v2\/comments?post=6339"}],"wp:featuredmedia":[{"embeddable":true,"href":"https:\/\/www.passionfruits.fr\/index.php\/wp-json\/wp\/v2\/media\/6340"}],"wp:attachment":[{"href":"https:\/\/www.passionfruits.fr\/index.php\/wp-json\/wp\/v2\/media?parent=6339"}],"curies":[{"name":"wp","href":"https:\/\/api.w.org\/{rel}","templated":true}]}}