{"id":6474,"date":"2015-12-07T11:42:57","date_gmt":"2015-12-07T10:42:57","guid":{"rendered":"http:\/\/www.andreclaude.fr\/web\/index.php\/produit\/filet-danchois-le-bocal\/"},"modified":"2020-11-13T07:37:38","modified_gmt":"2020-11-13T06:37:38","slug":"filet-danchois-le-bocal","status":"publish","type":"product","link":"https:\/\/www.passionfruits.fr\/index.php\/produit\/filet-danchois-le-bocal\/","title":{"rendered":"Filets d&#8217;anchois \u00e0 l&#8217;huile le bocal de 100g"},"content":{"rendered":"<p>Conserverie espagnole<\/p>\n<p>39740 SANTONA CANTABRIA<\/p>\n","protected":false},"excerpt":{"rendered":"<p>Filet d&#8217;anchois l<span class=\"cd-ProductPageTitle cd-span-h1\">a Monegasque<\/span> . Sur un toast, en salade, sur une pizza, \u00e0 l&#8217;ap\u00e9ritif ou tel quel : quoi de plus d\u00e9licieux qu&#8217;un petit anchois ?<\/p>\n<p>Ingr\u00e9dients : <strong>Anchois<\/strong>, huile de tournesol, sel<\/p>\n<p>&nbsp;<\/p>\n","protected":false},"featured_media":10799,"comment_status":"closed","ping_status":"closed","template":"","meta":{"spay_email":"","jetpack_publicize_message":"","jetpack_is_tweetstorm":false},"jetpack_publicize_connections":[],"jetpack_sharing_enabled":true,"jetpack-related-posts":[{"id":6164,"url":"https:\/\/www.passionfruits.fr\/index.php\/produit\/tapenade-creme-anchoiade-le-pot\/","url_meta":{"origin":6474,"position":0},"title":"Tapenade - Cr\u00e8me ancho\u00efade verrine 90g","date":"7 d\u00e9cembre 2015","format":false,"excerpt":"Produit incontournable de la gastronomie locale ! D\u00e9licieux sur toasts. Ingr\u00e9dients : p\u00e2te d'anchois 42% (anchois sal\u00e9s 82%, huile de tournesol, vinaigre de vin, sel, \u00e9pices : curry, poivre, muscade, girofle, cannelle), huile de tournesol, huile d'olive, c\u00e2pres, ail, vinaigre de vin, jus de citron concentr\u00e9, poivre. Sans conservateur, sans\u2026","rel":"","context":"Article similaire","img":{"alt_text":"","src":"https:\/\/i2.wp.com\/www.passionfruits.fr\/wp-content\/uploads\/2015\/12\/creme-d-anchoiade.jpg?fit=458%2C458&ssl=1&resize=350%2C200","width":350,"height":200},"classes":[]},{"id":6159,"url":"https:\/\/www.passionfruits.fr\/index.php\/produit\/tapenade-tapenade-noire-le-pot\/","url_meta":{"origin":6474,"position":1},"title":"Tapenade - Tapenade noire verrine 90g","date":"7 d\u00e9cembre 2015","format":false,"excerpt":"La recette traditionnelle de la Tapenade noire, elle est le produit incontournable sur vos toasts, ou en cuisine ! Ingr\u00e9dients : olives noires 82%, c\u00e2pres 6%, huile d'olive, p\u00e2te d'anchois (anchois sal\u00e9s 82%, huile d'olive, vinaigre de vin, sel, poivre, girofle), vinaigre de vin, ail, poivre Sans conservateur, sans OGM\u2026","rel":"","context":"Article similaire","img":{"alt_text":"","src":"https:\/\/i2.wp.com\/www.passionfruits.fr\/wp-content\/uploads\/2015\/12\/tapenade-noire-aux-olives-de-pays.jpg?fit=458%2C458&ssl=1&resize=350%2C200","width":350,"height":200},"classes":[]},{"id":6161,"url":"https:\/\/www.passionfruits.fr\/index.php\/produit\/tapenade-tapenade-verte-le-pot\/","url_meta":{"origin":6474,"position":2},"title":"Tapenade - Tapenade verte verrine 90g","date":"7 d\u00e9cembre 2015","format":false,"excerpt":"La recette traditionnelle de la Tapenade verte, elle est le produit incontournable sur vos toasts ap\u00e9ritif, ou en cuisine. Ingr\u00e9dients : olives vertes 82%, c\u00e2pres 6%, huile d'olive, p\u00e2te d'anchois (anchois sal\u00e9s 82%, huile d'olive, vinaigre de vin, sel, poivre, girofle), vinaigre de vin, ail, poivre Sans conservateur, sans OGM\u2026","rel":"","context":"Article similaire","img":{"alt_text":"","src":"https:\/\/i2.wp.com\/www.passionfruits.fr\/wp-content\/uploads\/2015\/12\/tapenade-verte.jpg?fit=458%2C458&ssl=1&resize=350%2C200","width":350,"height":200},"classes":[]},{"id":10923,"url":"https:\/\/www.passionfruits.fr\/index.php\/produit\/huile-de-colza-la-bouteille-75-cl\/","url_meta":{"origin":6474,"position":3},"title":"Huile de Colza Eure et Loir la bouteille 75 cl","date":"10 ao\u00fbt 2017","format":false,"excerpt":"Premi\u00e8re pression extraite \u00e0 froid 100 % Huile vierge Huile v\u00e9g\u00e9tale pour assaisonnement Production artisanale, graines cultiv\u00e9es, filtr\u00e9es press\u00e9es \u00e0 la ferme dans le respect de l'environnement.","rel":"","context":"Article similaire","img":{"alt_text":"","src":"https:\/\/i2.wp.com\/www.passionfruits.fr\/wp-content\/uploads\/2017\/08\/Huile-de-Colza.jpg?fit=500%2C500&ssl=1&resize=350%2C200","width":350,"height":200},"classes":[]},{"id":11706,"url":"https:\/\/www.passionfruits.fr\/index.php\/produit\/vinaigrette-a-l-huile-d-olive-et-citron-la-bouteille-de-500-ml\/","url_meta":{"origin":6474,"position":4},"title":"Vinaigrette \u00e0 l\u2019 huile d' olive et citron la bouteille de 500 ml","date":"14 f\u00e9vrier 2018","format":false,"excerpt":"Sauce Vinaigrette \u00e0 l\u2019 huile d' olive et citron Jean d\u2019Audignac. Excellente vinaigrette pour assaisonner les salades et crudit\u00e9s. Ingr\u00e9dients : huile de tournesol 40%, eau, vinaigre de vin blanc*, huile d'olive 10%, moutarde de Dijon* (graine de moutarde, vinaigre d'alcool, eau, sel), sel, orange 1.5% citron 1.5%. * contient\u2026","rel":"","context":"Article similaire","img":{"alt_text":"","src":"https:\/\/i1.wp.com\/www.passionfruits.fr\/wp-content\/uploads\/2018\/02\/Vinaigrette-olive-citron.jpg?fit=600%2C600&ssl=1&resize=350%2C200","width":350,"height":200},"classes":[]},{"id":5905,"url":"https:\/\/www.passionfruits.fr\/index.php\/produit\/huile-dolive-la-bouteille75cl\/","url_meta":{"origin":6474,"position":5},"title":"Huile d'olive Vierge extra la bouteille de 75cl","date":"7 d\u00e9cembre 2015","format":false,"excerpt":"","rel":"","context":"Article similaire","img":{"alt_text":"","src":"https:\/\/i1.wp.com\/www.passionfruits.fr\/wp-content\/uploads\/2015\/12\/huile-olive2.jpg?fit=600%2C600&ssl=1&resize=350%2C200","width":350,"height":200},"classes":[]}],"_links":{"self":[{"href":"https:\/\/www.passionfruits.fr\/index.php\/wp-json\/wp\/v2\/product\/6474"}],"collection":[{"href":"https:\/\/www.passionfruits.fr\/index.php\/wp-json\/wp\/v2\/product"}],"about":[{"href":"https:\/\/www.passionfruits.fr\/index.php\/wp-json\/wp\/v2\/types\/product"}],"replies":[{"embeddable":true,"href":"https:\/\/www.passionfruits.fr\/index.php\/wp-json\/wp\/v2\/comments?post=6474"}],"wp:featuredmedia":[{"embeddable":true,"href":"https:\/\/www.passionfruits.fr\/index.php\/wp-json\/wp\/v2\/media\/10799"}],"wp:attachment":[{"href":"https:\/\/www.passionfruits.fr\/index.php\/wp-json\/wp\/v2\/media?parent=6474"}],"curies":[{"name":"wp","href":"https:\/\/api.w.org\/{rel}","templated":true}]}}