{"id":6903,"date":"2015-12-11T09:35:50","date_gmt":"2015-12-11T08:35:50","guid":{"rendered":"http:\/\/www.andreclaude.fr\/web\/?post_type=product&#038;p=6903"},"modified":"2026-01-30T11:38:01","modified_gmt":"2026-01-30T10:38:01","slug":"figuette-andalousie-les-500-grs","status":"publish","type":"product","link":"https:\/\/www.passionfruits.fr\/index.php\/produit\/figuette-andalousie-les-500-grs\/","title":{"rendered":"Figuette Andalousie Cat 1  les 500g"},"content":{"rendered":"<p>Origine ; Espagne<\/p>\n","protected":false},"excerpt":{"rendered":"<div id=\"short_description_block\">\n<div id=\"short_description_content\" class=\"rte align_justify\">\n<p>Figuettes s\u00e9ch\u00e9es sans sucre ajout\u00e9, sans conservateur ni colorant.Petite figue s\u00e9ch\u00e9e naturellement au soleil d&#8217;Andalousie.<\/p>\n<p>Ingr\u00e9dients : Figues s\u00e9ch\u00e9es, farine de riz<\/p>\n<\/div>\n<\/div>\n","protected":false},"featured_media":7997,"comment_status":"closed","ping_status":"closed","template":"","meta":{"spay_email":"","jetpack_publicize_message":"","jetpack_is_tweetstorm":false},"jetpack_publicize_connections":[],"jetpack_sharing_enabled":true,"jetpack-related-posts":[{"id":6450,"url":"https:\/\/www.passionfruits.fr\/index.php\/produit\/figue-seche-les-250-grs\/","url_meta":{"origin":6903,"position":0},"title":"Figue s\u00e8che Turquie Cat 1 les 250g","date":"7 d\u00e9cembre 2015","format":false,"excerpt":"Ingr\u00e9dients : Figue s\u00e9ch\u00e9e Valeurs \u00e9nerg\u00e9tiques et nutritionnelles moyennes pour 100 g: Energie 1148kj\/271kcal Graisses 2.8g dont acides gras satur\u00e9s 0.4g Glucides 58g dont sucres 49g Fibres alimentaires : 13.5g Prot\u00e9ines 3.6g Sel 0.15g","rel":"","context":"Article similaire","img":{"alt_text":"","src":"https:\/\/i1.wp.com\/www.passionfruits.fr\/wp-content\/uploads\/2015\/12\/figues-seches.jpg?fit=600%2C600&ssl=1&resize=350%2C200","width":350,"height":200},"classes":[]},{"id":6016,"url":"https:\/\/www.passionfruits.fr\/index.php\/produit\/tomate-sechee-le-pot\/","url_meta":{"origin":6903,"position":1},"title":"Tomate s\u00e9ch\u00e9e Italienne le pot de 280 g","date":"7 d\u00e9cembre 2015","format":false,"excerpt":"Des tomates s\u00e9ch\u00e9es dans la plus pure tradition italienne. En ap\u00e9ritif ou pour accompagner tous vos plats et surtout toutes les salades. La tomate s\u00e9ch\u00e9e pour personnaliser vos recettes (ap\u00e9ritifs d\u00eenatoires, cakes sal\u00e9s, quiches, etc...). Ingr\u00e9dients : tomates s\u00e9ch\u00e9es 64%, huile de tournesol, vinaigre de vin blanc, c\u00e2pres, sel, \u00e9pices\u2026","rel":"","context":"Article similaire","img":{"alt_text":"","src":"https:\/\/i0.wp.com\/www.passionfruits.fr\/wp-content\/uploads\/2015\/12\/tomate-sechee-1.jpg?fit=599%2C600&ssl=1&resize=350%2C200","width":350,"height":200},"classes":[]},{"id":6162,"url":"https:\/\/www.passionfruits.fr\/index.php\/produit\/tapenade-tomates-sechees-le-pot\/","url_meta":{"origin":6903,"position":2},"title":"Tapenade - Tomates s\u00e9ch\u00e9es verrine 90g","date":"7 d\u00e9cembre 2015","format":false,"excerpt":"Le D\u00e9lice de tomates s\u00e9ch\u00e9es est caract\u00e9ris\u00e9\u00a0par une robe sombre et un moelleux flatteur en bouche. Ingr\u00e9dients : tomates s\u00e9ch\u00e9es 45%, huile de tournesol, tomates pel\u00e9es, huile d'olive, eau, ail, mozzarella, poivre. Sans conservateur, sans OGM Valeurs nutritionnelles moyennes pour 100 g Energie : 2015kj\/487kcal Mati\u00e8res grasses : 43.2 g\u2026","rel":"","context":"Article similaire","img":{"alt_text":"","src":"https:\/\/i1.wp.com\/www.passionfruits.fr\/wp-content\/uploads\/2015\/12\/delice-de-tomates-sechees.jpg?fit=458%2C458&ssl=1&resize=350%2C200","width":350,"height":200},"classes":[]},{"id":18130,"url":"https:\/\/www.passionfruits.fr\/index.php\/produit\/girolles-sechees-30grs\/","url_meta":{"origin":6903,"position":3},"title":"Girolles s\u00e9ch\u00e9es 30grs","date":"22 juin 2021","format":false,"excerpt":"Pr\u00e9paration: R\u00e9hydrater 30mm dans l\u2019eau bouillante. Cuire comme des champignons frais. Ingr\u00e9dients : Girolles s\u00e9ch\u00e9es Sans OGM, sans ingr\u00e9dients ionis\u00e9s, sans allerg\u00e8nes. Valeurs nutritionnelles moyennes pour 100grs : -Energie: 1111kj\/267 kcal -Mati\u00e8res grasses 5g dont acides gras satur\u00e9s 1g -Glucides 17.6g dont sucres 11g , prot\u00e9ines 19g , fibres 38g\u2026","rel":"","context":"Article similaire","img":{"alt_text":"","src":"https:\/\/i1.wp.com\/www.passionfruits.fr\/wp-content\/uploads\/2021\/06\/champignons_s_ch_s_-_girolles_copier_copier_.jpg?fit=600%2C600&ssl=1&resize=350%2C200","width":350,"height":200},"classes":[]},{"id":5269,"url":"https:\/\/www.passionfruits.fr\/index.php\/produit\/champignon-morille-sechee-les-100grs\/","url_meta":{"origin":6903,"position":4},"title":"Champignon Morille s\u00e9ch\u00e9e Canada Cat 1 les 100g","date":"7 d\u00e9cembre 2015","format":false,"excerpt":"La morille a une saveur de noisette aux riches ar\u00f4mes bois\u00e9s. Son bouquet et sa raret\u00e9 en font l'un des champignons les plus recherch\u00e9s des gastronomes. R\u00e9hydratez 2 heures dans de l'eau ti\u00e8de puis rincez abondamment. Puis la cuisiner comme une morille fra\u00eeche.","rel":"","context":"Article similaire","img":{"alt_text":"","src":"https:\/\/i1.wp.com\/www.passionfruits.fr\/wp-content\/uploads\/2015\/12\/morille.jpg?fit=600%2C600&ssl=1&resize=350%2C200","width":350,"height":200},"classes":[]},{"id":6440,"url":"https:\/\/www.passionfruits.fr\/index.php\/produit\/tapenade-chevre-et-tomate-le-pot\/","url_meta":{"origin":6903,"position":5},"title":"Tapenade - Ch\u00e8vre et tomate verrine 90g","date":"7 d\u00e9cembre 2015","format":false,"excerpt":"Une alliance d\u00e9licate entre l'onctuosit\u00e9 cr\u00e9meuse du ch\u00e8vre et la saveur raffin\u00e9e de la tomate s\u00e9ch\u00e9e. Comblera le plus avis\u00e9 des gastronomes. Ingr\u00e9dients : fromage blanc, fromage de ch\u00e8vre 22% tomates s\u00e9ch\u00e9es 16%, tomates pel\u00e9es concass\u00e9es, ail, sel, origan, amidon transform\u00e9, poivre blanc. Sans conservateur, sans OGM Valeurs nutritionnelles moyennes\u2026","rel":"","context":"Article similaire","img":{"alt_text":"","src":"https:\/\/i2.wp.com\/www.passionfruits.fr\/wp-content\/uploads\/2015\/12\/delice-de-chevre.jpg?fit=458%2C458&ssl=1&resize=350%2C200","width":350,"height":200},"classes":[]}],"_links":{"self":[{"href":"https:\/\/www.passionfruits.fr\/index.php\/wp-json\/wp\/v2\/product\/6903"}],"collection":[{"href":"https:\/\/www.passionfruits.fr\/index.php\/wp-json\/wp\/v2\/product"}],"about":[{"href":"https:\/\/www.passionfruits.fr\/index.php\/wp-json\/wp\/v2\/types\/product"}],"replies":[{"embeddable":true,"href":"https:\/\/www.passionfruits.fr\/index.php\/wp-json\/wp\/v2\/comments?post=6903"}],"wp:featuredmedia":[{"embeddable":true,"href":"https:\/\/www.passionfruits.fr\/index.php\/wp-json\/wp\/v2\/media\/7997"}],"wp:attachment":[{"href":"https:\/\/www.passionfruits.fr\/index.php\/wp-json\/wp\/v2\/media?parent=6903"}],"curies":[{"name":"wp","href":"https:\/\/api.w.org\/{rel}","templated":true}]}}