{"id":7899,"date":"2016-01-29T21:10:50","date_gmt":"2016-01-29T20:10:50","guid":{"rendered":"http:\/\/www.andreclaude.fr\/web\/?post_type=product&#038;p=7899"},"modified":"2023-08-22T09:01:27","modified_gmt":"2023-08-22T08:01:27","slug":"recharge-poivres-melange-4-baies-120g","status":"publish","type":"product","link":"https:\/\/www.passionfruits.fr\/index.php\/produit\/recharge-poivres-melange-4-baies-120g\/","title":{"rendered":"Recharge 4 poivres m\u00e9lange et baies 120g"},"content":{"rendered":"<p>Distribu\u00e9 par<\/p>\n<p>SDP<\/p>\n<p><span class=\"LrzXr\">8 Rue des Oliviers, <\/span><\/p>\n<p><span class=\"LrzXr\">94310 Orly<\/span><\/p>\n","protected":false},"excerpt":{"rendered":"<p>Composition : poivre noir, poivre blanc, poivre vert, baies roses\u00a0 Procure un go\u00fbt chaleureux, aromatique et piquant.\u00a0Son utilisation est incontournable pour relever le go\u00fbt des aliments.<\/p>\n<p>&nbsp;<\/p>\n","protected":false},"featured_media":7900,"comment_status":"closed","ping_status":"closed","template":"","meta":{"spay_email":"","jetpack_publicize_message":"","jetpack_is_tweetstorm":false},"jetpack_publicize_connections":[],"jetpack_sharing_enabled":true,"jetpack-related-posts":[{"id":5760,"url":"https:\/\/www.passionfruits.fr\/index.php\/produit\/brie-au-poivre-part-env-200-grs\/","url_meta":{"origin":7899,"position":0},"title":"Brie au poivre part environ 200 grs","date":"7 d\u00e9cembre 2015","format":false,"excerpt":"Sa texture est proche du brie mais l\u00e9g\u00e8rement plus ferme. Par contre son go\u00fbt est vraiment parfum\u00e9 dut \u00e0 son affinage. Sa cro\u00fbte contient le poivre ce qui lui rend un parfum irr\u00e9sistible pour les amateurs de poivre. Ingr\u00e9dients : lait de vache pasteuris\u00e9 ( origine UE ), poivre 2.5%,\u2026","rel":"","context":"Article similaire","img":{"alt_text":"","src":"https:\/\/i0.wp.com\/www.passionfruits.fr\/wp-content\/uploads\/2015\/12\/brie-au-poivre.jpg?fit=354%2C456&ssl=1&resize=350%2C200","width":350,"height":200},"classes":[]},{"id":7891,"url":"https:\/\/www.passionfruits.fr\/index.php\/produit\/moulin-aux-3-poivres-noir-blanc-et-vert\/","url_meta":{"origin":7899,"position":1},"title":"Moulin aux 3 poivres noir blanc et vert 125g","date":"29 janvier 2016","format":false,"excerpt":"Le Moulin 3 Poivres propose une association subtile et \u00e9quilibr\u00e9e de poivre noir, de poivre blanc et de poivre vert . Un m\u00e9lange in\u00e9dit pour varier les plaisirs du poivre. Pratique \u00e0 table comme en cuisine, il vous permettra d\u2019appr\u00e9cier pleinement la qualit\u00e9 des ingr\u00e9dients fra\u00eechement moulus.","rel":"","context":"Article similaire","img":{"alt_text":"","src":"https:\/\/i0.wp.com\/www.passionfruits.fr\/wp-content\/uploads\/2016\/01\/moulin-poivre.jpg?fit=600%2C600&ssl=1&resize=350%2C200","width":350,"height":200},"classes":[]},{"id":17728,"url":"https:\/\/www.passionfruits.fr\/index.php\/produit\/moulin-poivre-noir-de-malabar-50g\/","url_meta":{"origin":7899,"position":2},"title":"Moulin Poivre noir de Malabar 50g","date":"19 mars 2021","format":false,"excerpt":"Pratique \u00e0 table comme en cuisine, il vous permettra d\u2019appr\u00e9cier pleinement la qualit\u00e9 des ingr\u00e9dients fra\u00eechement moulus. Ingr\u00e9dient : poivre de Malabar","rel":"","context":"Article similaire","img":{"alt_text":"","src":"https:\/\/i0.wp.com\/www.passionfruits.fr\/wp-content\/uploads\/2021\/03\/poivre50g.jpg?fit=600%2C600&ssl=1&resize=350%2C200","width":350,"height":200},"classes":[]},{"id":11716,"url":"https:\/\/www.passionfruits.fr\/index.php\/produit\/sauce-au-poivre-vert-le-pot-de-90-grs\/","url_meta":{"origin":7899,"position":3},"title":"Sauce au Poivre vert le pot de 90 grs","date":"14 f\u00e9vrier 2018","format":false,"excerpt":"","rel":"","context":"Article similaire","img":{"alt_text":"","src":"https:\/\/i0.wp.com\/www.passionfruits.fr\/wp-content\/uploads\/2018\/02\/poivre-vert.jpg?fit=600%2C600&ssl=1&resize=350%2C200","width":350,"height":200},"classes":[]},{"id":17777,"url":"https:\/\/www.passionfruits.fr\/index.php\/produit\/moutarde-au-poivre-vert-le-pot-de-200g\/","url_meta":{"origin":7899,"position":4},"title":"Moutarde au poivre vert le pot de 200g","date":"21 mars 2021","format":false,"excerpt":"Ingr\u00e9dients : Graine de\u00a0moutarde, eau, vinaigre, sel, sucre,\u00a0poivre vert\u00a07.5% conservateur :\u00a0sulfite, acide de sodium Valeurs nutritionnelles moyennes pour 100g Energie :\u00a0808kj\/194kcal Mati\u00e8res grasses\u00a013.3g dont acides gras satur\u00e9s\u00a00.8g Glucides\u00a09.7g dont sucres\u00a05.3g Fibres alimentaires\u00a01.2g Prot\u00e9ines\u00a08.3g Sel\u00a05.1g Distrazur 26780 Malataverne","rel":"","context":"Article similaire","img":{"alt_text":"","src":"https:\/\/i2.wp.com\/www.passionfruits.fr\/wp-content\/uploads\/2021\/03\/Moutarde563.jpg?fit=640%2C480&ssl=1&resize=350%2C200","width":350,"height":200},"classes":[]},{"id":9859,"url":"https:\/\/www.passionfruits.fr\/index.php\/produit\/chevre-poivre-noir-la-piece-env-100g\/","url_meta":{"origin":7899,"position":5},"title":"Ch\u00e8vre Perche blanc Poivre de la r\u00e9gion la pi\u00e8ce","date":"11 d\u00e9cembre 2016","format":false,"excerpt":"id\u00e9al pour d\u00e9corer votre plateau de fromages. FROMAGES M\u00c9DAILL\u00c9S Le 21 juin 2017, concours r\u00e9gional de fromages au ch\u00e2teau de Selles-Sur-Cher. 7 m\u00e9dailles re\u00e7ues pour 7 fromages pr\u00e9sent\u00e9s. Le Tr\u00e8ffle m\u00e9daille d'argent. La Pyramide m\u00e9daille d'argent ex-aequo. Le Petit Perche au poivre m\u00e9daille de bronze. Le Petit Perche persillade m\u00e9daille\u2026","rel":"","context":"Article similaire","img":{"alt_text":"","src":"https:\/\/i0.wp.com\/www.passionfruits.fr\/wp-content\/uploads\/2016\/12\/chevre-aromatise.jpg?fit=591%2C600&ssl=1&resize=350%2C200","width":350,"height":200},"classes":[]}],"_links":{"self":[{"href":"https:\/\/www.passionfruits.fr\/index.php\/wp-json\/wp\/v2\/product\/7899"}],"collection":[{"href":"https:\/\/www.passionfruits.fr\/index.php\/wp-json\/wp\/v2\/product"}],"about":[{"href":"https:\/\/www.passionfruits.fr\/index.php\/wp-json\/wp\/v2\/types\/product"}],"replies":[{"embeddable":true,"href":"https:\/\/www.passionfruits.fr\/index.php\/wp-json\/wp\/v2\/comments?post=7899"}],"wp:featuredmedia":[{"embeddable":true,"href":"https:\/\/www.passionfruits.fr\/index.php\/wp-json\/wp\/v2\/media\/7900"}],"wp:attachment":[{"href":"https:\/\/www.passionfruits.fr\/index.php\/wp-json\/wp\/v2\/media?parent=7899"}],"curies":[{"name":"wp","href":"https:\/\/api.w.org\/{rel}","templated":true}]}}